000
CXUS53 KFGF 260915
CF6GFK
PRELIMINARY LOCAL CLIMATOLOGICAL DATA (WS FORM: F-6)

                                          STATION:   GRAND FORKS INTL AP ND
                                          MONTH:     NOVEMBER
                                          YEAR:      2014
                                          LATITUDE:   47 57 N
                                          LONGITUDE:  97 11 W

  TEMPERATURE IN F:       :PCPN:    SNOW:  WIND      :SUNSHINE: SKY     :PK WND
================================================================================
1   2   3   4   5  6A  6B    7    8   9   10  11  12  13   14  15   16   17  18
                                     12Z  AVG MX 2MIN
DY MAX MIN AVG DEP HDD CDD  WTR  SNW DPTH SPD SPD DIR MIN PSBL S-S WX    SPD DR
================================================================================

 1  49  30  40   5  25   0 0.00  0.0    0 20.0 30 180   M    M   3        38 180
 2  54  37  46  12  19   0 0.00  0.0    0 13.0 22 180   M    M   5        26 160
 3  51  35  43   9  22   0 0.00  0.0    0 11.3 25 310   M    M   7        31 300
 4  43  24  34   1  31   0 0.00  0.0    0 10.0 25 300   M    M   9        32 310
 5  38  23  31  -1  34   0 0.06  0.6    0  5.1 13 350   M    M  10 1      17 350
 6  44  25  35   3  30   0 0.00  0.0    0  6.6 14 160   M    M   7        18 160
 7  54  33  44  13  21   0 0.08  0.0    0 21.1 41 340   M    M  10 1      51 330
 8  39  25  32   1  33   0 0.03  0.2    0 10.7 23 330   M    M   9 1      29 320
 9  30  17  24  -6  41   0 0.00  0.0    M  7.1 16 340   M    M   7 8      21 350
10  22  18  20  -9  45   0    T    T    M 11.2 23 360   M    M   9 18     26  10
11  24  16  20  -9  45   0    T    T    T 12.8 18 340   M    M   7 18     22 340
12  25  18  22  -6  43   0 0.03  0.4    T 18.1 29 350   M    M  10 18     36 350
13  22   5  14 -14  51   0    T    T    T 11.6 18 330   M    M   5 8      23 320
14  22   2  12 -15  53   0 0.00  0.0    T  7.0 13 270   M    M   1        16 240
15  24  -1  12 -14  53   0 0.00  0.0    M  7.6 17 270   M    M   1        21 270
16  23   7  15 -11  50   0 0.03  1.3    M 16.7 30 340   M    M   7 1289   37 340
17  16   5  11 -14  54   0    T    T    1 15.9 26 330   M    M   7 18     33 330
18  24  10  17  -7  48   0 0.01  0.2    1 11.5 26 330   M    M   9        35 330
19  25   1  13 -11  52   0    T    T    1 15.5 29 320   M    M   6        36 320
20  20  -2   9 -14  56   0 0.00  0.0    1  7.2 16 190   M    M   1        20 190
21  36  13  25   2  40   0 0.00  0.0    1 18.0 26 180   M    M   5        32 180
22  43  17  30   8  35   0 0.00  0.0    0  8.2 20 180   M    M   4 1      24 180
23  45  15  30   9  35   0    T    T    0 15.2 28 340   M    M   9 16     37 350
24  19   4  12  -9  53   0    T  0.1    T 17.7 30 340   M    M   6 1      38 350
25  22   9  16  -4  49   0 0.02  0.6    1  8.4 21  10   M    M  10 1      24 360
================================================================================
SM  814  386      1018   0  0.26     3.4 307.5          M      164
================================================================================
AV 32.6 15.4                              12.3 FASTST   M    M   7    MAX(MPH)
                                 MISC ---->  # 41 340               # 51  330
================================================================================
NOTES:
# LAST OF SEVERAL OCCURRENCES

COLUMN 17 PEAK WIND IN M.P.H.

PRELIMINARY LOCAL CLIMATOLOGICAL DATA (WS FORM: F-6) , PAGE 2

                                          STATION:  GRAND FORKS INTL AP ND
                                          MONTH:    NOVEMBER
                                          YEAR:     2014
                                          LATITUDE:   47 57 N
                                          LONGITUDE:  97 11 W

[TEMPERATURE DATA]      [PRECIPITATION DATA]       SYMBOLS USED IN COLUMN 16

AVERAGE MONTHLY: 24.0   TOTAL FOR MONTH:   0.26    1 = FOG OR MIST
DPTR FM NORMAL:  -3.5   DPTR FM NORMAL:   -0.58    2 = FOG REDUCING VISIBILITY
HIGHEST:    54 ON  7, 2 GRTST 24HR  0.08 ON  7- 7      TO 1/4 MILE OR LESS
LOWEST:     -2 ON 20                               3 = THUNDER
                        SNOW, ICE PELLETS, HAIL    4 = ICE PELLETS
                        TOTAL MONTH:   3.4 INCHES  5 = HAIL
                        GRTST 24HR   1.3 ON   M    6 = FREEZING RAIN OR DRIZZLE
                        GRTST DEPTH:   1 ON 25,21  7 = DUSTSTORM OR SANDSTORM:
                                                       VSBY 1/2 MILE OR LESS
                                                   8 = SMOKE OR HAZE
[NO. OF DAYS WITH]      [WEATHER - DAYS WITH]      9 = BLOWING SNOW
                                                   X = TORNADO
MAX 32 OR BELOW:  14    0.01 INCH OR MORE:   7
MAX 90 OR ABOVE:   0    0.10 INCH OR MORE:   0
MIN 32 OR BELOW:  22    0.50 INCH OR MORE:   0
MIN  0 OR BELOW:   2    1.00 INCH OR MORE:   0

[HDD (BASE 65) ]
TOTAL THIS MO.  1018    CLEAR  (SCALE 0-3)   4
DPTR FM NORMAL    81    PTCLDY (SCALE 4-7)  12
TOTAL FM JUL 1  1841    CLOUDY (SCALE 8-10)  9
DPTR FM NORMAL  -127

[CDD (BASE 65) ]
TOTAL THIS MO.     0
DPTR FM NORMAL     0    [PRESSURE DATA]
TOTAL FM JAN 1   395    HIGHEST SLP M ON M
DPTR FM NORMAL    16    LOWEST  SLP 29.36 ON 23

[REMARKS]
