000
CXUS53 KFGF 290915
CF6GFK
PRELIMINARY LOCAL CLIMATOLOGICAL DATA (WS FORM: F-6)

                                          STATION:   GRAND FORKS INTL AP ND
                                          MONTH:     MAY
                                          YEAR:      2017
                                          LATITUDE:   47 57 N
                                          LONGITUDE:  97 11 W

  TEMPERATURE IN F:       :PCPN:    SNOW:  WIND      :SUNSHINE: SKY     :PK WND
================================================================================
1   2   3   4   5  6A  6B    7    8   9   10  11  12  13   14  15   16   17  18
                                     12Z  AVG MX 2MIN
DY MAX MIN AVG DEP HDD CDD  WTR  SNW DPTH SPD SPD DIR MIN PSBL S-S WX    SPD DR
================================================================================

 1  62  32  47  -2  18   0 0.00  0.0    0  9.7 22  30   M    M   6        26  20
 2  70  41  56   6   9   0 0.00  0.0    0  5.9 22 220   M    M   7        26 220
 3  68  45  57   7   8   0    T  0.0    0 10.5 23 330   M    M   5        27 330
 4  75  40  58   7   7   0 0.00  0.0    0  8.0 18 300   M    M   3        25 310
 5  81  46  64  13   1   0 0.00  0.0    0 11.5 26 360   M    M   2        35  10
 6  75  40  58   7   7   0 0.00  0.0    0  8.4 22  70   M    M   4        26  70
 7  77  49  63  11   2   0 0.00  0.0    0 14.2 24 110   M    M   4        29 100
 8  73  50  62  10   3   0 0.28  0.0    0 12.3 29 140   M    M   7 13     35 150
 9  71  42  57   5   8   0 0.00  0.0    0 11.4 23 300   M    M   4        30 300
10  58  36  47  -6  18   0 0.00  0.0    0  9.2 18 350   M    M   7        23 340
11  71  32  52  -1  13   0 0.00  0.0    0  4.1 13 210   M    M   2        15 230
12  70  40  55   1  10   0    T  0.0    0  9.9 17  30   M    M   3        24  30
13  80  39  60   6   5   0 0.00  0.0    0 15.1 28  90   M    M   2        35  90
14  79  55  67  13   0   2 0.10  0.0    0  9.9 26 100   M    M   6        33 110
15  81  49  65  11   0   0 0.00  0.0    0  8.5 16  50   M    M   6        25  30
16  65  47  56   1   9   0    T  0.0    0  9.3 25 360   M    M   7        30 340
17  61  46  54  -1  11   0 0.00  0.0    0 20.9 33  10   M    M   7        38  10
18  64  36  50  -6  15   0 0.00  0.0    0 16.1 25 350   M    M   4        31 350
19  65  32  49  -7  16   0 0.00  0.0    0  7.4 16  80   M    M   7        21  90
20  57  43  50  -6  15   0 0.26  0.0    0 11.0 22 100   M    M   8 1      26  60
21  55  40  48  -8  17   0 0.23  0.0    0 12.7 22 330   M    M   9 18     26 340
22  56  46  51  -6  14   0 0.08  0.0    0 14.0 24 340   M    M  10 1      29 340
23  65  43  54  -3  11   0    T  0.0    0 13.6 24  50   M    M   8        32  20
24  71  37  54  -4  11   0 0.00  0.0    0 11.9 26 150   M    M   3        34 140
25  70  49  60   2   5   0 0.00  0.0    0 17.3 36 150   M    M   6        42 150
26  71  45  58   0   7   0 0.00  0.0    0 11.9 23 260   M    M   3        28 260
27  78  47  63   5   2   0 0.02  0.0    0 12.7 35 310   M    M   4        44 310
28  69  49  59   0   6   0 0.08  0.0    0 13.1 33 330   M    M   8 13     41 340
================================================================================
SM 1938 1196       248   2  1.05     0.0 320.5          M      152
================================================================================
AV 69.2 42.7                              11.4 FASTST   M    M   5    MAX(MPH)
                                 MISC ---->  # 36 150               # 44  310
================================================================================
NOTES:
# LAST OF SEVERAL OCCURRENCES

COLUMN 17 PEAK WIND IN M.P.H.

PRELIMINARY LOCAL CLIMATOLOGICAL DATA (WS FORM: F-6) , PAGE 2

                                          STATION:  GRAND FORKS INTL AP ND
                                          MONTH:    MAY
                                          YEAR:     2017
                                          LATITUDE:   47 57 N
                                          LONGITUDE:  97 11 W

[TEMPERATURE DATA]      [PRECIPITATION DATA]       SYMBOLS USED IN COLUMN 16

AVERAGE MONTHLY: 56.0   TOTAL FOR MONTH:   1.05    1 = FOG OR MIST
DPTR FM NORMAL:   1.7   DPTR FM NORMAL:   -1.32    2 = FOG REDUCING VISIBILITY
HIGHEST:    81 ON 15, 5 GRTST 24HR  0.28 ON  8- 8      TO 1/4 MILE OR LESS
LOWEST:     32 ON 19,11                            3 = THUNDER
                        SNOW, ICE PELLETS, HAIL    4 = ICE PELLETS
                        TOTAL MONTH:   0.0 INCH    5 = HAIL
                        GRTST 24HR     0.0         6 = FREEZING RAIN OR DRIZZLE
                        GRTST DEPTH:   0           7 = DUSTSTORM OR SANDSTORM:
                                                       VSBY 1/2 MILE OR LESS
                                                   8 = SMOKE OR HAZE
[NO. OF DAYS WITH]      [WEATHER - DAYS WITH]      9 = BLOWING SNOW
                                                   X = TORNADO
MAX 32 OR BELOW:   0    0.01 INCH OR MORE:   7
MAX 90 OR ABOVE:   0    0.10 INCH OR MORE:   4
MIN 32 OR BELOW:   3    0.50 INCH OR MORE:   0
MIN  0 OR BELOW:   0    1.00 INCH OR MORE:   0

[HDD (BASE 65) ]
TOTAL THIS MO.   248    CLEAR  (SCALE 0-3)   4
DPTR FM NORMAL   -66    PTCLDY (SCALE 4-7)  21
TOTAL FM JUL 1  7995    CLOUDY (SCALE 8-10)  3
DPTR FM NORMAL -1397

[CDD (BASE 65) ]
TOTAL THIS MO.     2
DPTR FM NORMAL   -11    [PRESSURE DATA]
TOTAL FM JAN 1     2    HIGHEST SLP M ON M
DPTR FM NORMAL   -12    LOWEST  SLP 29.48 ON 25

[REMARKS]
