000
CXUS55 KGJT 301000
CF6GJT
PRELIMINARY LOCAL CLIMATOLOGICAL DATA (WS FORM: F-6)

                                          STATION:   GRAND JUNCTION CO
                                          MONTH:     JULY
                                          YEAR:      2016
                                          LATITUDE:   39  7 N
                                          LONGITUDE: 108 32 W

  TEMPERATURE IN F:       :PCPN:    SNOW:  WIND      :SUNSHINE: SKY     :PK WND
================================================================================
1   2   3   4   5  6A  6B    7    8   9   10  11  12  13   14  15   16   17  18
                                     12Z  AVG MX 2MIN
DY MAX MIN AVG DEP HDD CDD  WTR  SNW DPTH SPD SPD DIR MIN PSBL S-S WX    SPD DR
================================================================================

 1  72  61  67 -10   0   2 0.17  0.0    0  5.8 20 320   M    M   8 13     23 320
 2  83  59  71  -6   0   6 0.05  0.0    0  6.4 22 160   M    M   5 13     26 160
 3  83  62  73  -4   0   8    T  0.0    0  7.5 22 130   M    M   3        26 130
 4  91  58  75  -2   0  10 0.00  0.0    0  7.4 15 110   M    M   0        19 120
 5  95  67  81   3   0  16 0.00  0.0    0  8.3 22 120   M    M   1        26 120
 6  95  67  81   3   0  16 0.00  0.0    0 12.6 25 260   M    M   0        34 260
 7  95  60  78   0   0  13 0.00  0.0    0  6.6 17 220   M    M   0        23 260
 8  97  61  79   1   0  14 0.00  0.0    0  8.1 24 250   M    M   0        29 270
 9  98  61  80   2   0  15 0.00  0.0    0  8.2 20 250   M    M   0        27 270
10  98  67  83   5   0  18 0.00  0.0    0 14.1 29 200   M    M   0 8      39 200
11  88  59  74  -4   0   9 0.00  0.0    0  9.1 23 260   M    M   0        29 320
12  94  48  71  -7   0   6 0.00  0.0    0  8.0 23 260   M    M   0        33 270
13  96  57  77  -1   0  12 0.00  0.0    0  6.2 17 260   M    M   0        24 260
14  97  59  78  -1   0  13 0.00  0.0    0  6.5 20 300   M    M   0 8      24 310
15  99  63  81   2   0  16 0.00  0.0    0  8.2 20 140   M    M   0        23 150
16 101  62  82   3   0  17 0.00  0.0    0  7.8 22 250   M    M   0        29 300
17 100  66  83   4   0  18 0.00  0.0    0  8.8 23 260   M    M   0        30 260
18  93  72  83   4   0  18    T  0.0    0 10.3 30 120   M    M   5 3      37 120
19  84  65  75  -4   0  10 0.04  0.0    0  8.3 25 170   M    M   3 3      32 170
20  90  68  79   0   0  14 0.00  0.0    0  7.8 17 110   M    M   2 3      21 120
21  92  69  81   2   0  16    T  0.0    0 10.4 20  50   M    M   2 3      24 100
22  96  65  81   2   0  16 0.34  0.0    0  9.9 23 130   M    M   2 3      31  40
23  98  65  82   3   0  17    T  0.0    0  8.3 17 310   M    M   0        22 360
24 100  68  84   5   0  19 0.00  0.0    0  9.5 32 340   M    M   0        42 340
25  98  67  83   5   0  18 0.00  0.0    0 10.3 25 200   M    M   1        33 230
26  98  70  84   6   0  19    T  0.0    0  8.3 30  40   M    M   1 3      37  40
27 100  63  82   4   0  17 0.00  0.0    0  7.5 17 280   M    M   0        23 270
28 103  63  83   5   0  18 0.00  0.0    0  8.0 32 350   M    M   0        39 350
29 102  66  84   6   0  19 0.00  0.0    0  7.9 35 350   M    M   0        41 350
================================================================================
SM 2736 1838         0 410  0.60     0.0 246.1          M       33
================================================================================
AV 94.3 63.4                               8.5 FASTST   M    M   1    MAX(MPH)
                                 MISC ---->  # 35 350               # 42  340
================================================================================
NOTES:
# LAST OF SEVERAL OCCURRENCES

COLUMN 17 PEAK WIND IN M.P.H.

PRELIMINARY LOCAL CLIMATOLOGICAL DATA (WS FORM: F-6) , PAGE 2

                                          STATION:  GRAND JUNCTION CO
                                          MONTH:    JULY
                                          YEAR:     2016
                                          LATITUDE:   39  7 N
                                          LONGITUDE: 108 32 W

[TEMPERATURE DATA]      [PRECIPITATION DATA]       SYMBOLS USED IN COLUMN 16

AVERAGE MONTHLY: 78.9   TOTAL FOR MONTH:   0.60    1 = FOG OR MIST
DPTR FM NORMAL:   0.6   DPTR FM NORMAL:    0.04    2 = FOG REDUCING VISIBILITY
HIGHEST:   103 ON 28    GRTST 24HR  0.34 ON 22-22      TO 1/4 MILE OR LESS
LOWEST:     48 ON 12                               3 = THUNDER
                        SNOW, ICE PELLETS, HAIL    4 = ICE PELLETS
                        TOTAL MONTH:   0.0 INCH    5 = HAIL
                        GRTST 24HR     0.0         6 = FREEZING RAIN OR DRIZZLE
                        GRTST DEPTH:   0           7 = DUSTSTORM OR SANDSTORM:
                                                       VSBY 1/2 MILE OR LESS
                                                   8 = SMOKE OR HAZE
[NO. OF DAYS WITH]      [WEATHER - DAYS WITH]      9 = BLOWING SNOW
                                                   X = TORNADO
MAX 32 OR BELOW:   0    0.01 INCH OR MORE:   4
MAX 90 OR ABOVE:  24    0.10 INCH OR MORE:   2
MIN 32 OR BELOW:   0    0.50 INCH OR MORE:   0
MIN  0 OR BELOW:   0    1.00 INCH OR MORE:   0

[HDD (BASE 65) ]
TOTAL THIS MO.     0    CLEAR  (SCALE 0-3)  25
DPTR FM NORMAL     0    PTCLDY (SCALE 4-7)   4
TOTAL FM JUL 1     0    CLOUDY (SCALE 8-10)  0
DPTR FM NORMAL     0

[CDD (BASE 65) ]
TOTAL THIS MO.   410
DPTR FM NORMAL    24    [PRESSURE DATA]
TOTAL FM JAN 1   773    HIGHEST SLP M ON M
DPTR FM NORMAL   105    LOWEST  SLP 29.58 ON 10

[REMARKS]
