000
CXUS55 KGJT 291000
CF6GJT
PRELIMINARY LOCAL CLIMATOLOGICAL DATA (WS FORM: F-6)

                                          STATION:   GRAND JUNCTION CO
                                          MONTH:     AUGUST
                                          YEAR:      2016
                                          LATITUDE:   39  7 N
                                          LONGITUDE: 108 32 W

  TEMPERATURE IN F:       :PCPN:    SNOW:  WIND      :SUNSHINE: SKY     :PK WND
================================================================================
1   2   3   4   5  6A  6B    7    8   9   10  11  12  13   14  15   16   17  18
                                     12Z  AVG MX 2MIN
DY MAX MIN AVG DEP HDD CDD  WTR  SNW DPTH SPD SPD DIR MIN PSBL S-S WX    SPD DR
================================================================================

 1  96  65  81   3   0  16 0.00  0.0    0  7.8 25 340   M    M   1        30 340
 2  97  62  80   2   0  15 0.00  0.0    0  7.6 21  70   M    M   0        24  70
 3  95  70  83   5   0  18    T  0.0    0 10.5 41 160   M    M   1 3      49 150
 4  80  69  75  -3   0  10    T  0.0    0 11.0 24 130   M    M   7        31 130
 5  76  67  72  -6   0   7    T  0.0    0 14.3 29 160   M    M   4        36 160
 6  87  63  75  -2   0  10 0.21  0.0    0  6.7 25 160   M    M   6 38     31 160
 7  91  60  76  -1   0  11 0.00  0.0    0 10.1 25 170   M    M   1        32 160
 8  90  67  79   2   0  14 0.03  0.0    0 10.9 25 140   M    M   3 3      31 130
 9  96  69  83   6   0  18 0.00  0.0    0 12.0 24 140   M    M   2 3      28 120
10  92  65  79   2   0  14 0.06  0.0    0  9.5 21 130   M    M   2 3      25 130
11  91  60  76  -1   0  11 0.00  0.0    0  6.6 18  50   M    M   1        24 260
12  91  53  72  -4   0   7 0.00  0.0    0  5.8 22 300   M    M   0        27 300
13  93  59  76   0   0  11 0.00  0.0    0  9.3 26  20   M    M   0        31  30
14  93  59  76   0   0  11 0.00  0.0    0  7.8 18 120   M    M   0        23 120
15  94  60  77   1   0  12    T  0.0    0  8.1 26 290   M    M   1        42 290
16  91  68  80   4   0  15 0.00  0.0    0  9.1 18 160   M    M   1        24 160
17  89  64  77   1   0  12 0.00  0.0    0 10.9 28 170   M    M   1        35 180
18  88  63  76   1   0  11    T  0.0    0 12.3 35 350   M    M   2        42 340
19  91  54  73  -2   0   8 0.00  0.0    0  5.5 17  60   M    M   0        22  50
20  90  58  74  -1   0   9 0.00  0.0    0  7.6 20 270   M    M   0        24 260
21  92  56  74  -1   0   9 0.00  0.0    0  6.9 14 320   M    M   0        18 130
22  86  63  75   1   0  10    T  0.0    0  7.5 28 320   M    M   3 3      37 330
23  81  61  71  -3   0   6 0.00  0.0    0  9.3 23 150   M    M   1 3      29 140
24  86  58  72  -2   0   7 0.03  0.0    0 10.4 30 320   M    M   2 3      39 320
25  83  56  70  -4   0   5 0.19  0.0    0 10.2 38 240   M    M   4 3      54 240
26  79  51  65  -9   0   0 0.03  0.0    0  8.3 31 300   M    M   1 3      40 330
27  78  53  66  -7   0   1 0.00  0.0    0  7.9 21 140   M    M   1        24 140
28  81  59  70  -3   0   5    T  0.0    0  7.5 25  80   M    M   3        29  80
================================================================================
SM 2477 1712         0 283  0.55     0.0 251.4          M       48
================================================================================
AV 88.5 61.1                               9.0 FASTST   M    M   2    MAX(MPH)
                                 MISC ---->  # 41 160               # 54  240
================================================================================
NOTES:
# LAST OF SEVERAL OCCURRENCES

COLUMN 17 PEAK WIND IN M.P.H.

PRELIMINARY LOCAL CLIMATOLOGICAL DATA (WS FORM: F-6) , PAGE 2

                                          STATION:  GRAND JUNCTION CO
                                          MONTH:    AUGUST
                                          YEAR:     2016
                                          LATITUDE:   39  7 N
                                          LONGITUDE: 108 32 W

[TEMPERATURE DATA]      [PRECIPITATION DATA]       SYMBOLS USED IN COLUMN 16

AVERAGE MONTHLY: 74.8   TOTAL FOR MONTH:   0.55    1 = FOG OR MIST
DPTR FM NORMAL:  -1.1   DPTR FM NORMAL:   -0.29    2 = FOG REDUCING VISIBILITY
HIGHEST:    97 ON  2    GRTST 24HR  0.22 ON 24-25      TO 1/4 MILE OR LESS
LOWEST:     51 ON 26                               3 = THUNDER
                        SNOW, ICE PELLETS, HAIL    4 = ICE PELLETS
                        TOTAL MONTH:   0.0 INCH    5 = HAIL
                        GRTST 24HR     0.0         6 = FREEZING RAIN OR DRIZZLE
                        GRTST DEPTH:   0           7 = DUSTSTORM OR SANDSTORM:
                                                       VSBY 1/2 MILE OR LESS
                                                   8 = SMOKE OR HAZE
[NO. OF DAYS WITH]      [WEATHER - DAYS WITH]      9 = BLOWING SNOW
                                                   X = TORNADO
MAX 32 OR BELOW:   0    0.01 INCH OR MORE:   6
MAX 90 OR ABOVE:  16    0.10 INCH OR MORE:   2
MIN 32 OR BELOW:   0    0.50 INCH OR MORE:   0
MIN  0 OR BELOW:   0    1.00 INCH OR MORE:   0

[HDD (BASE 65) ]
TOTAL THIS MO.     0    CLEAR  (SCALE 0-3)  24
DPTR FM NORMAL     0    PTCLDY (SCALE 4-7)   4
TOTAL FM JUL 1     0    CLOUDY (SCALE 8-10)  0
DPTR FM NORMAL    -1

[CDD (BASE 65) ]
TOTAL THIS MO.   283
DPTR FM NORMAL   -21    [PRESSURE DATA]
TOTAL FM JAN 1  1090    HIGHEST SLP M ON M
DPTR FM NORMAL    94    LOWEST  SLP 29.75 ON 22

[REMARKS]
