694
CXUS55 KGJT 221000
CF6GJT
PRELIMINARY LOCAL CLIMATOLOGICAL DATA (WS FORM: F-6)

                                          STATION:   GRAND JUNCTION CO
                                          MONTH:     MAY
                                          YEAR:      2015
                                          LATITUDE:   39  7 N
                                          LONGITUDE: 108 32 W

  TEMPERATURE IN F:       :PCPN:    SNOW:  WIND      :SUNSHINE: SKY     :PK WND
================================================================================
1   2   3   4   5  6A  6B    7    8   9   10  11  12  13   14  15   16   17  18
                                     12Z  AVG MX 2MIN
DY MAX MIN AVG DEP HDD CDD  WTR  SNW DPTH SPD SPD DIR MIN PSBL S-S WX    SPD DR
================================================================================

 1  81  51  66   9   0   1 0.00  0.0    0  7.1 26 320   M    M   0        32 290
 2  81  50  66   9   0   1 0.00  0.0    0  8.4 23  40   M    M   0 8      29  40
 3  75  52  64   7   1   0    T  0.0    0  7.6 26 210   M    M   3        39 210
 4  71  52  62   4   3   0 0.00  0.0    0  9.7 25 210   M    M   3 3      30 210
 5  63  52  58   0   7   0 0.02  0.0    0  6.8 20 340   M    M  10 1      22 330
 6  62  46  54  -4  11   0 0.63    T    0  5.7 29 260   M    M   6 1358   37 260
 7  72  45  59   0   6   0 0.01  0.0    0  9.2 20 150   M    M   4 3      25 300
 8  66  45  56  -3   9   0 0.16  0.0    0 12.6 29 180   M    M   7 13     39 170
 9  56  38  47 -12  18   0 0.07  0.0    0  8.7 24 290   M    M   5 1      29 300
10  59  39  49 -11  16   0    T  0.0    0  4.6 30 310   M    M   7        39 300
11  67  35  51  -9  14   0 0.00  0.0    0  5.8 14 140   M    M   0        16 140
12  78  47  63   3   2   0 0.00  0.0    0 17.3 35 150   M    M   3        44 160
13  73  50  62   1   3   0 0.00  0.0    0  8.7 23 150   M    M   5        28 140
14  63  49  56  -5   9   0 0.03  0.0    0 11.3 26 300   M    M   4 13     33 300
15  57  43  50 -11  15   0 0.13  0.0    0 10.4 23 260   M    M   5 13     33 150
16  61  43  52 -10  13   0    T  0.0    0  9.0 26 240   M    M   7        34 240
17  68  49  59  -3   6   0    T  0.0    0  8.1 23 320   M    M   5        27 320
18  74  46  60  -2   5   0 0.19  0.0    0 10.1 30 190   M    M   5 13     39 190
19  63  44  54  -8  11   0 0.04  0.0    0  8.8 22 320   M    M   6 138    27 320
20  70  40  55  -8  10   0 0.00  0.0    0  6.4 16  90   M    M   1        18  90
21  71  45  58  -5   7   0    T  0.0    0  8.1 26 160   M    M   3        35 170
================================================================================
SM 1431  961       166   2  1.28    T    184.4          M       89
================================================================================
AV 68.1 45.8                               8.8 FASTST   M    M   4    MAX(MPH)
                                 MISC ---->  # 35 150               # 44  160
================================================================================
NOTES:
# LAST OF SEVERAL OCCURRENCES

COLUMN 17 PEAK WIND IN M.P.H.

PRELIMINARY LOCAL CLIMATOLOGICAL DATA (WS FORM: F-6) , PAGE 2

                                          STATION:  GRAND JUNCTION CO
                                          MONTH:    MAY
                                          YEAR:     2015
                                          LATITUDE:   39  7 N
                                          LONGITUDE: 108 32 W

[TEMPERATURE DATA]      [PRECIPITATION DATA]       SYMBOLS USED IN COLUMN 16

AVERAGE MONTHLY: 57.0   TOTAL FOR MONTH:   1.28    1 = FOG OR MIST
DPTR FM NORMAL:  -3.0   DPTR FM NORMAL:    0.65    2 = FOG REDUCING VISIBILITY
HIGHEST:    81 ON  2, 1 GRTST 24HR  0.63 ON  6- 6      TO 1/4 MILE OR LESS
LOWEST:     35 ON 11                               3 = THUNDER
                        SNOW, ICE PELLETS, HAIL    4 = ICE PELLETS
                        TOTAL MONTH:    T          5 = HAIL
                        GRTST 24HR    T  ON  6- 6  6 = FREEZING RAIN OR DRIZZLE
                        GRTST DEPTH:   0           7 = DUSTSTORM OR SANDSTORM:
                                                       VSBY 1/2 MILE OR LESS
                                                   8 = SMOKE OR HAZE
[NO. OF DAYS WITH]      [WEATHER - DAYS WITH]      9 = BLOWING SNOW
                                                   X = TORNADO
MAX 32 OR BELOW:   0    0.01 INCH OR MORE:   9
MAX 90 OR ABOVE:   0    0.10 INCH OR MORE:   4
MIN 32 OR BELOW:   0    0.50 INCH OR MORE:   1
MIN  0 OR BELOW:   0    1.00 INCH OR MORE:   0

[HDD (BASE 65) ]
TOTAL THIS MO.   166    CLEAR  (SCALE 0-3)   7
DPTR FM NORMAL    38    PTCLDY (SCALE 4-7)  13
TOTAL FM JUL 1  5106    CLOUDY (SCALE 8-10)  1
DPTR FM NORMAL  -456

[CDD (BASE 65) ]
TOTAL THIS MO.     2
DPTR FM NORMAL   -20    [PRESSURE DATA]
TOTAL FM JAN 1     2    HIGHEST SLP M ON M
DPTR FM NORMAL   -23    LOWEST  SLP 29.53 ON 15

[REMARKS]
