000
CXUS54 KFWD 240730
CF6GLE
PRELIMINARY LOCAL CLIMATOLOGICAL DATA (WS FORM: F-6)

                                          STATION:   GAINESVILLE
                                          MONTH:     AUGUST
                                          YEAR:      2016
                                          LATITUDE:   33 39 N
                                          LONGITUDE:  97 12 W

  TEMPERATURE IN F:       :PCPN:    SNOW:  WIND      :SUNSHINE: SKY     :PK WND
================================================================================
1   2   3   4   5  6A  6B    7    8   9   10  11  12  13   14  15   16   17  18
                                     12Z  AVG MX 2MIN
DY MAX MIN AVG DEP HDD CDD  WTR  SNW DPTH SPD SPD DIR MIN PSBL S-S WX    SPD DR
================================================================================

 1  95  75  85   1   0  20 0.00  0.0    0  9.3 16 140   M    M   0        21 190
 2  96  70  83  -1   0  18 0.00  0.0    0  5.9 13 130   M    M   0        12 150
 3  97  72  85   1   0  20 0.00  0.0    0  5.4 13 120   M    M   0        18 150
 4  96  74  85   1   0  20 0.00  0.0    0  5.3 12 130   M    M   1        16 170
 5  96  75  86   2   0  21 0.00  0.0    0  3.5  9 150   M    M   0         M  M
 6  98  77  88   4   0  23 0.01  0.0    0  3.6  9 110   M    M   1         M  M
 7  98  76  87   3   0  22 0.00  0.0    0  6.0 13 150   M    M   0        17 140
 8  98  76  87   3   0  22 0.00  0.0    0  6.7 17 290   M    M   2        22 290
 9  96  76  86   2   0  21 0.00  0.0    0  6.6 13 280   M    M   1        18 280
10  97  78  88   4   0  23 0.00  0.0    0  7.8 15 130   M    M   1        20 130
11 100  76  88   4   0  23 0.00  0.0    0  5.3 13 200   M    M   1        18 200
12 101  77  89   5   0  24 0.00  0.0    0  4.7 13  80   M    M   4        16  80
13   M   M   M   M   M   M 0.00  0.0    0   M   M   M   M    M   0         M  M
14   M   M   M   M   M   M    M    M    0   M   M   M   M    M   0         M  M
15   M   M   M   M   M   M    M    M    0   M   M   M   M    M   0         M  M
16  87  72  80  -4   0  15 0.00  0.0    0  4.8  9 140   M    M   0         M  M
17  84  72  78  -6   0  13 0.13  0.0    0  6.1 15 140   M    M   0        18 140
18  80  73  77  -6   0  12 0.02  0.0    0  5.3 12 240   M    M   0 1       M  M
19  75  68  72 -11   0   7 0.76  0.0    0  6.0 15 140   M    M   0        17 210
20  82  68  75  -8   0  10 0.23  0.0    0  4.7 12 330   M    M   0         M  M
21  84  66  75  -8   0  10 0.00  0.0    0  5.1 10  50   M    M   0         M  M
22  84  64  74  -9   0   9 0.37  0.0    M  5.6 12 140   M    M   0         M  M
23  91  74  83   1   0  18 0.00  0.0    0 11.8 21 190   M    M   0        27 190
================================================================================
SM 1835 1459         0 351  1.52     0.0 119.5          M       11
================================================================================
AV 91.8 72.9                               6.0 FASTST   M    M   0    MAX(MPH)
                                 MISC ---->    21   M               # 27  190
================================================================================
NOTES:
# LAST OF SEVERAL OCCURRENCES

COLUMN 17 PEAK WIND IN M.P.H.

PRELIMINARY LOCAL CLIMATOLOGICAL DATA (WS FORM: F-6) , PAGE 2

                                          STATION:  GAINESVILLE
                                          MONTH:    AUGUST
                                          YEAR:     2016
                                          LATITUDE:   33 39 N
                                          LONGITUDE:  97 12 W

[TEMPERATURE DATA]      [PRECIPITATION DATA]       SYMBOLS USED IN COLUMN 16

AVERAGE MONTHLY: 82.3   TOTAL FOR MONTH:   1.52    1 = FOG OR MIST
DPTR FM NORMAL:  -1.3   DPTR FM NORMAL:   -0.09    2 = FOG REDUCING VISIBILITY
HIGHEST:   101 ON 12    GRTST 24HR  0.76 ON 19-19      TO 1/4 MILE OR LESS
LOWEST:     64 ON 22                               3 = THUNDER
                        SNOW, ICE PELLETS, HAIL    4 = ICE PELLETS
                        TOTAL MONTH:   0.0 INCH    5 = HAIL
                        GRTST 24HR     0.0         6 = FREEZING RAIN OR DRIZZLE
                        GRTST DEPTH:   0           7 = DUSTSTORM OR SANDSTORM:
                                                       VSBY 1/2 MILE OR LESS
                                                   8 = SMOKE OR HAZE
[NO. OF DAYS WITH]      [WEATHER - DAYS WITH]      9 = BLOWING SNOW
                                                   X = TORNADO
MAX 32 OR BELOW:   0    0.01 INCH OR MORE:   6
MAX 90 OR ABOVE:  13    0.10 INCH OR MORE:   4
MIN 32 OR BELOW:   0    0.50 INCH OR MORE:   1
MIN  0 OR BELOW:   0    1.00 INCH OR MORE:   0

[HDD (BASE 65) ]
TOTAL THIS MO.     0    CLEAR  (SCALE 0-3)  22
DPTR FM NORMAL     0    PTCLDY (SCALE 4-7)   1
TOTAL FM JUL 1     0    CLOUDY (SCALE 8-10)  0
DPTR FM NORMAL     0

[CDD (BASE 65) ]
TOTAL THIS MO.   351
DPTR FM NORMAL   -79    [PRESSURE DATA]
TOTAL FM JAN 1  1565    HIGHEST SLP M ON M
DPTR FM NORMAL   -73    LOWEST  SLP M ON M

[REMARKS]
