000
CXUS53 KAPX 220631
CF6GLR
PRELIMINARY LOCAL CLIMATOLOGICAL DATA (WS FORM: F-6)

                                          STATION:   GAYLORD
                                          MONTH:     OCTOBER
                                          YEAR:      2014
                                          LATITUDE:   45  0 N
                                          LONGITUDE:  84 42 W

  TEMPERATURE IN F:       :PCPN:    SNOW:  WIND      :SUNSHINE: SKY     :PK WND
================================================================================
1   2   3   4   5  6A  6B    7    8   9   10  11  12  13   14  15   16   17  18
                                     12Z  AVG MX 2MIN
DY MAX MIN AVG DEP HDD CDD  WTR  SNW DPTH SPD SPD DIR MIN PSBL S-S WX    SPD DR
================================================================================

 1  62  50  56   5   9   0 0.00    M    M  6.1 14 160   M    M   8 1      19 130
 2  61  53  57   6   8   0 0.53    M    M  9.2 15 160   M    M   9 1      20 160
 3  63  44  54   4  11   0 1.18    M    M 13.0 22 240   M    M  10 1      32 250
 4  47  38  43  -7  22   0 0.12    M    M 13.0 25 240   M    M  10 1      30 250
 5  45  38  42  -8  23   0 0.07    M    M 11.0 20 230   M    M  10        26 250
 6  52  40  46  -3  19   0 0.01    M    M  8.9 21 210   M    M   8        27 250
 7  60  40  50   1  15   0    T    M    M 10.2 21 210   M    M   4        28 240
 8  46  34  40  -8  25   0 0.12    M    M  8.2 24 250   M    M   9 18     34 250
 9  47  34  41  -7  24   0    T    M    M  6.4 17 280   M    M   7        23 270
10  51  35  43  -5  22   0 0.01    M    M  4.3 13 290   M    M   8        21 300
11  53  32  43  -4  22   0    T    M    M  2.0 15 250   M    M   7        18 250
12  57  27  42  -5  23   0 0.00    M    M  6.7 16 200   M    M   0        22 130
13  63  45  54   7  11   0 0.39    M    M  6.4 16 170   M    M  10 1      25 170
14  64  58  61  15   4   0 0.38    M    M  9.1 17 170   M    M  10 1      25 160
15  58  50  54   8  11   0 0.18    M    M  6.0 13  40   M    M  10 12     19  40
16  56  49  53   7  12   0 0.02    M    M  3.6 12 250   M    M  10 12     14 240
17  53  39  46   1  19   0 0.13    M    M  8.0 15 340   M    M  10 1      23 320
18  43  32  38  -7  27   0 0.01    M    M  7.4 14 310   M    M  10 1      26 340
19  49  28  39  -5  26   0    T    M    M  6.9 14 220   M    M   7         M  M
20  49  43  46   2  19   0    T  0.0    0  6.1 13 200   M    M  10 1      17 330
21  47  28  38  -6  27   0 0.00    M    M  6.2 15  40   M    M   5 1      23  30
================================================================================
SM 1126  837       379   0  3.15     0.0 158.7          M      172
================================================================================
AV 53.6 39.9                               7.6 FASTST   M    M   8    MAX(MPH)
                                 MISC ---->  # 25 240               # 34  250
================================================================================
NOTES:
# LAST OF SEVERAL OCCURRENCES

COLUMN 17 PEAK WIND IN M.P.H.

PRELIMINARY LOCAL CLIMATOLOGICAL DATA (WS FORM: F-6) , PAGE 2

                                          STATION:  GAYLORD
                                          MONTH:    OCTOBER
                                          YEAR:     2014
                                          LATITUDE:   45  0 N
                                          LONGITUDE:  84 42 W

[TEMPERATURE DATA]      [PRECIPITATION DATA]       SYMBOLS USED IN COLUMN 16

AVERAGE MONTHLY: 46.7   TOTAL FOR MONTH:   3.15    1 = FOG OR MIST
DPTR FM NORMAL:  -0.6   DPTR FM NORMAL:    0.66    2 = FOG REDUCING VISIBILITY
HIGHEST:    64 ON 14    GRTST 24HR  1.18 ON  3- 3      TO 1/4 MILE OR LESS
LOWEST:     27 ON 12                               3 = THUNDER
                        SNOW, ICE PELLETS, HAIL    4 = ICE PELLETS
                        TOTAL MONTH:   0.0 INCH    5 = HAIL
                        GRTST 24HR     0.0         6 = FREEZING RAIN OR DRIZZLE
                        GRTST DEPTH:   0           7 = DUSTSTORM OR SANDSTORM:
                                                       VSBY 1/2 MILE OR LESS
                                                   8 = SMOKE OR HAZE
[NO. OF DAYS WITH]      [WEATHER - DAYS WITH]      9 = BLOWING SNOW
                                                   X = TORNADO
MAX 32 OR BELOW:   0    0.01 INCH OR MORE:  13
MAX 90 OR ABOVE:   0    0.10 INCH OR MORE:   8
MIN 32 OR BELOW:   5    0.50 INCH OR MORE:   2
MIN  0 OR BELOW:   0    1.00 INCH OR MORE:   1

[HDD (BASE 65) ]
TOTAL THIS MO.   379    CLEAR  (SCALE 0-3)   1
DPTR FM NORMAL     6    PTCLDY (SCALE 4-7)   6
TOTAL FM JUL 1   825    CLOUDY (SCALE 8-10) 14
DPTR FM NORMAL    37

[CDD (BASE 65) ]
TOTAL THIS MO.     0
DPTR FM NORMAL     0    [PRESSURE DATA]
TOTAL FM JAN 1   175    HIGHEST SLP M ON M
DPTR FM NORMAL   -61    LOWEST  SLP 29.24 ON  3

[REMARKS]
