158
CXUS53 KAPX 290631
CF6GLR
PRELIMINARY LOCAL CLIMATOLOGICAL DATA (WS FORM: F-6)

                                          STATION:   GAYLORD
                                          MONTH:     MAY
                                          YEAR:      2017
                                          LATITUDE:   45  0 N
                                          LONGITUDE:  84 42 W

  TEMPERATURE IN F:       :PCPN:    SNOW:  WIND      :SUNSHINE: SKY     :PK WND
================================================================================
1   2   3   4   5  6A  6B    7    8   9   10  11  12  13   14  15   16   17  18
                                     12Z  AVG MX 2MIN
DY MAX MIN AVG DEP HDD CDD  WTR  SNW DPTH SPD SPD DIR MIN PSBL S-S WX    SPD DR
================================================================================

 1  59  36  48   0  17   0 0.67    M    M  8.6 20 220   M    M  10 13     27 230
 2  46  37  42  -6  23   0 0.16    M    M 11.1 22 260   M    M   9 18     27 260
 3  59  33  46  -3  19   0 0.00    M    M  4.6 14 270   M    M   0        22 260
 4  64  34  49   0  16   0 0.00    M    M  2.9 13 150   M    M   1        18 130
 5  58  33  46  -3  19   0 0.00    M    M  6.5 16  50   M    M   2        24  20
 6  56  37  47  -3  18   0 0.00    M    M  8.5 18 320   M    M   1        29 320
 7  46  33  40 -10  25   0 0.00    M    M  8.1 17 280   M    M   0        27 320
 8  50  31  41  -9  24   0 0.00    M    M  6.5 18 270   M    M   0        25 280
 9  60  25  43  -8  22   0 0.00    M    M  2.9 10 360   M    M   4        14 360
10  69  41  55   4  10   0    T    M    M  8.0 16 140   M    M   3        22 140
11  70  48  59   8   6   0 0.00    M    M  4.6 15  60   M    M   5        21  50
12  67  47  57   5   8   0 0.00    M    M  3.6  9 320   M    M   8 8      16 340
13  63  39  51  -1  14   0 0.07    M    M  1.8  9  40   M    M   7        12  50
14  61  41  51  -1  14   0 0.00    M    M  4.9 14 330   M    M   3        22 340
15  77  60  69  17   0   4    T    M    M  3.0 12 210   M    M   0        14 160
16  82  56  69  16   0   4    T    M    M  9.6 21 240   M    M   5        27 230
17  85  69  77  24   0  12    T    M    M 13.1 25 240   M    M   1        33 250
18  75  39  57   3   8   0 0.10    M    M 13.2 33 260   M    M   7 18     44 250
19  56  36  46  -8  19   0    T    M    M  8.3 16  40   M    M   4 18     20  40
20  60  38  49  -5  16   0 0.06    M    M  8.7 16  70   M    M   4        27 130
21  71  47  59   5   6   0 0.07    M    M 11.5 25 240   M    M   9 138    33 250
22  62  46  54  -1  11   0 0.03    M    M 12.6 25 250   M    M   8 18     33 240
23  67  40  54  -1  11   0 0.08    M    M  3.6 12  50   M    M   8 128    15  70
24  62  51  57   2   8   0 0.06    M    M  7.7 16  50   M    M   9 12     21  60
25  57  52  55  -1  10   0 0.24    M    M  9.0 15  40   M    M  10 18     23  30
26  71  54  63   7   2   0 0.00    M    M  4.0  9  40   M    M   8 1      14 340
27  76  52  64   8   1   0    T    M    M  2.8 12 240   M    M   5 1      14 190
28  71  56  64   7   1   0 0.13    M    M  5.8 17 280   M    M   5 13     24 290
================================================================================
SM 1800 1211       328  20  1.67    M    195.5          M      136
================================================================================
AV 64.3 43.3                               7.0 FASTST   M    M   5    MAX(MPH)
                                 MISC ---->  # 33 260               # 44  250
================================================================================
NOTES:
# LAST OF SEVERAL OCCURRENCES

COLUMN 17 PEAK WIND IN M.P.H.

PRELIMINARY LOCAL CLIMATOLOGICAL DATA (WS FORM: F-6) , PAGE 2

                                          STATION:  GAYLORD
                                          MONTH:    MAY
                                          YEAR:     2017
                                          LATITUDE:   45  0 N
                                          LONGITUDE:  84 42 W

[TEMPERATURE DATA]      [PRECIPITATION DATA]       SYMBOLS USED IN COLUMN 16

AVERAGE MONTHLY: 53.8   TOTAL FOR MONTH:   1.67    1 = FOG OR MIST
DPTR FM NORMAL:   1.4   DPTR FM NORMAL:   -0.95    2 = FOG REDUCING VISIBILITY
HIGHEST:    85 ON 17    GRTST 24HR  0.67 ON  1- 1      TO 1/4 MILE OR LESS
LOWEST:     25 ON  9                               3 = THUNDER
                        SNOW, ICE PELLETS, HAIL    4 = ICE PELLETS
                        TOTAL MONTH:    M          5 = HAIL
                        GRTST 24HR    M  ON   M    6 = FREEZING RAIN OR DRIZZLE
                        GRTST DEPTH:  M  ON   M    7 = DUSTSTORM OR SANDSTORM:
                                                       VSBY 1/2 MILE OR LESS
                                                   8 = SMOKE OR HAZE
[NO. OF DAYS WITH]      [WEATHER - DAYS WITH]      9 = BLOWING SNOW
                                                   X = TORNADO
MAX 32 OR BELOW:   0    0.01 INCH OR MORE:  11
MAX 90 OR ABOVE:   0    0.10 INCH OR MORE:   5
MIN 32 OR BELOW:   2    0.50 INCH OR MORE:   1
MIN  0 OR BELOW:   0    1.00 INCH OR MORE:   0

[HDD (BASE 65) ]
TOTAL THIS MO.   328    CLEAR  (SCALE 0-3)   9
DPTR FM NORMAL   -37    PTCLDY (SCALE 4-7)  14
TOTAL FM JUL 1  6739    CLOUDY (SCALE 8-10)  5
DPTR FM NORMAL -1552

[CDD (BASE 65) ]
TOTAL THIS MO.    20
DPTR FM NORMAL    10    [PRESSURE DATA]
TOTAL FM JAN 1    22    HIGHEST SLP M ON M
DPTR FM NORMAL    11    LOWEST  SLP 29.35 ON M

[REMARKS]
