000
CXUS54 KMAF 201100
CF6GNC
PRELIMINARY LOCAL CLIMATOLOGICAL DATA (WS FORM: F-6)

                                          STATION:   Gaines County Airport
                                          MONTH:     APRIL
                                          YEAR:      2014
                                          LATITUDE:   32 40 N
                                          LONGITUDE: 102 39 W

  TEMPERATURE IN F:       :PCPN:    SNOW:  WIND      :SUNSHINE: SKY     :PK WND
================================================================================
1   2   3   4   5  6A  6B    7    8   9   10  11  12  13   14  15   16   17  18
                                     12Z  AVG MX 2MIN
DY MAX MIN AVG DEP HDD CDD  WTR  SNW DPTH SPD SPD DIR MIN PSBL S-S WX    SPD DR
================================================================================

 1  83  43  63   M   2   0 0.00  0.0    0  7.1 20 220   M    M   0        28 220
 2  85  52  69   M   0   4 0.00  0.0    0 11.7 25 240   M    M   0 1      41 240
 3  73  46  60   M   5   0 0.00  0.0    0 16.0 36 260   M    M   1 8      48 270
 4  64  31  48   M  17   0 0.00  0.0    0  7.5 16 140   M    M   0        21  30
 5  72  50  61   M   4   0 0.00  0.0    0 14.0 25 140   M    M   0        31 140
 6  68  42  55   M  10   0 0.00  0.0    0  5.0 15 190   M    M   0        21 240
 7  66  38  52   M  13   0 0.00  0.0    0  9.6 18  10   M    M   0        35  10
 8  74  34  54   M  11   0 0.00  0.0    0  5.6  9 340   M    M   0        18 270
 9  88  48  68   M   0   3 0.00  0.0    0 10.8 18 250   M    M   0        27 230
10  89  49  69   M   0   4 0.00  0.0    0 11.0 20 290   M    M   0        24 290
11  85  44  65   M   0   0 0.00  0.0    0  5.9 10  70   M    M   0         M  M
12  89  51  70   M   0   5 0.00  0.0    0 13.5 36 230   M    M   1 8      47 230
13  84  47  66   M   0   1 0.00  0.0    0 15.9 27 250   M    M   0 8      36 250
14  51  32  42   M  23   0 0.00  0.0    0 15.9 25  30   M    M   3 8      35  20
15  65  26  46   M  19   0 0.00  0.0    0  9.1 20 210   M    M   0        24 180
16  84  38  61   M   4   0 0.00  0.0    0 11.4 17 170   M    M   0        23 160
17  73  47  60   M   5   0 0.00  0.0    0  7.8 15  50   M    M   0        20  50
18  73  45  59   M   6   0 0.00  0.0    0  8.3 16 160   M    M   5 1      20 160
19  70  51  61   M   4   0 0.44  0.0    0  7.5 15  20   M    M   4        21 180
================================================================================
SM 1436  814       123  17  0.44     0.0 193.6          M       14
================================================================================
AV 75.6 42.8                              10.2 FASTST   M    M   1    MAX(MPH)
                                 MISC ---->    36   M                 48    M
================================================================================
NOTES:
# LAST OF SEVERAL OCCURRENCES

COLUMN 17 PEAK WIND IN M.P.H.

PRELIMINARY LOCAL CLIMATOLOGICAL DATA (WS FORM: F-6) , PAGE 2

                                          STATION:  Gaines County Airport
                                          MONTH:    APRIL
                                          YEAR:     2014
                                          LATITUDE:   32 40 N
                                          LONGITUDE: 102 39 W

[TEMPERATURE DATA]      [PRECIPITATION DATA]       SYMBOLS USED IN COLUMN 16

AVERAGE MONTHLY: 59.2   TOTAL FOR MONTH:   0.44    1 = FOG OR MIST
DPTR FM NORMAL:     M   DPTR FM NORMAL:       M    2 = FOG REDUCING VISIBILITY
HIGHEST:    89 ON 12,10 GRTST 24HR  0.44 ON 19-19      TO 1/4 MILE OR LESS
LOWEST:     26 ON 15                               3 = THUNDER
                        SNOW, ICE PELLETS, HAIL    4 = ICE PELLETS
                        TOTAL MONTH:   0.0 INCH    5 = HAIL
                        GRTST 24HR     0.0         6 = FREEZING RAIN OR DRIZZLE
                        GRTST DEPTH:   0           7 = DUSTSTORM OR SANDSTORM:
                                                       VSBY 1/2 MILE OR LESS
                                                   8 = SMOKE OR HAZE
[NO. OF DAYS WITH]      [WEATHER - DAYS WITH]      9 = BLOWING SNOW
                                                   X = TORNADO
MAX 32 OR BELOW:   0    0.01 INCH OR MORE:   1
MAX 90 OR ABOVE:   0    0.10 INCH OR MORE:   1
MIN 32 OR BELOW:   3    0.50 INCH OR MORE:   0
MIN  0 OR BELOW:   0    1.00 INCH OR MORE:   0

[HDD (BASE 65) ]
TOTAL THIS MO.   123    CLEAR  (SCALE 0-3)  17
DPTR FM NORMAL     M    PTCLDY (SCALE 4-7)   2
TOTAL FM JUL 1  3065    CLOUDY (SCALE 8-10)  0
DPTR FM NORMAL     M

[CDD (BASE 65) ]
TOTAL THIS MO.    17
DPTR FM NORMAL     M    [PRESSURE DATA]
TOTAL FM JAN 1    22    HIGHEST SLP M ON M
DPTR FM NORMAL     M    LOWEST  SLP M ON M

[REMARKS]
