000
CXUS52 KJAX 010800
CF6GNV
PRELIMINARY LOCAL CLIMATOLOGICAL DATA (WS FORM: F-6)

                                          STATION:   GAINESVILLE FL
                                          MONTH:     OCTOBER
                                          YEAR:      2014
                                          LATITUDE:   29 40 N
                                          LONGITUDE:  82 16 W

  TEMPERATURE IN F:       :PCPN:    SNOW:  WIND      :SUNSHINE: SKY     :PK WND
================================================================================
1   2   3   4   5  6A  6B    7    8   9   10  11  12  13   14  15   16   17  18
                                     12Z  AVG MX 2MIN
DY MAX MIN AVG DEP HDD CDD  WTR  SNW DPTH SPD SPD DIR MIN PSBL S-S WX    SPD DR
================================================================================

 1  83  71  77   2   0  12    T  0.0    0  4.4 12  60   M    M   9        13  50
 2  89  69  79   4   0  14 0.00  0.0    0  3.6 12  70   M    M   5 1      17  60
 3  88  69  79   4   0  14 0.23  0.0    0  5.1 21 220   M    M   6 13     26 210
 4  80  58  69  -5   0   4    T  0.0    0  7.5 17 280   M    M   4        23 290
 5  74  47  61 -13   4   0 0.00  0.0    0  3.4 12  50   M    M   0        15 340
 6  79  49  64 -10   1   0 0.00  0.0    0  2.1 13 120   M    M   0        18 110
 7  83  62  73  -1   0   8    T  0.0    0  2.4 10 120   M    M   0        13 170
 8  88  64  76   3   0  11 0.00  0.0    0  1.1  9  80   M    M   1 1      11 360
 9  88  64  76   3   0  11 0.00  0.0    0  2.7 12  70   M    M   1 1      14  50
10  88  65  77   4   0  12 0.00  0.0    0  2.3  9  80   M    M   4 12     12  80
11  89  61  75   3   0  10 0.00  0.0    0  1.2  8  40   M    M   2 12     11 290
12  88  64  76   4   0  11 0.00  0.0    0  3.5 12 100   M    M   2 12     14 100
13  89  68  79   7   0  14 0.00  0.0    0  6.9 17 140   M    M   2        22 140
14  87  71  79   7   0  14 0.04  0.0    0  8.0 24 180   M    M   5 138    31 180
15  78  57  68  -3   0   3 0.30  0.0    0  6.6 17 270   M    M   3 1      22 270
16  78  52  65  -6   0   0 0.00  0.0    0  6.7 20 290   M    M   0        25 270
17  80  50  65  -6   0   0 0.00  0.0    0  2.1  9 340   M    M   0        13 290
18  82  51  67  -3   0   2 0.00  0.0    0  5.2 13 270   M    M   0        16 320
19  81  59  70   0   0   5 0.00  0.0    0  7.0 12  60   M    M   0        17  30
20  84  56  70   0   0   5 0.00  0.0    0  3.5 13 130   M    M   3        16 140
21  83  60  72   3   0   7 0.00  0.0    0  2.5 12 350   M    M   0        14 340
22  79  54  67  -2   0   2 0.00  0.0    0  5.1 14  30   M    M   0        17  30
23  77  46  62  -7   3   0 0.00  0.0    0  5.2 15  50   M    M   0        20  60
24  77  45  61  -8   4   0 0.00  0.0    0  2.6 12  40   M    M   0        13  50
25  78  46  62  -6   3   0 0.00  0.0    0  3.1 12  30   M    M   0 1      16  10
26  82  45  64  -4   1   0 0.00  0.0    0  2.6  8 250   M    M   0        10 330
27  87  54  71   3   0   6 0.00  0.0    0  2.6 10 130   M    M   1 1      14 140
28  83  54  69   1   0   4 0.00  0.0    0  1.8 13 150   M    M   0 1      17 170
29  83  58  71   4   0   6 0.00  0.0    0  3.3 10 230   M    M   5        17 250
30  78  57  68   1   0   3 0.98  0.0    0  3.2 17 140   M    M   7 123    20 130
31  74  51  63  -4   2   0 0.00  0.0    0  6.9 14 290   M    M   3        19 290
================================================================================
SM 2557 1777        18 178  1.55     0.0 124.2          M       63
================================================================================
AV 82.5 57.3                               4.0 FASTST   M    M   2    MAX(MPH)
                                 MISC ---->  # 24 180               # 31  180
================================================================================
NOTES:
# LAST OF SEVERAL OCCURRENCES

COLUMN 17 PEAK WIND IN M.P.H.

PRELIMINARY LOCAL CLIMATOLOGICAL DATA (WS FORM: F-6) , PAGE 2

                                          STATION:  GAINESVILLE FL
                                          MONTH:    OCTOBER
                                          YEAR:     2014
                                          LATITUDE:   29 40 N
                                          LONGITUDE:  82 16 W

[TEMPERATURE DATA]      [PRECIPITATION DATA]       SYMBOLS USED IN COLUMN 16

AVERAGE MONTHLY: 69.9   TOTAL FOR MONTH:   1.55    1 = FOG OR MIST
DPTR FM NORMAL:  -1.0   DPTR FM NORMAL:   -1.33    2 = FOG REDUCING VISIBILITY
HIGHEST:    89 ON 13,11 GRTST 24HR  0.98 ON 29-30      TO 1/4 MILE OR LESS
LOWEST:     45 ON 26,24                            3 = THUNDER
                        SNOW, ICE PELLETS, HAIL    4 = ICE PELLETS
                        TOTAL MONTH:   0.0 INCH    5 = HAIL
                        GRTST 24HR     0.0         6 = FREEZING RAIN OR DRIZZLE
                        GRTST DEPTH:   0           7 = DUSTSTORM OR SANDSTORM:
                                                       VSBY 1/2 MILE OR LESS
                                                   8 = SMOKE OR HAZE
[NO. OF DAYS WITH]      [WEATHER - DAYS WITH]      9 = BLOWING SNOW
                                                   X = TORNADO
MAX 32 OR BELOW:   0    0.01 INCH OR MORE:   4
MAX 90 OR ABOVE:   0    0.10 INCH OR MORE:   3
MIN 32 OR BELOW:   0    0.50 INCH OR MORE:   1
MIN  0 OR BELOW:   0    1.00 INCH OR MORE:   0

[HDD (BASE 65) ]
TOTAL THIS MO.    18    CLEAR  (SCALE 0-3)  23
DPTR FM NORMAL    -9    PTCLDY (SCALE 4-7)   7
TOTAL FM JUL 1    18    CLOUDY (SCALE 8-10)  1
DPTR FM NORMAL    -9

[CDD (BASE 65) ]
TOTAL THIS MO.   178
DPTR FM NORMAL   -32    [PRESSURE DATA]
TOTAL FM JAN 1  2531    HIGHEST SLP 30.19 ON 28
DPTR FM NORMAL   -19    LOWEST  SLP 29.81 ON 31

[REMARKS]
#FINAL-10-14#
