000
CXUS54 KOUN 300700
CF6GOK
PRELIMINARY LOCAL CLIMATOLOGICAL DATA (WS FORM: F-6)

                                          STATION:   GUTHRIE MUNICIPAL
                                          MONTH:     APRIL
                                          YEAR:      2016
                                          LATITUDE:   35 50 N
                                          LONGITUDE:  97 25 W

  TEMPERATURE IN F:       :PCPN:    SNOW:  WIND      :SUNSHINE: SKY     :PK WND
================================================================================
1   2   3   4   5  6A  6B    7    8   9   10  11  12  13   14  15   16   17  18
                                     12Z  AVG MX 2MIN
DY MAX MIN AVG DEP HDD CDD  WTR  SNW DPTH SPD SPD DIR MIN PSBL S-S WX    SPD DR
================================================================================

 1  63  38  51  -5  14   0 0.00  0.0    0  6.1 24 300   M    M   0        31 310
 2  72  28  50  -7  15   0 0.00  0.0    0  6.1 16 300   M    M   0        23 310
 3  80  43  62   5   3   0 0.00  0.0    0 11.5 23 210   M    M   0        32 210
 4  83  50  67  10   0   2 0.00  0.0    0  8.9 18  60   M    M   1        24  60
 5  88  58  73  15   0   8 0.00  0.0    0 19.4 35 190   M    M   0        49 190
 6  73  48  61   3   4   0 0.00  0.0    0 11.5 33 190   M    M   1        44 200
 7  76  45  61   3   4   0 0.00  0.0    0  7.2 16 360   M    M   0        28 350
 8  73  37  55  -3  10   0 0.00  0.0    0  4.8 13 290   M    M   1 8      17 240
 9  77  45  61   2   4   0 0.00  0.0    0 14.0 30 200   M    M   2        39 200
10  88  58  73  14   0   8 1.53  0.0    0 17.8 40 190   M    M   5 13     54 200
11  64  48  56  -3   9   0 0.18  0.0    0  9.5 26  50   M    M   6 13     33  50
12  70  41  56  -4   9   0 0.00  0.0    0  6.0 14  80   M    M   2        18  60
13  63  50  57  -3   8   0 0.26  0.0    0  5.8 13 130   M    M   7 18     17 140
14  70  45  58  -2   7   0 0.00  0.0    0  5.6 13 170   M    M   3 1      17 160
15  76  54  65   4   0   0 0.00  0.0    0 10.3 20 140   M    M   1        27 150
16  75  62  69   8   0   4 0.00  0.0    0 16.5 26 130   M    M   8        38 160
17  68  60  64   3   1   0 3.23  0.0    0  8.5 25 130   M    M   9 138    39 140
18  64  50  57  -5   8   0 0.14  0.0    0  6.0 14 300   M    M   8 1      20 240
19  70  54  62   0   3   0 0.77  0.0    0  4.4 20 290   M    M   8 13     26 280
20  68  53  61  -1   4   0 0.03  0.0    0  4.4 17 320   M    M   6 1      25 320
21  73  48  61  -1   4   0 0.07  0.0    0  4.0 15 300   M    M   2 12     28 330
22  79  48  64   1   1   0 0.00  0.0    0  4.9 15 290   M    M   0        20 300
23  82  52  67   4   0   2 0.00  0.0    0 10.7 22 180   M    M   0        28 180
24  81  63  72   9   0   7 0.00  0.0    0 18.3 31 180   M    M   1        40 160
25  86  66  76  12   0  11 0.00  0.0    0 12.7 21 180   M    M   4        28 180
26  81  58  70   6   0   5 1.22  0.0    0 13.6 26 290   M    M   6 138    39 330
27  73  54  64   0   1   0 0.00  0.0    0  8.8 21 290   M    M   1 1      27 280
28  73  46  60  -5   5   0 0.00  0.0    0  7.1 15  90   M    M   0        20 100
29  67  54  61  -4   4   0 0.03  0.0    0 11.2 22 110   M    M   9 13     28  90
================================================================================
SM 2156 1456       118  47  7.46     0.0 275.6          M       91
================================================================================
AV 74.3 50.2                               9.5 FASTST   M    M   3    MAX(MPH)
                                 MISC ---->  # 40 190               # 54  200
================================================================================
NOTES:
# LAST OF SEVERAL OCCURRENCES

COLUMN 17 PEAK WIND IN M.P.H.

PRELIMINARY LOCAL CLIMATOLOGICAL DATA (WS FORM: F-6) , PAGE 2

                                          STATION:  GUTHRIE MUNICIPAL
                                          MONTH:    APRIL
                                          YEAR:     2016
                                          LATITUDE:   35 50 N
                                          LONGITUDE:  97 25 W

[TEMPERATURE DATA]      [PRECIPITATION DATA]       SYMBOLS USED IN COLUMN 16

AVERAGE MONTHLY: 62.3   TOTAL FOR MONTH:   7.46    1 = FOG OR MIST
DPTR FM NORMAL:   1.7   DPTR FM NORMAL:    4.30    2 = FOG REDUCING VISIBILITY
HIGHEST:    88 ON 10, 5 GRTST 24HR  3.37 ON 17-18      TO 1/4 MILE OR LESS
LOWEST:     28 ON  2                               3 = THUNDER
                        SNOW, ICE PELLETS, HAIL    4 = ICE PELLETS
                        TOTAL MONTH:   0.0 INCH    5 = HAIL
                        GRTST 24HR     0.0         6 = FREEZING RAIN OR DRIZZLE
                        GRTST DEPTH:   0           7 = DUSTSTORM OR SANDSTORM:
                                                       VSBY 1/2 MILE OR LESS
                                                   8 = SMOKE OR HAZE
[NO. OF DAYS WITH]      [WEATHER - DAYS WITH]      9 = BLOWING SNOW
                                                   X = TORNADO
MAX 32 OR BELOW:   0    0.01 INCH OR MORE:  10
MAX 90 OR ABOVE:   0    0.10 INCH OR MORE:   7
MIN 32 OR BELOW:   1    0.50 INCH OR MORE:   4
MIN  0 OR BELOW:   0    1.00 INCH OR MORE:   3

[HDD (BASE 65) ]
TOTAL THIS MO.   118    CLEAR  (SCALE 0-3)  18
DPTR FM NORMAL   -65    PTCLDY (SCALE 4-7)   8
TOTAL FM JUL 1  2826    CLOUDY (SCALE 8-10)  3
DPTR FM NORMAL  -699

[CDD (BASE 65) ]
TOTAL THIS MO.    47
DPTR FM NORMAL    -7    [PRESSURE DATA]
TOTAL FM JAN 1    63    HIGHEST SLP M ON M
DPTR FM NORMAL    -5    LOWEST  SLP 29.43 ON 26

[REMARKS]
