000
CXUS55 KMSO 290800
CF6GPI
PRELIMINARY LOCAL CLIMATOLOGICAL DATA (WS FORM: F-6)

                                          STATION:   KALISPELL MT
                                          MONTH:     JUNE
                                          YEAR:      2015
                                          LATITUDE:   48 17 N
                                          LONGITUDE: 114 16 W

  TEMPERATURE IN F:       :PCPN:    SNOW:  WIND      :SUNSHINE: SKY     :PK WND
================================================================================
1   2   3   4   5  6A  6B    7    8   9   10  11  12  13   14  15   16   17  18
                                     12Z  AVG MX 2MIN
DY MAX MIN AVG DEP HDD CDD  WTR  SNW DPTH SPD SPD DIR MIN PSBL S-S WX    SPD DR
================================================================================

 1  84  47  66  10   0   1 0.20    M    M  4.1 25  80   M    M   4 1      35  80
 2  59  47  53  -3  12   0 0.39  0.0    0  7.5 18 170   M    M   9 12     23 160
 3  66  43  55  -1  10   0 0.01  0.0    0  3.6 21 270   M    M   8 12     24 270
 4  73  41  57   1   8   0 0.00  0.0    0  2.4  9 350   M    M   2 1      13  90
 5  79  42  61   5   4   0 0.00  0.0    0  2.3  9 240   M    M   0        14  80
 6  82  44  63   6   2   0 0.00  0.0    0  3.2 12 160   M    M   0        17 140
 7  85  47  66   9   0   1 0.00  0.0    0  3.3 10 150   M    M   0        15 150
 8  94  50  72  15   0   7 0.00  0.0    0  6.5 20 230   M    M   0        24 210
 9  95  49  72  15   0   7 0.00  0.0    0  4.9 20 230   M    M   0        24 230
10  87  50  69  12   0   4    T  0.0    0  6.1 18  30   M    M   1        23  30
11  90  48  69  12   0   4 0.00  0.0    0  8.1 23 230   M    M   0        29 230
12  78  48  63   5   2   0    T    M    0 12.7 25 240   M    M   2        35 250
13  72  34  53  -5  12   0 0.00  0.0    0  3.6 12 160   M    M   1        16 150
14  73  43  58   0   7   0    T    M    0 11.2 21  30   M    M   2        27 360
15  76  47  62   4   3   0 0.00  0.0    0  8.8 17  40   M    M   1        22  40
16  81  46  64   6   1   0 0.00  0.0    0  6.0 14  40   M    M   0         M  M
17  81  50  66   8   0   1    T  0.0    0  6.1 18 360   M    M   2        23  10
18  84  51  68   9   0   3 0.00  0.0    0  4.7 15 360   M    M   0        21 360
19  79  48  64   5   1   0 0.00  0.0    0  7.9 23 230   M    M   2        30 220
20  78  40  59   0   6   0 0.00  0.0    0  6.6 18 230   M    M   1        26 180
21  79  37  58  -1   7   0 0.00  0.0    0  4.8 18 170   M    M   1        26 140
22  81  43  62   3   3   0 0.00  0.0    0  4.7 13 260   M    M   1        19 250
23  83  43  63   3   2   0    T  0.0    0  6.4 22 180   M    M   2        26 190
24  84  44  64   4   1   0 0.00  0.0    0  4.1 12 160   M    M   1        18 150
25  88  55  72  12   0   7 0.00  0.0    0  3.7 15 170   M    M   2        18 210
26  94  47  71  11   0   6 0.00  0.0    0  4.2 12 180   M    M   0        17 140
27  97  54  76  16   0  11 0.00  0.0    0  3.7 10 130   M    M   0        13 210
28 102  58  80  19   0  15 0.00  0.0    0  3.2 14  50   M    M   0        15  50
================================================================================
SM 2304 1296        81  67  0.60     0.0 154.4          M       42
================================================================================
AV 82.3 46.3                               5.5 FASTST   M    M   2    MAX(MPH)
                                 MISC ---->  # 25  80               # 35   80
================================================================================
NOTES:
# LAST OF SEVERAL OCCURRENCES

COLUMN 17 PEAK WIND IN M.P.H.

PRELIMINARY LOCAL CLIMATOLOGICAL DATA (WS FORM: F-6) , PAGE 2

                                          STATION:  KALISPELL MT
                                          MONTH:    JUNE
                                          YEAR:     2015
                                          LATITUDE:   48 17 N
                                          LONGITUDE: 114 16 W

[TEMPERATURE DATA]      [PRECIPITATION DATA]       SYMBOLS USED IN COLUMN 16

AVERAGE MONTHLY: 64.3   TOTAL FOR MONTH:   0.60    1 = FOG OR MIST
DPTR FM NORMAL:   6.2   DPTR FM NORMAL:   -1.82    2 = FOG REDUCING VISIBILITY
HIGHEST:   102 ON 28    GRTST 24HR  0.56 ON  1- 2      TO 1/4 MILE OR LESS
LOWEST:     34 ON 13                               3 = THUNDER
                        SNOW, ICE PELLETS, HAIL    4 = ICE PELLETS
                        TOTAL MONTH:   0.0 INCH    5 = HAIL
                        GRTST 24HR     0.0         6 = FREEZING RAIN OR DRIZZLE
                        GRTST DEPTH:   0           7 = DUSTSTORM OR SANDSTORM:
                                                       VSBY 1/2 MILE OR LESS
                                                   8 = SMOKE OR HAZE
[NO. OF DAYS WITH]      [WEATHER - DAYS WITH]      9 = BLOWING SNOW
                                                   X = TORNADO
MAX 32 OR BELOW:   0    0.01 INCH OR MORE:   3
MAX 90 OR ABOVE:   6    0.10 INCH OR MORE:   2
MIN 32 OR BELOW:   0    0.50 INCH OR MORE:   0
MIN  0 OR BELOW:   0    1.00 INCH OR MORE:   0

[HDD (BASE 65) ]
TOTAL THIS MO.    81    CLEAR  (SCALE 0-3)  25
DPTR FM NORMAL  -125    PTCLDY (SCALE 4-7)   2
TOTAL FM JUL 1  7294    CLOUDY (SCALE 8-10)  1
DPTR FM NORMAL  -735

[CDD (BASE 65) ]
TOTAL THIS MO.    67
DPTR FM NORMAL    58    [PRESSURE DATA]
TOTAL FM JAN 1    67    HIGHEST SLP M ON M
DPTR FM NORMAL    55    LOWEST  SLP 29.67 ON 10

[REMARKS]
