000
CXUS55 KMSO 300800
CF6GPI
PRELIMINARY LOCAL CLIMATOLOGICAL DATA (WS FORM: F-6)

                                          STATION:   KALISPELL MT
                                          MONTH:     MAY
                                          YEAR:      2015
                                          LATITUDE:   48 17 N
                                          LONGITUDE: 114 16 W

  TEMPERATURE IN F:       :PCPN:    SNOW:  WIND      :SUNSHINE: SKY     :PK WND
================================================================================
1   2   3   4   5  6A  6B    7    8   9   10  11  12  13   14  15   16   17  18
                                     12Z  AVG MX 2MIN
DY MAX MIN AVG DEP HDD CDD  WTR  SNW DPTH SPD SPD DIR MIN PSBL S-S WX    SPD DR
================================================================================

 1  73  30  52   5  13   0 0.00  0.0    0  8.9 25 160   M    M   2        32 160
 2  69  36  53   5  12   0 0.00  0.0    0  6.8 21 280   M    M   1        29 280
 3  68  25  47  -1  18   0 0.00  0.0    0  2.8  9 180   M    M   0        13 120
 4  74  30  52   4  13   0 0.00  0.0    0  5.8 16 160   M    M   0        20 150
 5  67  32  50   1  15   0 0.00  0.0    0  7.8 22 270   M    M   5        27 270
 6  62  24  43  -6  22   0 0.00  0.0    0  5.7 20  30   M    M   2        25  30
 7  65  34  50   1  15   0 0.00  0.0    0  6.4 21  40   M    M   0        28  40
 8  57  31  44  -6  21   0 0.02  0.0    0 13.3 29  20   M    M   5        34  30
 9  67  31  49  -1  16   0 0.00  0.0    0  7.0 15  80   M    M   0        21  60
10  71  28  50   0  15   0 0.00  0.0    0  6.2 22  40   M    M   2        27  40
11  62  47  55   5  10   0 0.00  0.0    0 18.7 28  20   M    M   6        35  40
12  62  47  55   4  10   0 0.00  0.0    0  9.2 25  40   M    M   7        31  50
13  59  44  52   1  13   0 0.08  0.0    0 10.8 22  20   M    M   8 1      29  20
14  68  43  56   5   9   0 0.00  0.0    0  8.6 21  30   M    M   6        26  30
15  69  49  59   7   6   0    T  0.0    0 13.7 23  40   M    M   6        27  30
16  66  46  56   4   9   0    T  0.0    0 11.7 24  60   M    M   6        29  50
17  61  40  51  -1  14   0 0.00  0.0    0 15.7 28  40   M    M   6        34  30
18  65  33  49  -3  16   0 0.00  0.0    0  6.7 16  70   M    M   0        21  50
19  67  35  51  -2  14   0 0.00  0.0    0  8.0 17  80   M    M   2        26 100
20  76  42  59   6   6   0 0.00  0.0    0  7.0 17  30   M    M   1        22  50
21  80  36  58   5   7   0 0.00  0.0    0  5.0 17  50   M    M   0        21  70
22  81  41  61   7   4   0 0.00  0.0    0  7.8 21  50   M    M   0        31  40
23  78  41  60   6   5   0 0.00  0.0    0  8.4 29  70   M    M   2        39  70
24  76  38  57   3   8   0 0.00  0.0    0  4.6 14  30   M    M   1        17  80
25  68  39  54   0  11   0 0.01  0.0    0  5.4 20 210   M    M   4        24 210
26  72  41  57   3   8   0    T  0.0    0  4.0 17 240   M    M   3 1      21 240
27  68  43  56   1   9   0    T  0.0    0  2.7 12 190   M    M   4        16 160
28  75  43  59   4   6   0    T    M    0  7.9 24  30   M    M   5 1      30  10
29  77  42  60   5   5   0 0.01  0.0    0  3.8 16  40   M    M   2 3      18  40
================================================================================
SM 2003 1091       330   0  0.12     0.0 230.4          M       86
================================================================================
AV 69.1 37.6                               7.9 FASTST   M    M   3    MAX(MPH)
                                 MISC ---->  # 29  20               # 39   70
================================================================================
NOTES:
# LAST OF SEVERAL OCCURRENCES

COLUMN 17 PEAK WIND IN M.P.H.

PRELIMINARY LOCAL CLIMATOLOGICAL DATA (WS FORM: F-6) , PAGE 2

                                          STATION:  KALISPELL MT
                                          MONTH:    MAY
                                          YEAR:     2015
                                          LATITUDE:   48 17 N
                                          LONGITUDE: 114 16 W

[TEMPERATURE DATA]      [PRECIPITATION DATA]       SYMBOLS USED IN COLUMN 16

AVERAGE MONTHLY: 53.3   TOTAL FOR MONTH:   0.12    1 = FOG OR MIST
DPTR FM NORMAL:   1.9   DPTR FM NORMAL:   -1.69    2 = FOG REDUCING VISIBILITY
HIGHEST:    81 ON 22    GRTST 24HR  0.08 ON 13-13      TO 1/4 MILE OR LESS
LOWEST:     24 ON  6                               3 = THUNDER
                        SNOW, ICE PELLETS, HAIL    4 = ICE PELLETS
                        TOTAL MONTH:   0.0 INCH    5 = HAIL
                        GRTST 24HR     0.0         6 = FREEZING RAIN OR DRIZZLE
                        GRTST DEPTH:   0           7 = DUSTSTORM OR SANDSTORM:
                                                       VSBY 1/2 MILE OR LESS
                                                   8 = SMOKE OR HAZE
[NO. OF DAYS WITH]      [WEATHER - DAYS WITH]      9 = BLOWING SNOW
                                                   X = TORNADO
MAX 32 OR BELOW:   0    0.01 INCH OR MORE:   4
MAX 90 OR ABOVE:   0    0.10 INCH OR MORE:   0
MIN 32 OR BELOW:   8    0.50 INCH OR MORE:   0
MIN  0 OR BELOW:   0    1.00 INCH OR MORE:   0

[HDD (BASE 65) ]
TOTAL THIS MO.   330    CLEAR  (SCALE 0-3)  16
DPTR FM NORMAL   -63    PTCLDY (SCALE 4-7)  13
TOTAL FM JUL 1  7204    CLOUDY (SCALE 8-10)  0
DPTR FM NORMAL  -600

[CDD (BASE 65) ]
TOTAL THIS MO.     0
DPTR FM NORMAL     0    [PRESSURE DATA]
TOTAL FM JAN 1     0    HIGHEST SLP M ON M
DPTR FM NORMAL     0    LOWEST  SLP 29.63 ON 15

[REMARKS]
