000
CXUS53 KGRB 290935
CF6GRB
PRELIMINARY LOCAL CLIMATOLOGICAL DATA (WS FORM: F-6)

                                          STATION:   GREEN BAY WI
                                          MONTH:     JUNE
                                          YEAR:      2015
                                          LATITUDE:   44 28 N
                                          LONGITUDE:  88  8 W

  TEMPERATURE IN F:       :PCPN:    SNOW:  WIND      :SUNSHINE: SKY     :PK WND
================================================================================
1   2   3   4   5  6A  6B    7    8   9   10  11  12  13   14  15   16   17  18
                                     12Z  AVG MX 2MIN
DY MAX MIN AVG DEP HDD CDD  WTR  SNW DPTH SPD SPD DIR MIN PSBL S-S WX    SPD DR
================================================================================

 1  65  44  55  -5  10   0 0.00  0.0    0  6.2 15  60   M    M   0        21  70
 2  72  41  57  -4   8   0 0.00  0.0    0  5.5 17 150   M    M   0        24 150
 3  76  48  62   1   3   0 0.00  0.0    0  9.5 20 160   M    M   0        26 140
 4  73  59  66   5   0   1 0.01  0.0    0  8.3 16 260   M    M   9 12     20 240
 5  70  52  61  -1   4   0 0.00  0.0    0 11.8 18  50   M    M   5 1      23  40
 6  73  44  59  -3   6   0 0.00  0.0    0  8.2 16 150   M    M   0        21 150
 7  81  58  70   8   0   5 0.50  0.0    0  8.8 21 270   M    M   6 138    26 260
 8  78  59  69   6   0   4 0.13  0.0    0  6.6 18  20   M    M   3 38     24 290
 9  83  54  69   6   0   4    T  0.0    0  5.9 15 140   M    M   1 18     19 140
10  82  58  70   7   0   5    T  0.0    0  9.2 18 290   M    M   1 8      25 280
11  67  56  62  -2   3   0 0.45  0.0    0  7.2 17  50   M    M   6 1      19  50
12  70  56  63  -1   2   0 0.36  0.0    0 11.3 18  60   M    M   5 1      24  40
13  63  56  60  -4   5   0 0.01  0.0    0  5.4 13 110   M    M  10 18     16 120
14  82  62  72   8   0   7 0.00  0.0    0  3.3 10 260   M    M   7 128    13 260
15  81  61  71   6   0   6 0.64  0.0    0  4.5 26 310   M    M   4 138    34 310
16  73  56  65   0   0   0 0.00  0.0    0  6.6 12  20   M    M   2         M  M
17  78  52  65   0   0   0 0.00  0.0    0  4.2 12 160   M    M   1        13 160
18  78  55  67   1   0   2    T  0.0    0  8.6 20  50   M    M   6 18     24  40
19  72  47  60  -6   5   0 0.00  0.0    0  4.6 13 120   M    M   0        15 150
20  75  49  62  -4   3   0 0.00  0.0    0  4.0 22 140   M    M   4 1      26 140
21  83  57  70   4   0   5 0.00  0.0    0  5.4 18 270   M    M   2 18     24 260
22  83  58  71   4   0   6 0.30  0.0    0 10.2 32 120   M    M   2 13     40 120
23  80  59  70   3   0   5 0.00  0.0    0  9.3 20 300   M    M   0        28 320
24  83  55  69   2   0   4 0.00  0.0    0  5.7 15  50   M    M   1        20  50
25  76  60  68   1   0   3 0.00  0.0    0  7.9 17  50   M    M   0 18     22  50
26  76  58  67  -1   0   2 0.00  0.0    0  7.8 14  40   M    M   1 18     17  30
27  79  54  67  -1   0   2 0.00  0.0    0  4.9 13  40   M    M   0        17  40
28  80  53  67  -1   0   2 0.00  0.0    0  5.6 16 230   M    M   1 1      21 220
================================================================================
SM 2132 1521        49  63  2.40     0.0 196.5          M       77
================================================================================
AV 76.1 54.3                               7.0 FASTST   M    M   3    MAX(MPH)
                                 MISC ---->  # 32 120               # 40  120
================================================================================
NOTES:
# LAST OF SEVERAL OCCURRENCES

COLUMN 17 PEAK WIND IN M.P.H.

PRELIMINARY LOCAL CLIMATOLOGICAL DATA (WS FORM: F-6) , PAGE 2

                                          STATION:  GREEN BAY WI
                                          MONTH:    JUNE
                                          YEAR:     2015
                                          LATITUDE:   44 28 N
                                          LONGITUDE:  88  8 W

[TEMPERATURE DATA]      [PRECIPITATION DATA]       SYMBOLS USED IN COLUMN 16

AVERAGE MONTHLY: 65.2   TOTAL FOR MONTH:   2.40    1 = FOG OR MIST
DPTR FM NORMAL:   0.8   DPTR FM NORMAL:   -1.23    2 = FOG REDUCING VISIBILITY
HIGHEST:    83 ON 24,22 GRTST 24HR  0.81 ON 11-12      TO 1/4 MILE OR LESS
LOWEST:     41 ON  2                               3 = THUNDER
                        SNOW, ICE PELLETS, HAIL    4 = ICE PELLETS
                        TOTAL MONTH:   0.0 INCH    5 = HAIL
                        GRTST 24HR     0.0         6 = FREEZING RAIN OR DRIZZLE
                        GRTST DEPTH:   0           7 = DUSTSTORM OR SANDSTORM:
                                                       VSBY 1/2 MILE OR LESS
                                                   8 = SMOKE OR HAZE
[NO. OF DAYS WITH]      [WEATHER - DAYS WITH]      9 = BLOWING SNOW
                                                   X = TORNADO
MAX 32 OR BELOW:   0    0.01 INCH OR MORE:   8
MAX 90 OR ABOVE:   0    0.10 INCH OR MORE:   6
MIN 32 OR BELOW:   0    0.50 INCH OR MORE:   2
MIN  0 OR BELOW:   0    1.00 INCH OR MORE:   0

[HDD (BASE 65) ]
TOTAL THIS MO.    49    CLEAR  (SCALE 0-3)  18
DPTR FM NORMAL   -40    PTCLDY (SCALE 4-7)   8
TOTAL FM JUL 1  7829    CLOUDY (SCALE 8-10)  2
DPTR FM NORMAL  -123

[CDD (BASE 65) ]
TOTAL THIS MO.    63
DPTR FM NORMAL   -11    [PRESSURE DATA]
TOTAL FM JAN 1    91    HIGHEST SLP M ON M
DPTR FM NORMAL    -1    LOWEST  SLP 29.50 ON M

[REMARKS]
