000
CXUS53 KGRB 260657
CF6GRB
PRELIMINARY LOCAL CLIMATOLOGICAL DATA (WS FORM: F-6)

                                          STATION:   GREEN BAY WI
                                          MONTH:     SEPTEMBER
                                          YEAR:      2016
                                          LATITUDE:   44 28 N
                                          LONGITUDE:  88  8 W

  TEMPERATURE IN F:       :PCPN:    SNOW:  WIND      :SUNSHINE: SKY     :PK WND
================================================================================
1   2   3   4   5  6A  6B    7    8   9   10  11  12  13   14  15   16   17  18
                                     12Z  AVG MX 2MIN
DY MAX MIN AVG DEP HDD CDD  WTR  SNW DPTH SPD SPD DIR MIN PSBL S-S WX    SPD DR
================================================================================

 1  71  53  62  -3   3   0 0.00  0.0    0 10.0 18  30   M    M   4        23  40
 2  76  48  62  -2   3   0 0.00  0.0    0  3.8 13 100   M    M   1        16  90
 3  77  48  63  -1   2   0 0.00  0.0    0  4.6 13 150   M    M   1 1      16 160
 4  80  51  66   2   0   1 0.00  0.0    0  7.6 18 150   M    M   3        22 180
 5  87  58  73  10   0   8 0.00  0.0    0  8.9 22 200   M    M   1 1      29 200
 6  87  69  78  15   0  13 0.48  0.0    0  6.9 16 320   M    M   3 138    21 210
 7  76  65  71   8   0   6 0.51  0.0    0  4.4 12 290   M    M   7 12     16 280
 8  83  57  70   8   0   5 0.00  0.0    0  6.5 17 260   M    M   6 12     23 270
 9  74  53  64   2   1   0    T  0.0    0  3.1 18 160   M    M   2 1      24 150
10  71  50  61  -1   4   0 0.82  0.0    0  7.9 23 310   M    M   6 13     30 310
11  75  46  61   0   4   0 0.00  0.0    0  6.7 16 200   M    M   0        22 220
12  79  54  67   6   0   2 0.00  0.0    0  9.0 21 210   M    M   1        29 210
13  70  57  64   4   1   0 0.36  0.0    0  6.7 18 350   M    M   7 13     27 190
14  72  51  62   2   3   0 0.01  0.0    0  4.5 13 110   M    M   4        15 130
15  77  49  63   3   2   0 0.00  0.0    0  6.1 18 140   M    M   3        22 150
16  79  61  70  11   0   5 0.23  0.0    0  9.7 21 180   M    M   4 13     27 170
17  78  58  68   9   0   3 0.00  0.0    0  7.9 20 270   M    M   2 1      26 280
18  77  51  64   6   1   0 0.00  0.0    0  5.5 13 200   M    M   1 1      17 200
19  77  56  67   9   0   2 0.09  0.0    0  6.1 16 300   M    M   2 13     23 220
20  82  51  67   9   0   2 0.00  0.0    0  4.6 14 200   M    M   4 12     19 200
21  73  57  65   8   0   0 1.08  0.0    0  5.6 26 290   M    M   5 13     37 280
22  73  62  68  11   0   3 0.37  0.0    0  7.9 21  40   M    M   9 13     26  40
23  69  57  63   7   2   0 0.00  0.0    0 10.9 21  50   M    M   7        26  40
24  70  53  62   6   3   0 0.00  0.0    0  6.1 14 150   M    M   3        18 110
25  77  57  67  12   0   2 0.16  0.0    0 10.1 21 150   M    M   5 13     25 140
================================================================================
SM 1910 1372        29  52  4.11     0.0 171.1          M       91
================================================================================
AV 76.4 54.9                               6.8 FASTST   M    M   4    MAX(MPH)
                                 MISC ---->  # 26 290               # 37  280
================================================================================
NOTES:
# LAST OF SEVERAL OCCURRENCES

COLUMN 17 PEAK WIND IN M.P.H.

PRELIMINARY LOCAL CLIMATOLOGICAL DATA (WS FORM: F-6) , PAGE 2

                                          STATION:  GREEN BAY WI
                                          MONTH:    SEPTEMBER
                                          YEAR:     2016
                                          LATITUDE:   44 28 N
                                          LONGITUDE:  88  8 W

[TEMPERATURE DATA]      [PRECIPITATION DATA]       SYMBOLS USED IN COLUMN 16

AVERAGE MONTHLY: 65.6   TOTAL FOR MONTH:   4.11    1 = FOG OR MIST
DPTR FM NORMAL:   5.4   DPTR FM NORMAL:    1.54    2 = FOG REDUCING VISIBILITY
HIGHEST:    87 ON  6, 5 GRTST 24HR  1.35 ON 21-22      TO 1/4 MILE OR LESS
LOWEST:     46 ON 11                               3 = THUNDER
                        SNOW, ICE PELLETS, HAIL    4 = ICE PELLETS
                        TOTAL MONTH:   0.0 INCH    5 = HAIL
                        GRTST 24HR     0.0         6 = FREEZING RAIN OR DRIZZLE
                        GRTST DEPTH:   0           7 = DUSTSTORM OR SANDSTORM:
                                                       VSBY 1/2 MILE OR LESS
                                                   8 = SMOKE OR HAZE
[NO. OF DAYS WITH]      [WEATHER - DAYS WITH]      9 = BLOWING SNOW
                                                   X = TORNADO
MAX 32 OR BELOW:   0    0.01 INCH OR MORE:  10
MAX 90 OR ABOVE:   0    0.10 INCH OR MORE:   8
MIN 32 OR BELOW:   0    0.50 INCH OR MORE:   3
MIN  0 OR BELOW:   0    1.00 INCH OR MORE:   1

[HDD (BASE 65) ]
TOTAL THIS MO.    29    CLEAR  (SCALE 0-3)  12
DPTR FM NORMAL  -122    PTCLDY (SCALE 4-7)  12
TOTAL FM JUL 1    42    CLOUDY (SCALE 8-10)  1
DPTR FM NORMAL  -172

[CDD (BASE 65) ]
TOTAL THIS MO.    52
DPTR FM NORMAL    20    [PRESSURE DATA]
TOTAL FM JAN 1   574    HIGHEST SLP M ON M
DPTR FM NORMAL   180    LOWEST  SLP 29.75 ON 10

[REMARKS]
