000
CXUS53 KGRB 250746
CF6GRB
PRELIMINARY LOCAL CLIMATOLOGICAL DATA (WS FORM: F-6)

                                          STATION:   GREEN BAY WI
                                          MONTH:     APRIL
                                          YEAR:      2017
                                          LATITUDE:   44 28 N
                                          LONGITUDE:  88  8 W

  TEMPERATURE IN F:       :PCPN:    SNOW:  WIND      :SUNSHINE: SKY     :PK WND
================================================================================
1   2   3   4   5  6A  6B    7    8   9   10  11  12  13   14  15   16   17  18
                                     12Z  AVG MX 2MIN
DY MAX MIN AVG DEP HDD CDD  WTR  SNW DPTH SPD SPD DIR MIN PSBL S-S WX    SPD DR
================================================================================

 1  63  31  47   9  18   0 0.00  0.0    0  5.8 14 210   M    M   1        17 210
 2  58  37  48  10  17   0 0.09  0.0    0  6.8 15 190   M    M   5        18 190
 3  46  43  45   7  20   0 0.18  0.0    0 12.6 25  30   M    M  10 1      32  40
 4  62  38  50  11  15   0 0.18  0.0    0  9.9 18 310   M    M   5        27 300
 5  47  35  41   2  24   0 0.00  0.0    0  9.8 24  20   M    M   3        29  40
 6  52  36  44   4  21   0 0.00  0.0    0 18.8 29 360   M    M   0        37 360
 7  58  33  46   6  19   0 0.00  0.0    0  8.5 15 300   M    M   0        18 360
 8  67  34  51  10  14   0 0.00  0.0    0 10.7 21 160   M    M   0        27 180
 9  74  55  65  24   0   0 0.00  0.0    0 10.6 18 190   M    M   4        25 210
10  66  36  51   9  14   0 0.15  0.0    0 16.4 29  50   M    M   9 13     36  40
11  45  34  40  -2  25   0 0.05  0.0    0  8.8 17 290   M    M  10 1      22 300
12  54  32  43   1  22   0 0.01  0.0    0  4.7 13 160   M    M   4        15 140
13  55  37  46   3  19   0 0.11  0.0    0  6.4 13  40   M    M   7        17  50
14  60  36  48   5  17   0 0.01    M    0  9.0 21 120   M    M   2        24 130
15  74  50  62  18   3   0 1.18  0.0    0  8.3 21 200   M    M   9 13     28 200
16  67  46  57  13   8   0 0.02  0.0    0 13.8 35 270   M    M   3 13     45 260
17  51  39  45   0  20   0 0.00  0.0    0 10.3 17  40   M    M   4 1      22  40
18  62  37  50   5  15   0    T  0.0    0 11.6 22 170   M    M   3        28 170
19  61  41  51   6  14   0 0.12  0.0    0 13.0 29  10   M    M   6 138    36  10
20  48  41  45  -1  20   0 0.97  0.0    0 10.4 25  20   M    M   9 13     32  60
21  60  39  50   4  15   0 0.00  0.0    0 10.3 22 310   M    M   4        29 310
22  64  34  49   2  16   0 0.00  0.0    0  5.3 12 190   M    M   0        16 200
23  57  38  48   1  17   0 0.00  0.0    0 12.6 28  40   M    M   0        32  40
24  68  34  51   4  14   0 0.00  0.0    0  8.7 22 150   M    M   0        26 150
================================================================================
SM 1419  916       387   0  3.07     0.0 243.1          M       98
================================================================================
AV 59.1 38.2                              10.1 FASTST   M    M   4    MAX(MPH)
                                 MISC ---->  # 35 270               # 45  260
================================================================================
NOTES:
# LAST OF SEVERAL OCCURRENCES

COLUMN 17 PEAK WIND IN M.P.H.

PRELIMINARY LOCAL CLIMATOLOGICAL DATA (WS FORM: F-6) , PAGE 2

                                          STATION:  GREEN BAY WI
                                          MONTH:    APRIL
                                          YEAR:     2017
                                          LATITUDE:   44 28 N
                                          LONGITUDE:  88  8 W

[TEMPERATURE DATA]      [PRECIPITATION DATA]       SYMBOLS USED IN COLUMN 16

AVERAGE MONTHLY: 48.7   TOTAL FOR MONTH:   3.07    1 = FOG OR MIST
DPTR FM NORMAL:   6.1   DPTR FM NORMAL:    0.98    2 = FOG REDUCING VISIBILITY
HIGHEST:    74 ON 15, 9 GRTST 24HR  1.18 ON 15-15      TO 1/4 MILE OR LESS
LOWEST:     31 ON  1                               3 = THUNDER
                        SNOW, ICE PELLETS, HAIL    4 = ICE PELLETS
                        TOTAL MONTH:   0.0 INCH    5 = HAIL
                        GRTST 24HR     0.0         6 = FREEZING RAIN OR DRIZZLE
                        GRTST DEPTH:   0           7 = DUSTSTORM OR SANDSTORM:
                                                       VSBY 1/2 MILE OR LESS
                                                   8 = SMOKE OR HAZE
[NO. OF DAYS WITH]      [WEATHER - DAYS WITH]      9 = BLOWING SNOW
                                                   X = TORNADO
MAX 32 OR BELOW:   0    0.01 INCH OR MORE:  12
MAX 90 OR ABOVE:   0    0.10 INCH OR MORE:   7
MIN 32 OR BELOW:   2    0.50 INCH OR MORE:   2
MIN  0 OR BELOW:   0    1.00 INCH OR MORE:   1

[HDD (BASE 65) ]
TOTAL THIS MO.   387    CLEAR  (SCALE 0-3)   9
DPTR FM NORMAL  -152    PTCLDY (SCALE 4-7)  10
TOTAL FM JUL 1  5984    CLOUDY (SCALE 8-10)  5
DPTR FM NORMAL -1455

[CDD (BASE 65) ]
TOTAL THIS MO.     0
DPTR FM NORMAL     0    [PRESSURE DATA]
TOTAL FM JAN 1     0    HIGHEST SLP M ON M
DPTR FM NORMAL     0    LOWEST  SLP 29.47 ON M

[REMARKS]
