000
CXUS53 KGRR 241017
CF6GRR
PRELIMINARY LOCAL CLIMATOLOGICAL DATA (WS FORM: F-6)

                                          STATION:   GRAND RAPIDS
                                          MONTH:     FEBRUARY
                                          YEAR:      2018
                                          LATITUDE:   42 52 N
                                          LONGITUDE:  85 31 W

  TEMPERATURE IN F:       :PCPN:    SNOW:  WIND      :SUNSHINE: SKY     :PK WND
================================================================================
1   2   3   4   5  6A  6B    7    8   9   10  11  12  13   14  15   16   17  18
                                     12Z  AVG MX 2MIN
DY MAX MIN AVG DEP HDD CDD  WTR  SNW DPTH SPD SPD DIR MIN PSBL S-S WX    SPD DR
================================================================================

 1  35  10  23  -1  42   0    T    T    0 15.8 25 300 245   41   7        33 290
 2  17  10  14 -11  51   0 0.01  0.3    0 11.0 21 270 601    4   9 8      25 280
 3  33  14  24  -1  41   0 0.23  3.6    1 12.4 23 250   0    0  10 1      29 220
 4  30  14  22  -3  43   0 0.30  4.7    4 11.5 21 360   0    0  10 1      28 220
 5  18  11  15 -10  50   0 0.03  0.3    6 13.3 24 250 140   23   8 1      28 250
 6  23  11  17  -8  48   0 0.03  0.7    5  5.4 12 220 130   21   9 1      15 260
 7  24  14  19  -6  46   0 0.11  1.4    6  5.1 14 250  52    8   9 1      16 250
 8  21  14  18  -7  47   0 0.06  1.4    6 10.7 23 250  36    6  10 18     27 250
 9  22  16  19  -7  46   0 0.31  4.1    7  7.0 14  60   0    0  10 128    16  70
10  23  14  19  -7  46   0 0.02  0.3    8  4.6 10  10   0    0  10 8      12  10
11  26  16  21  -5  44   0 0.29  3.6   10  8.7 18 270   0    0   9 128    24 270
12  27  13  20  -6  45   0 0.00  0.0   10  6.6 12 270 572   91   3        13 270
13  30   7  19  -7  46   0 0.00  0.0    9  4.9 13 190  80   13   6        15 150
14  46  22  34   8  31   0 0.01  0.0    9 10.9 16 200 624   99   3 18     21 210
15  46  37  42  15  23   0    T  0.0    4  9.4 23 250  12    2   9 128    31 250
16  38  20  29   2  36   0    T    T    2 11.0 20 320 228   36   7        25 320
17  35  19  27   0  38   0 0.02  0.3    2  8.5 17 260  69   11   7 18     20 260
18  40  29  35   8  30   0 0.00  0.0    2 12.4 22 170 466   72   8 18     27 290
19  57  37  47  19  18   0 0.48  0.0    1  9.2 20 210   0    0   9 18     26 190
20  63  40  52  24  13   0 2.53  0.0    0 11.5 24 200   0    0  10 1      30 210
21  40  29  35   7  30   0 0.30    T    0  8.9 17 310  61    9  10 146    23 310
22  40  28  34   6  31   0 0.00  0.0    0 12.4 22  90 394   60   7        26  80
23  44  33  39  10  26   0 0.11  0.0    0 12.1 23 270   0    0  10 18     30 270
================================================================================
SM  778  458       871   0  4.84    20.7 223.3         3710    190
================================================================================
AV 33.8 19.9                               9.7 FASTST  161  22   8    MAX(MPH)
                                 MISC ---->  # 25 300               # 33  290
================================================================================
NOTES:
# LAST OF SEVERAL OCCURRENCES

COLUMN 17 PEAK WIND IN M.P.H.

PRELIMINARY LOCAL CLIMATOLOGICAL DATA (WS FORM: F-6) , PAGE 2

                                          STATION:  GRAND RAPIDS
                                          MONTH:    FEBRUARY
                                          YEAR:     2018
                                          LATITUDE:   42 52 N
                                          LONGITUDE:  85 31 W

[TEMPERATURE DATA]      [PRECIPITATION DATA]       SYMBOLS USED IN COLUMN 16

AVERAGE MONTHLY: 26.9   TOTAL FOR MONTH:   4.84    1 = FOG OR MIST
DPTR FM NORMAL:   0.6   DPTR FM NORMAL:    3.42    2 = FOG REDUCING VISIBILITY
HIGHEST:    63 ON 20    GRTST 24HR  2.53 ON 20-20      TO 1/4 MILE OR LESS
LOWEST:      7 ON 13                               3 = THUNDER
                        SNOW, ICE PELLETS, HAIL    4 = ICE PELLETS
                        TOTAL MONTH:  20.7 INCHES  5 = HAIL
                        GRTST 24HR   4.7 ON  4- 4  6 = FREEZING RAIN OR DRIZZLE
                        GRTST DEPTH:  10 ON 12,11  7 = DUSTSTORM OR SANDSTORM:
                                                       VSBY 1/2 MILE OR LESS
                                                   8 = SMOKE OR HAZE
[NO. OF DAYS WITH]      [WEATHER - DAYS WITH]      9 = BLOWING SNOW
                                                   X = TORNADO
MAX 32 OR BELOW:  11    0.01 INCH OR MORE:  16
MAX 90 OR ABOVE:   0    0.10 INCH OR MORE:   9
MIN 32 OR BELOW:  19    0.50 INCH OR MORE:   1
MIN  0 OR BELOW:   0    1.00 INCH OR MORE:   1

[HDD (BASE 65) ]
TOTAL THIS MO.   871    CLEAR  (SCALE 0-3)   1
DPTR FM NORMAL   -19    PTCLDY (SCALE 4-7)   7
TOTAL FM JUL 1  4549    CLOUDY (SCALE 8-10) 15
DPTR FM NORMAL   -48

[CDD (BASE 65) ]
TOTAL THIS MO.     0
DPTR FM NORMAL     0    [PRESSURE DATA]
TOTAL FM JAN 1     0    HIGHEST SLP M ON M
DPTR FM NORMAL     0    LOWEST  SLP 29.65 ON 15

[REMARKS]
