000
CXUS53 KIWX 270800
CF6GSH
PRELIMINARY LOCAL CLIMATOLOGICAL DATA (WS FORM: F-6)

                                          STATION:   GOSHEN
                                          MONTH:     AUGUST
                                          YEAR:      2015
                                          LATITUDE:   41 31 N
                                          LONGITUDE:  85 47 W

  TEMPERATURE IN F:       :PCPN:    SNOW:  WIND      :SUNSHINE: SKY     :PK WND
================================================================================
1   2   3   4   5  6A  6B    7    8   9   10  11  12  13   14  15   16   17  18
                                     12Z  AVG MX 2MIN
DY MAX MIN AVG DEP HDD CDD  WTR  SNW DPTH SPD SPD DIR MIN PSBL S-S WX    SPD DR
================================================================================

 1  82  58  70  -1   0   5 0.00  0.0    0  6.8 17 300   M    M   2        23 290
 2  90  63  77   6   0  12 0.71  0.0    0 13.9 28 230   M    M   1 13     39 220
 3  80  60  70  -1   0   5 0.34  0.0    0  7.5 21 280   M    M   3 13     25 290
 4  79  58  69  -2   0   4 0.00  0.0    0  5.1 16 270   M    M   2        19 260
 5  80  56  68  -3   0   3 0.00  0.0    0  1.9  8 190   M    M   2 1      10 190
 6  79  60  70  -1   0   5 0.00  0.0    0  7.2 18 120   M    M   1        24 120
 7  79  55  67  -4   0   2 0.00  0.0    0  3.8 10  80   M    M   2        14 120
 8  83  64  74   3   0   9    T  0.0    0  5.8 15 200   M    M   6 123    18 200
 9  78  66  72   1   0   7    T  0.0    0  3.3  7 210   M    M   8 128     9 250
10  81  65  73   2   0   8 0.55  0.0    0  5.0 21 300   M    M   6 138    29 300
11  79  64  72   2   0   7 0.00  0.0    0  9.8 20 330   M    M   3 1      24 310
12  76  56  66  -4   0   1 0.00  0.0    0  5.6 13 310   M    M   2 1      17  20
13  83  56  70   0   0   5 0.00  0.0    0  6.8 16 230   M    M   0        20 270
14  85  64  75   5   0  10 0.23  0.0    0  9.5 32 320   M    M   2 13     43 320
15  84  62  73   3   0   8 0.11  0.0    0  4.9 14 260   M    M   1 138    16 260
16  87  67  77   7   0  12 0.00  0.0    0  5.7 14 260   M    M   3 18     23 220
17  84  67  76   6   0  11 0.64  0.0    0  5.9 15  90   M    M   2 138    21 150
18  82  65  74   4   0   9    T  0.0    0  8.2 18 180   M    M   3 1      22 180
19  82  64  73   3   0   8 0.12  0.0    0 11.6 22 220   M    M   5 1      27 210
20  72  57  65  -5   0   0 0.01  0.0    0 13.7 25 250   M    M   5        33 250
21  78  51  65  -5   0   0 0.00  0.0    0  3.8 12 200   M    M   1        14 190
22  80  55  68  -2   0   3 0.00  0.0    0  5.0 17 140   M    M   0 1      22 130
23  83  59  71   1   0   6 0.51  0.0    0  9.7 22 250   M    M   4 13     27 270
24  73  56  65  -4   0   0    T  0.0    0 11.8 26 260   M    M   4        32 270
25  64  56  60  -9   5   0 0.00  0.0    0  7.0 18 280   M    M  10 8      21 290
26  66  53  60  -9   5   0 0.02  0.0    0  5.8 13 330   M    M   9 18     16 330
================================================================================
SM 2069 1557        10 140  3.24     0.0 185.1          M       87
================================================================================
AV 79.6 59.9                               7.1 FASTST   M    M   3    MAX(MPH)
                                 MISC ---->  # 32 320               # 43  320
================================================================================
NOTES:
# LAST OF SEVERAL OCCURRENCES

COLUMN 17 PEAK WIND IN M.P.H.

PRELIMINARY LOCAL CLIMATOLOGICAL DATA (WS FORM: F-6) , PAGE 2

                                          STATION:  GOSHEN
                                          MONTH:    AUGUST
                                          YEAR:     2015
                                          LATITUDE:   41 31 N
                                          LONGITUDE:  85 47 W

[TEMPERATURE DATA]      [PRECIPITATION DATA]       SYMBOLS USED IN COLUMN 16

AVERAGE MONTHLY: 69.7   TOTAL FOR MONTH:   3.24    1 = FOG OR MIST
DPTR FM NORMAL:  -0.5   DPTR FM NORMAL:   -0.74    2 = FOG REDUCING VISIBILITY
HIGHEST:    90 ON  2    GRTST 24HR  1.05 ON  2- 3      TO 1/4 MILE OR LESS
LOWEST:     51 ON 21                               3 = THUNDER
                        SNOW, ICE PELLETS, HAIL    4 = ICE PELLETS
                        TOTAL MONTH:   0.0 INCH    5 = HAIL
                        GRTST 24HR     0.0         6 = FREEZING RAIN OR DRIZZLE
                        GRTST DEPTH:   0           7 = DUSTSTORM OR SANDSTORM:
                                                       VSBY 1/2 MILE OR LESS
                                                   8 = SMOKE OR HAZE
[NO. OF DAYS WITH]      [WEATHER - DAYS WITH]      9 = BLOWING SNOW
                                                   X = TORNADO
MAX 32 OR BELOW:   0    0.01 INCH OR MORE:  10
MAX 90 OR ABOVE:   1    0.10 INCH OR MORE:   8
MIN 32 OR BELOW:   0    0.50 INCH OR MORE:   4
MIN  0 OR BELOW:   0    1.00 INCH OR MORE:   0

[HDD (BASE 65) ]
TOTAL THIS MO.    10    CLEAR  (SCALE 0-3)  16
DPTR FM NORMAL     8    PTCLDY (SCALE 4-7)   8
TOTAL FM JUL 1    18    CLOUDY (SCALE 8-10)  2
DPTR FM NORMAL    10

[CDD (BASE 65) ]
TOTAL THIS MO.   140
DPTR FM NORMAL    -7    [PRESSURE DATA]
TOTAL FM JAN 1   523    HIGHEST SLP M ON M
DPTR FM NORMAL   -46    LOWEST  SLP 29.62 ON  2

[REMARKS]
