000
CXGM50 PGUM 291850
CF6GSN
PRELIMINARY LOCAL CLIMATOLOGICAL DATA (WS FORM: F-6)

                                          STATION:   SAIPAN/ISLEY_(CGS) MP
                                          MONTH:     SEPTEMBER
                                          YEAR:      2016
                                          LATITUDE:   15  7 N
                                          LONGITUDE: 145-44 E

  TEMPERATURE IN F:       :PCPN:    SNOW:  WIND      :SUNSHINE: SKY     :PK WND
================================================================================
1   2   3   4   5  6A  6B    7    8   9   10  11  12  13   14  15   16   17  18
                                     12Z  AVG MX 2MIN
DY MAX MIN AVG DEP HDD CDD  WTR  SNW DPTH SPD SPD DIR MIN PSBL S-S WX    SPD DR
================================================================================

 1  90  76  83   M   0  18 1.22  0.0    0  6.5 21 310   M    M   5 1      31 300
 2  89  78  84   M   0  19 0.07  0.0    0  7.0 16 280   M    M   6 1      21 310
 3  90  80  85   M   0  20    T  0.0    0  7.3 13 100   M    M   6        20 200
 4  90  81  86   M   0  21 0.02  0.0    0  8.2 14  90   M    M   6 1      20 100
 5  90  81  86   M   0  21 0.08  0.0    0 10.5 18  70   M    M   6 18     24  70
 6  91  81  86   M   0  21 0.12  0.0    0  9.6 20  90   M    M   6 1      23 100
 7  88  80  84   M   0  19 0.19  0.0    0  5.9 21  90   M    M   6 1      24 110
 8  88  79  84   M   0  19 0.03  0.0    0  5.9 15 150   M    M   7 1      18 150
 9  89  79  84   M   0  19 0.12  0.0    0  9.8 16 160   M    M   5 1      24 170
10  88  79  84   M   0  19 0.00  0.0    0  8.1 13 190   M    M   4        20 190
11  86  77  82   M   0  17 0.00  0.0    0 11.3 23  70   M    M   7 8      33  90
12  88  79  84   M   0  19 0.20  0.0    0 13.4 20  90   M    M   5 13     28  90
13  89  78  84   M   0  19 1.88  0.0    0 11.5 23  70   M    M   4 1      29  60
14  86  78  82   M   0  17 1.66  0.0    0 11.1 26 120   M    M   6 13     36 110
15  86  76  81   M   0  16 3.14  0.0    0  7.0 15 120   M    M   7 1      21 160
16  89  81  85   M   0  20    T  0.0    0  7.0 16 190   M    M   6        21 170
17  87  78  83   M   0  18 0.09  0.0    0  2.7  9  60   M    M   6        12 300
18  84  76  80   M   0  15 0.68  0.0    0  4.0 18  60   M    M   7 1      23  50
19  89  78  84   M   0  19    T  0.0    0  6.0 13 110   M    M   4        15  90
20  89  77  83   M   0  18 0.92  0.0    0  8.7 24  70   M    M   6 18     29  70
21  90  78  84   M   0  19 0.13  0.0    0 12.8 25  60   M    M   5 1      31  90
22  87  76  82   M   0  17 1.86  0.0    0 14.8 31 140   M    M   7 18     40 140
23  83  77  80   M   0  15 1.15  0.0    0  9.9 25 150   M    M   7 13     35 150
24  90  79  85   M   0  20 0.01  0.0    0  6.2 14  70   M    M   5        18  90
25  90  77  84   M   0  19 0.96  0.0    0  6.0 23 130   M    M   7 13     28 120
26  90  77  84   M   0  19    T  0.0    0  8.4 18  80   M    M   5        24  80
27  90  80  85   M   0  20 0.26  0.0    0  6.9 18  50   M    M   6 1      23  40
28  90  80  85   M   0  20 0.29  0.0    0 12.7 28  60   M    M   7 18     37  70
29  88  78  83   M   0  18 0.20  0.0    0 11.9 22 100   M    M   7 1      29 150
================================================================================
SM 2564 2274         0 541 15.28     0.0 251.1          M      171
================================================================================
AV 88.4 78.4                               8.7 FASTST   M    M   6    MAX(MPH)
                                 MISC ---->  # 31 140               # 40  140
================================================================================
NOTES:
# LAST OF SEVERAL OCCURRENCES

COLUMN 17 PEAK WIND IN M.P.H.

PRELIMINARY LOCAL CLIMATOLOGICAL DATA (WS FORM: F-6) , PAGE 2

                                          STATION:  SAIPAN/ISLEY_(CGS) MP
                                          MONTH:    SEPTEMBER
                                          YEAR:     2016
                                          LATITUDE:   15  7 N
                                          LONGITUDE: 145-44 E

[TEMPERATURE DATA]      [PRECIPITATION DATA]       SYMBOLS USED IN COLUMN 16

AVERAGE MONTHLY: 83.4   TOTAL FOR MONTH:  15.28    1 = FOG OR MIST
DPTR FM NORMAL:     M   DPTR FM NORMAL:    5.40    2 = FOG REDUCING VISIBILITY
HIGHEST:    91 ON  6    GRTST 24HR  4.75 ON 14-15      TO 1/4 MILE OR LESS
LOWEST:     76 ON 22,18                            3 = THUNDER
                        SNOW, ICE PELLETS, HAIL    4 = ICE PELLETS
                        TOTAL MONTH:   0.0 INCH    5 = HAIL
                        GRTST 24HR     0.0         6 = FREEZING RAIN OR DRIZZLE
                        GRTST DEPTH:   0           7 = DUSTSTORM OR SANDSTORM:
                                                       VSBY 1/2 MILE OR LESS
                                                   8 = SMOKE OR HAZE
[NO. OF DAYS WITH]      [WEATHER - DAYS WITH]      9 = BLOWING SNOW
                                                   X = TORNADO
MAX 32 OR BELOW:   0    0.01 INCH OR MORE:  23
MAX 90 OR ABOVE:  11    0.10 INCH OR MORE:  17
MIN 32 OR BELOW:   0    0.50 INCH OR MORE:   9
MIN  0 OR BELOW:   0    1.00 INCH OR MORE:   6

[HDD (BASE 65) ]
TOTAL THIS MO.     0    CLEAR  (SCALE 0-3)   0
DPTR FM NORMAL     M    PTCLDY (SCALE 4-7)  29
TOTAL FM JUL 1     0    CLOUDY (SCALE 8-10)  0
DPTR FM NORMAL     M

[CDD (BASE 65) ]
TOTAL THIS MO.   541
DPTR FM NORMAL     M    [PRESSURE DATA]
TOTAL FM JAN 1  4704    HIGHEST SLP M ON M
DPTR FM NORMAL     M    LOWEST  SLP 29.71 ON 28

[REMARKS]
