000
CXUS52 KRAH 301345
CF6GSO
PRELIMINARY LOCAL CLIMATOLOGICAL DATA (WS FORM: F-6)

                                          STATION:   PIEDMONT TRIAD INTL AIRPORT NC
                                          MONTH:     JULY
                                          YEAR:      2015
                                          LATITUDE:   36  4 N
                                          LONGITUDE:  79 57 W

  TEMPERATURE IN F:       :PCPN:    SNOW:  WIND      :SUNSHINE: SKY     :PK WND
================================================================================
1   2   3   4   5  6A  6B    7    8   9   10  11  12  13   14  15   16   17  18
                                     12Z  AVG MX 2MIN
DY MAX MIN AVG DEP HDD CDD  WTR  SNW DPTH SPD SPD DIR MIN PSBL S-S WX    SPD DR
================================================================================

 1  87  67  77  -1   0  12 0.00  0.0    0  7.5 21 240   M    M   8 138    28 240
 2  86  71  79   1   0  14 0.06  0.0    0  6.6 20 290   M    M   9 18     23 280
 3  78  68  73  -5   0   8 0.39  0.0    0  4.2 16 140   M    M   9 1      31 100
 4  86  68  77  -1   0  12 0.00  0.0    0  8.1 15 270   M    M   7        21 250
 5  88  70  79   1   0  14 0.44  0.0    0  6.7 28 190   M    M   8 1238   39 200
 6  88  70  79   1   0  14    T  0.0    0  7.7 21 310   M    M   8 8      28 310
 7  90  69  80   2   0  15 0.00  0.0    0  5.2 15 160   M    M   4        18 160
 8  91  73  82   4   0  17 0.00  0.0    0  7.1 17 270   M    M   8        22 260
 9  94  73  84   5   0  19 0.00  0.0    0  8.8 20 230   M    M   6        25 250
10  95  73  84   5   0  19 0.00  0.0    0  6.1 17 300   M    M   3        36 310
11  91  72  82   3   0  17 0.00  0.0    0  7.5 17 320   M    M   6        23 320
12  88  68  78  -1   0  13    T  0.0    0  4.2 10 160   M    M   7        14 170
13  93  67  80   1   0  15 1.44  0.0    0  5.3 53 290   M    M   8 138    74 290
14  88  68  78  -1   0  13 0.03  0.0    0  9.7 18 240   M    M   8 1      24 240
15  86  71  79   0   0  14 0.00  0.0    0  8.7 18 320   M    M   6        23 320
16  85  70  78  -1   0  13 0.00  0.0    0  5.9 15  70   M    M   6        18  70
17  88  68  78  -1   0  13 0.00  0.0    0  4.3 12 170   M    M   6        14 170
18  95  74  85   6   0  20 0.00  0.0    0  7.8 20 190   M    M   6 3      24 190
19  94  72  83   4   0  18 0.07  0.0    0  6.5 26 280   M    M   6 138    35 280
20  94  73  84   5   0  19 0.13  0.0    0  6.5 16 290   M    M   8 13     18 280
21  93  73  83   4   0  18 0.01  0.0    0  7.1 21 310   M    M   7 13     28 310
22  89  72  81   2   0  16 0.00  0.0    0  4.5 13 300   M    M   7        17 310
23  83  71  77  -2   0  12 0.06  0.0    0  6.7 14  60   M    M  10 18     16  60
24  88  70  79   1   0  14 0.00  0.0    0  5.8 14  70   M    M   5 1      18  60
25  88  68  78   0   0  13 0.00  0.0    0  5.1 13 190   M    M   5 18     17 150
26  90  69  80   2   0  15 0.00  0.0    0  7.2 14 150   M    M   7        20 160
27  91  72  82   4   0  17 0.01  0.0    0  6.4 17 180   M    M   7 1      31 200
28  89  71  80   2   0  15 0.07  0.0    0  4.3 16 170   M    M   8 13     23 170
29  89  72  81   3   0  16 0.02  0.0    0  3.4 14 290   M    M   7 1      17 290
================================================================================
SM 2585 2043         0 435  2.73     0.0 184.9          M      200
================================================================================
AV 89.1 70.4                               6.4 FASTST   M    M   7    MAX(MPH)
                                 MISC ---->  # 53 290               # 74  290
================================================================================
NOTES:
# LAST OF SEVERAL OCCURRENCES

COLUMN 17 PEAK WIND IN M.P.H.

PRELIMINARY LOCAL CLIMATOLOGICAL DATA (WS FORM: F-6) , PAGE 2

                                          STATION:  PIEDMONT TRIAD INTL AIRPORT NC
                                          MONTH:    JULY
                                          YEAR:     2015
                                          LATITUDE:   36  4 N
                                          LONGITUDE:  79 57 W

[TEMPERATURE DATA]      [PRECIPITATION DATA]       SYMBOLS USED IN COLUMN 16

AVERAGE MONTHLY: 79.8   TOTAL FOR MONTH:   2.73    1 = FOG OR MIST
DPTR FM NORMAL:   1.3   DPTR FM NORMAL:   -1.43    2 = FOG REDUCING VISIBILITY
HIGHEST:    95 ON 18,10 GRTST 24HR  1.44 ON 13-13      TO 1/4 MILE OR LESS
LOWEST:     67 ON 13, 1                            3 = THUNDER
                        SNOW, ICE PELLETS, HAIL    4 = ICE PELLETS
                        TOTAL MONTH:   0.0 INCH    5 = HAIL
                        GRTST 24HR     0.0         6 = FREEZING RAIN OR DRIZZLE
                        GRTST DEPTH:   0           7 = DUSTSTORM OR SANDSTORM:
                                                       VSBY 1/2 MILE OR LESS
                                                   8 = SMOKE OR HAZE
[NO. OF DAYS WITH]      [WEATHER - DAYS WITH]      9 = BLOWING SNOW
                                                   X = TORNADO
MAX 32 OR BELOW:   0    0.01 INCH OR MORE:  12
MAX 90 OR ABOVE:  12    0.10 INCH OR MORE:   4
MIN 32 OR BELOW:   0    0.50 INCH OR MORE:   1
MIN  0 OR BELOW:   0    1.00 INCH OR MORE:   1

[HDD (BASE 65) ]
TOTAL THIS MO.     0    CLEAR  (SCALE 0-3)   1
DPTR FM NORMAL     0    PTCLDY (SCALE 4-7)  23
TOTAL FM JUL 1     0    CLOUDY (SCALE 8-10)  5
DPTR FM NORMAL     0

[CDD (BASE 65) ]
TOTAL THIS MO.   435
DPTR FM NORMAL    39    [PRESSURE DATA]
TOTAL FM JAN 1  1088    HIGHEST SLP M ON M
DPTR FM NORMAL   226    LOWEST  SLP 29.61 ON 14

[REMARKS]
