000
CXUS52 KRAH 161345
CF6GSO
PRELIMINARY LOCAL CLIMATOLOGICAL DATA (WS FORM: F-6)

                                          STATION:   PIEDMONT TRIAD INTL AIRPORT NC
                                          MONTH:     JANUARY
                                          YEAR:      2017
                                          LATITUDE:   36  4 N
                                          LONGITUDE:  79 57 W

  TEMPERATURE IN F:       :PCPN:    SNOW:  WIND      :SUNSHINE: SKY     :PK WND
================================================================================
1   2   3   4   5  6A  6B    7    8   9   10  11  12  13   14  15   16   17  18
                                     12Z  AVG MX 2MIN
DY MAX MIN AVG DEP HDD CDD  WTR  SNW DPTH SPD SPD DIR MIN PSBL S-S WX    SPD DR
================================================================================

 1  49  40  45   6  20   0 0.16  0.0    0  6.4 20 230   M    M  10 1      26 240
 2  48  44  46   7  19   0 0.81  0.0    0  8.0 15  50   M    M   9 1      19  50
 3  52  42  47   8  18   0 0.48  0.0    0  8.2 17  70   M    M   9 1      22 240
 4  57  36  47   8  18   0 0.00  0.0    0 10.8 26 310   M    M   8 1      33 320
 5  39  28  34  -5  31   0 0.00  0.0    0  4.3 10 160   M    M   7        13  40
 6  39  26  33  -6  32   0 0.16  2.0    0  7.4 15  40   M    M  10 1      20  40
 7  28  16  22 -17  43   0 0.54  6.0    5 11.9 22  30   M    M   6 1      29  20
 8  26   9  18 -21  47   0 0.00  0.0    6  7.8 18 320   M    M   1        25 300
 9  26   6  16 -22  49   0 0.00  0.0    5  3.6 13 160   M    M   8 8      15 150
10  43  21  32  -6  33   0 0.00  0.0    4  6.0 14 210   M    M   8        18 220
11  51  36  44   6  21   0 0.00  0.0    3  5.9 12 210   M    M  10 1      14 220
12  69  43  56  17   9   0 0.00  0.0    0 11.2 24 240   M    M   7 1      32 230
13  74  52  63  24   2   0 0.00  0.0    0  6.8 14  60   M    M   6        16  50
14  57  41  49  10  16   0    T  0.0    0  8.3 17  60   M    M   8        22  40
15  60  43  52  13  13   0 0.03  0.0    0  6.4 15  60   M    M   9 1      17  70
================================================================================
SM  718  483       371   0  2.18     8.0 113.0          M      116
================================================================================
AV 47.9 32.2                               7.5 FASTST   M    M   8    MAX(MPH)
                                 MISC ---->  # 26 310                 33    M
================================================================================
NOTES:
# LAST OF SEVERAL OCCURRENCES

COLUMN 17 PEAK WIND IN M.P.H.

PRELIMINARY LOCAL CLIMATOLOGICAL DATA (WS FORM: F-6) , PAGE 2

                                          STATION:  PIEDMONT TRIAD INTL AIRPORT NC
                                          MONTH:    JANUARY
                                          YEAR:     2017
                                          LATITUDE:   36  4 N
                                          LONGITUDE:  79 57 W

[TEMPERATURE DATA]      [PRECIPITATION DATA]       SYMBOLS USED IN COLUMN 16

AVERAGE MONTHLY: 40.0   TOTAL FOR MONTH:   2.18    1 = FOG OR MIST
DPTR FM NORMAL:   1.2   DPTR FM NORMAL:    0.67    2 = FOG REDUCING VISIBILITY
HIGHEST:    74 ON 13    GRTST 24HR  0.99 ON  2- 3      TO 1/4 MILE OR LESS
LOWEST:      6 ON  9                               3 = THUNDER
                        SNOW, ICE PELLETS, HAIL    4 = ICE PELLETS
                        TOTAL MONTH:   8.0 INCHES  5 = HAIL
                        GRTST 24HR   6.0 ON  7- 7  6 = FREEZING RAIN OR DRIZZLE
                        GRTST DEPTH:   6 ON  8     7 = DUSTSTORM OR SANDSTORM:
                                                       VSBY 1/2 MILE OR LESS
                                                   8 = SMOKE OR HAZE
[NO. OF DAYS WITH]      [WEATHER - DAYS WITH]      9 = BLOWING SNOW
                                                   X = TORNADO
MAX 32 OR BELOW:   3    0.01 INCH OR MORE:   6
MAX 90 OR ABOVE:   0    0.10 INCH OR MORE:   5
MIN 32 OR BELOW:   6    0.50 INCH OR MORE:   2
MIN  0 OR BELOW:   0    1.00 INCH OR MORE:   0

[HDD (BASE 65) ]
TOTAL THIS MO.   371    CLEAR  (SCALE 0-3)   1
DPTR FM NORMAL   -19    PTCLDY (SCALE 4-7)   6
TOTAL FM JUL 1  1506    CLOUDY (SCALE 8-10)  8
DPTR FM NORMAL  -298

[CDD (BASE 65) ]
TOTAL THIS MO.     0
DPTR FM NORMAL     0    [PRESSURE DATA]
TOTAL FM JAN 1     0    HIGHEST SLP M ON M
DPTR FM NORMAL     0    LOWEST  SLP 29.65 ON  3

[REMARKS]
