000
CXUS52 KFFC 281110
CF6GVL
PRELIMINARY LOCAL CLIMATOLOGICAL DATA (WS FORM: F-6)

                                          STATION:   GAINESVILLE
                                          MONTH:     JULY
                                          YEAR:      2017
                                          LATITUDE:   34 16 N
                                          LONGITUDE:  83 50 W

  TEMPERATURE IN F:       :PCPN:    SNOW:  WIND      :SUNSHINE: SKY     :PK WND
================================================================================
1   2   3   4   5  6A  6B    7    8   9   10  11  12  13   14  15   16   17  18
                                     12Z  AVG MX 2MIN
DY MAX MIN AVG DEP HDD CDD  WTR  SNW DPTH SPD SPD DIR MIN PSBL S-S WX    SPD DR
================================================================================

 1  86  69  78   0   0  13 0.14  0.0    0  8.6 21 320   M    M   6 13     29 330
 2  88  68  78   0   0  13 0.01  0.0    0  5.6 17  20   M    M   3 13     23  20
 3  86  70  78   0   0  13 0.03  0.0    0  6.7 15 320   M    M   5 1      21 290
 4  87  67  77  -1   0  12 0.34  0.0    0  4.8 29 290   M    M   1 13     39 280
 5  89  70  80   1   0  15 0.02  0.0    0  5.8 21 320   M    M   2 13     26 330
 6  87  70  79   0   0  14 0.51  0.0    0  5.0 39 270   M    M   1 13     60 260
 7  87  70  79   0   0  14    T  0.0    0  8.2 20 240   M    M   2 3      25 240
 8  89  69  79   0   0  14 0.03  0.0    0  7.7 26 300   M    M   3 13     34 300
 9  87  67  77  -2   0  12 0.00  0.0    0  2.7 10  80   M    M   3        15  50
10  86  71  79   0   0  14 0.12  0.0    0  4.3  9 190   M    M   3 13     14 180
11  86  69  78  -1   0  13 0.10  0.0    0  3.3 15 240   M    M   1 13     20 250
12  89  70  80   1   0  15 0.00  0.0    0  4.8 10 260   M    M   2        19 270
13  90  73  82   3   0  17    T  0.0    0  3.4 13 240   M    M   3        16 240
14  91  71  81   2   0  16 0.49  0.0    0  4.7 17 340   M    M   2 13     23 350
15  87  71  79   0   0  14 0.00  0.0    0  4.8 15 340   M    M   1 3      20 360
16  85  69  77  -2   0  12 0.28  0.0    0  4.7 18  70   M    M   5 13     23  70
17  86  68  77  -2   0  12 0.29  0.0    0  3.7 20 340   M    M   5 13     27  30
18  88  70  79   0   0  14 0.00  0.0    0  3.2 14  10   M    M   3        18  20
19  90  71  81   2   0  16 0.00  0.0    0  4.2 13 260   M    M   1        17 240
20  93  71  82   3   0  17 0.00  0.0    0  3.8 10 330   M    M   1        12 320
21  93  72  83   4   0  18 0.00  0.0    0  3.5  8 350   M    M   2        12 150
22  91  74  83   4   0  18 0.00  0.0    0  4.4 17 230   M    M   1 3      25 230
23  91  73  82   3   0  17 0.00  0.0    0  7.6 17 240   M    M   2 3      22 240
24  92  72  82   3   0  17    T  0.0    0  6.0 14 260   M    M   3 13     17 230
25  91  73  82   3   0  17    T  0.0    0  4.4 12 200   M    M   1        14 210
26  91  72  82   3   0  17 0.00  0.0    0  4.6 15 100   M    M   2        19 120
27  91  72  82   3   0  17 0.07  0.0    0  4.6 20 300   M    M   3 3      27 310
================================================================================
SM 2397 1902         0 401  2.43     0.0 135.1          M       67
================================================================================
AV 88.8 70.4                               5.0 FASTST   M    M   2    MAX(MPH)
                                 MISC ---->  # 39 270               # 60  260
================================================================================
NOTES:
# LAST OF SEVERAL OCCURRENCES

COLUMN 17 PEAK WIND IN M.P.H.

PRELIMINARY LOCAL CLIMATOLOGICAL DATA (WS FORM: F-6) , PAGE 2

                                          STATION:  GAINESVILLE
                                          MONTH:    JULY
                                          YEAR:     2017
                                          LATITUDE:   34 16 N
                                          LONGITUDE:  83 50 W

[TEMPERATURE DATA]      [PRECIPITATION DATA]       SYMBOLS USED IN COLUMN 16

AVERAGE MONTHLY: 79.6   TOTAL FOR MONTH:   2.43    1 = FOG OR MIST
DPTR FM NORMAL:   0.8   DPTR FM NORMAL:   -1.49    2 = FOG REDUCING VISIBILITY
HIGHEST:    93 ON 21,20 GRTST 24HR  0.74 ON 30- 1      TO 1/4 MILE OR LESS
LOWEST:     67 ON  9, 4                            3 = THUNDER
                        SNOW, ICE PELLETS, HAIL    4 = ICE PELLETS
                        TOTAL MONTH:   0.0 INCH    5 = HAIL
                        GRTST 24HR     0.0         6 = FREEZING RAIN OR DRIZZLE
                        GRTST DEPTH:   0           7 = DUSTSTORM OR SANDSTORM:
                                                       VSBY 1/2 MILE OR LESS
                                                   8 = SMOKE OR HAZE
[NO. OF DAYS WITH]      [WEATHER - DAYS WITH]      9 = BLOWING SNOW
                                                   X = TORNADO
MAX 32 OR BELOW:   0    0.01 INCH OR MORE:  13
MAX 90 OR ABOVE:  11    0.10 INCH OR MORE:   8
MIN 32 OR BELOW:   0    0.50 INCH OR MORE:   1
MIN  0 OR BELOW:   0    1.00 INCH OR MORE:   0

[HDD (BASE 65) ]
TOTAL THIS MO.     0    CLEAR  (SCALE 0-3)  22
DPTR FM NORMAL     0    PTCLDY (SCALE 4-7)   5
TOTAL FM JUL 1     0    CLOUDY (SCALE 8-10)  0
DPTR FM NORMAL     0

[CDD (BASE 65) ]
TOTAL THIS MO.   401
DPTR FM NORMAL    27    [PRESSURE DATA]
TOTAL FM JAN 1   979    HIGHEST SLP M ON M
DPTR FM NORMAL   109    LOWEST  SLP 29.82 ON 23

[REMARKS]
