000
CXUS54 KJAN 011200
CF6GWO
PRELIMINARY LOCAL CLIMATOLOGICAL DATA (WS FORM: F-6)

                                          STATION:   GREENWOOD
                                          MONTH:     APRIL
                                          YEAR:      2016
                                          LATITUDE:   33 30 N
                                          LONGITUDE:  90  5 W

  TEMPERATURE IN F:       :PCPN:    SNOW:  WIND      :SUNSHINE: SKY     :PK WND
================================================================================
1   2   3   4   5  6A  6B    7    8   9   10  11  12  13   14  15   16   17  18
                                     12Z  AVG MX 2MIN
DY MAX MIN AVG DEP HDD CDD  WTR  SNW DPTH SPD SPD DIR MIN PSBL S-S WX    SPD DR
================================================================================

 1  68  54  61   1   4   0    T  0.0    0  7.7 20 360   M    M   3        27 350
 2  63  46  55  -5  10   0 0.00  0.0    0  5.4 15 340   M    M   0        22 350
 3  73  41  57  -3   8   0 0.00  0.0    0  2.6 10 230   M    M   0        13 230
 4  79  47  63   3   2   0 0.00  0.0    0  4.6 16 230   M    M   0 8      21 270
 5  79  53  66   5   0   1 0.00  0.0    0  8.4 16  80   M    M   1        22  70
 6  77  51  64   3   1   0    T  0.0    0 11.7 32 200   M    M   1 1      40 190
 7  80  45  63   2   2   0 0.00  0.0    0  6.1 20 230   M    M   1 12     29 210
 8  69  43  56  -5   9   0 0.00  0.0    0  5.3 20 340   M    M   0        33 340
 9  74  39  57  -5   8   0    T  0.0    0  3.1 12  30   M    M   0        18 360
10  82  56  69   7   0   4    T  0.0    0 15.0 31 170   M    M   2        39 180
11  68  61  65   3   0   0 2.01  0.0    0  9.7 20 180   M    M   8 13     27 350
12  71  51  61  -1   4   0 0.03  0.0    0  6.4 15  30   M    M   5 1      25  40
13  69  48  59  -4   6   0 0.00  0.0    0  5.4 15  90   M    M   3        18  80
14  70  54  62  -1   3   0 0.23  0.0    0  6.1 18  50   M    M   9 13     21  50
15  64  60  62  -1   3   0 0.18  0.0    0  9.4 21 100   M    M   9 1      27  90
16  69  57  63  -1   2   0 0.00  0.0    0  9.2 18 100   M    M   9        26 100
17  80  60  70   6   0   5 0.00  0.0    0 11.3 20 120   M    M   1        27 110
18  79  57  68   4   0   3 0.00  0.0    0  6.5 15 150   M    M   0        20 120
19  75  60  68   4   0   3    T  0.0    0  5.1 12 150   M    M   6        14 150
20  78  62  70   5   0   5 0.27  0.0    0  5.2 14 170   M    M   8 1      18 140
21  79  64  72   7   0   7 0.04  0.0    0  5.0 14 220   M    M   5 1      21 220
22  78  57  68   3   0   3 0.41  0.0    0  4.6 13 350   M    M   4 1      18 330
23  81  51  66   1   0   1 0.00  0.0    0  3.4 14  40   M    M   1 1      18  20
24  82  53  68   2   0   3 0.00  0.0    0  5.1 14 170   M    M   0        18 110
25  83  61  72   6   0   7 0.00  0.0    0  7.5 15 200   M    M   1        18 200
26  84  65  75   9   0  10 0.00  0.0    0  8.2 14 170   M    M   1        18 170
27  78  65  72   5   0   7 0.36  0.0    0  6.9 15  70   M    M   5 13     24 250
28  88  62  75   8   0  10 0.00  0.0    0  3.1 10  90   M    M   0 12     13  80
29  80  65  73   6   0   8 0.35  0.0    0  8.0 20  90   M    M   5 13     26 140
30  77  66  72   5   0   7 0.47  0.0    0  7.9 15  80   M    M   3 138    20 130
================================================================================
SM 2277 1654        62  84  4.35     0.0 203.9          M       91
================================================================================
AV 75.9 55.1                               6.8 FASTST   M    M   3    MAX(MPH)
                                 MISC ---->  # 32 200               # 40  190
================================================================================
NOTES:
# LAST OF SEVERAL OCCURRENCES

COLUMN 17 PEAK WIND IN M.P.H.

PRELIMINARY LOCAL CLIMATOLOGICAL DATA (WS FORM: F-6) , PAGE 2

                                          STATION:  GREENWOOD
                                          MONTH:    APRIL
                                          YEAR:     2016
                                          LATITUDE:   33 30 N
                                          LONGITUDE:  90  5 W

[TEMPERATURE DATA]      [PRECIPITATION DATA]       SYMBOLS USED IN COLUMN 16

AVERAGE MONTHLY: 65.5   TOTAL FOR MONTH:   4.35    1 = FOG OR MIST
DPTR FM NORMAL:   2.1   DPTR FM NORMAL:   -0.78    2 = FOG REDUCING VISIBILITY
HIGHEST:    88 ON 28    GRTST 24HR  3.31 ON 31- 1      TO 1/4 MILE OR LESS
LOWEST:     39 ON  9                               3 = THUNDER
                        SNOW, ICE PELLETS, HAIL    4 = ICE PELLETS
                        TOTAL MONTH:   0.0 INCH    5 = HAIL
                        GRTST 24HR     0.0         6 = FREEZING RAIN OR DRIZZLE
                        GRTST DEPTH:   0           7 = DUSTSTORM OR SANDSTORM:
                                                       VSBY 1/2 MILE OR LESS
                                                   8 = SMOKE OR HAZE
[NO. OF DAYS WITH]      [WEATHER - DAYS WITH]      9 = BLOWING SNOW
                                                   X = TORNADO
MAX 32 OR BELOW:   0    0.01 INCH OR MORE:  10
MAX 90 OR ABOVE:   0    0.10 INCH OR MORE:   8
MIN 32 OR BELOW:   0    0.50 INCH OR MORE:   1
MIN  0 OR BELOW:   0    1.00 INCH OR MORE:   1

[HDD (BASE 65) ]
TOTAL THIS MO.    62    CLEAR  (SCALE 0-3)  18
DPTR FM NORMAL   -62    PTCLDY (SCALE 4-7)   9
TOTAL FM JUL 1  1913    CLOUDY (SCALE 8-10)  3
DPTR FM NORMAL  -758

[CDD (BASE 65) ]
TOTAL THIS MO.    84
DPTR FM NORMAL     8    [PRESSURE DATA]
TOTAL FM JAN 1   131    HIGHEST SLP 30.30 ON 18
DPTR FM NORMAL    29    LOWEST  SLP 29.68 ON 27

[REMARKS]
