000
CXUS55 KBOU 011310 RRA
CF6GXY

PRELIMINARY LOCAL CLIMATOLOGICAL DATA (WS FORM: F-6)

                                          STATION:   GREELEY  CO
                                          MONTH:     AUGUST
                                          YEAR:      2015
                                          LATITUDE:   40 25 N
                                          LONGITUDE: 104 38 W

  TEMPERATURE IN F:       :PCPN:    SNOW:  WIND      :SUNSHINE: SKY     :PK WND
================================================================================
1   2   3   4   5  6A  6B    7    8   9   10  11  12  13   14  15   16   17  18
                                     12Z  AVG MX 2MIN
DY MAX MIN AVG DEP HDD CDD  WTR  SNW DPTH SPD SPD DIR MIN PSBL S-S WX    SPD DR
================================================================================

 1  97  57  77   M   0  12    M    M    M  4.6 10  90   M    M   0         M  M
 2  93  57  75   M   0  10    M    M    M  7.5 24 230   M    M   0        31 230
 3  90  61  76   M   0  11    M    M    M  5.8 12 160   M    M   1        18 170
 4  90  54  72   M   0   7    M    M    M  4.4 14 100   M    M   0        20 100
 5  99  54  77   M   0  12    M    M    M  5.4 12  60   M    M   0         M  M
 6  93  55  74   M   0   9    M    M    M  5.4 14 320   M    M   0        23 320
 7  91  52  72   M   0   7    M    M    M  6.5 17 100   M    M   0        24 100
 8  90  57  74   M   0   9    M    M    M  4.7  9  20   M    M   0        18 170
 9  90  55  73   M   0   8    M    M    M  6.0 28 310   M    M   1        36 310
10  90  54  72   M   0   7    M    M    M  4.7 15 120   M    M   0 3      21 120
11  88  59  74   M   0   9    M    M    M  5.4 14 200   M    M   0 3      23 200
12  93  59  76   M   0  11    M    M    M  4.4 17  50   M    M   0        24  50
13  93  61  77   M   0  12    M    M    M  5.6 10  30   M    M   1        16  20
14  97  57  77   M   0  12    M    M    M  5.7 12 110   M    M   1 3      18 100
15 102  61  82   M   0  17    M    M    M  5.0 24  10   M    M   1        32  10
16  90  64  77   M   0  12    M    M    M 10.3 21  50   M    M   2 3      25 190
17  73  59  66   M   0   1    M    M    M  7.8 17  60   M    M   4 3      22  60
18  75  48  62   M   3   0    M    M    M  8.5 22 360   M    M   4        33 360
19  72  48  60   M   5   0    M    M    M  3.9 10 330   M    M   2         M  M
20  88  46  67   M   0   2    M    M    M  3.6 10  90   M    M   0         M  M
21  93  48  71   M   0   6    M    M    M  6.5 10 170   M    M   0         M  M
22  84  52  68   M   0   3    M    M    M  8.9 21  40   M    M   0        29  40
23  77  43  60   M   5   0    M    M    M  5.8 13 300   M    M   0        17 100
24  91  45  68   M   0   3    M    M    M  3.6  7  50   M    M   0         M  M
25  95  48  72   M   0   7    M    M    M  5.6  9  90   M    M   0         M  M
26  97  52  75   M   0  10    M    M    M  5.3 13 310   M    M   0        21 310
27  88  57  73   M   0   8    M    M    M  9.8 22 320   M    M   2        29 320
28  86  55  71   M   0   6    M    M    M  5.9 17  10   M    M   1        23  10
29  93  48  71   M   0   6    M    M    M  4.3 13 140   M    M   0         M  M
30  93  52  73   M   0   8    M    M    M  6.8 13  20   M    M   0         M  M
31  88  59  74   M   0   9    M    M    M  5.6 24 230   M    M   0        31 230
================================================================================
SM 2779 1677        13 234    M     M    183.3          M       20
================================================================================
AV 89.6 54.1                               5.9 FASTST   M    M   1    MAX(MPH)
                                 MISC ---->    28   M                 36    M
================================================================================
NOTES:
# LAST OF SEVERAL OCCURRENCES

COLUMN 17 PEAK WIND IN M.P.H.

PRELIMINARY LOCAL CLIMATOLOGICAL DATA (WS FORM: F-6) , PAGE 2

                                          STATION:  GREELEY  CO
                                          MONTH:    AUGUST
                                          YEAR:     2015
                                          LATITUDE:   40 25 N
                                          LONGITUDE: 104 38 W

[TEMPERATURE DATA]      [PRECIPITATION DATA]       SYMBOLS USED IN COLUMN 16

AVERAGE MONTHLY: 71.9   TOTAL FOR MONTH:      M    1 = FOG OR MIST
DPTR FM NORMAL:     M   DPTR FM NORMAL:       M    2 = FOG REDUCING VISIBILITY
HIGHEST:   102 ON 15    GRTST 24HR    M  ON   M        TO 1/4 MILE OR LESS
LOWEST:     43 ON 23                               3 = THUNDER
                        SNOW, ICE PELLETS, HAIL    4 = ICE PELLETS
                        TOTAL MONTH:    M          5 = HAIL
                        GRTST 24HR    M  ON   M    6 = FREEZING RAIN OR DRIZZLE
                        GRTST DEPTH:  M  ON   M    7 = DUSTSTORM OR SANDSTORM:
                                                       VSBY 1/2 MILE OR LESS
                                                   8 = SMOKE OR HAZE
[NO. OF DAYS WITH]      [WEATHER - DAYS WITH]      9 = BLOWING SNOW
                                                   X = TORNADO
MAX 32 OR BELOW:   0    0.01 INCH OR MORE:   0
MAX 90 OR ABOVE:  21    0.10 INCH OR MORE:   0
MIN 32 OR BELOW:   0    0.50 INCH OR MORE:   0
MIN  0 OR BELOW:   0    1.00 INCH OR MORE:   0

[HDD (BASE 65) ]
TOTAL THIS MO.    13    CLEAR  (SCALE 0-3)  29
DPTR FM NORMAL     M    PTCLDY (SCALE 4-7)   2
TOTAL FM JUL 1    18    CLOUDY (SCALE 8-10)  0
DPTR FM NORMAL     M

[CDD (BASE 65) ]
TOTAL THIS MO.   234
DPTR FM NORMAL     M    [PRESSURE DATA]
TOTAL FM JAN 1   653    HIGHEST SLP M ON M
DPTR FM NORMAL     M    LOWEST  SLP M ON M

[REMARKS]
#FINAL-08-15#
