000
CXUS54 KEWX 010910
CF6HDO
PRELIMINARY LOCAL CLIMATOLOGICAL DATA (WS FORM: F-6)

                                          STATION:   HONDO
                                          MONTH:     APRIL
                                          YEAR:      2016
                                          LATITUDE:   29 21 N
                                          LONGITUDE:  99 10 W

  TEMPERATURE IN F:       :PCPN:    SNOW:  WIND      :SUNSHINE: SKY     :PK WND
================================================================================
1   2   3   4   5  6A  6B    7    8   9   10  11  12  13   14  15   16   17  18
                                     12Z  AVG MX 2MIN
DY MAX MIN AVG DEP HDD CDD  WTR  SNW DPTH SPD SPD DIR MIN PSBL S-S WX    SPD DR
================================================================================

 1  67  44  56  -9   9   0 0.03    M    0 15.2 31  50   M    M   4 3      42  40
 2  74  37  56 -10   9   0 0.00  0.0    0  5.9 17 360   M    M   0        20 360
 3  77  40  59  -7   6   0 0.00  0.0    0  5.1 14 140   M    M   0        19 250
 4  83  41  62  -4   3   0 0.00  0.0    0  6.4 13 200   M    M   0 8      16 170
 5  81  44  63  -3   2   0 0.00  0.0    0  9.0 20 150   M    M   0 8      25 120
 6  82  49  66   0   0   1 0.00  0.0    0  9.1 22  30   M    M   3 1      28  10
 7  82  44  63  -4   2   0 0.00  0.0    0  6.3 14 190   M    M   0        17 190
 8  80  52  66  -1   0   1 0.00    M    0  9.0 21 130   M    M   0 8      28 130
 9  75  57  66  -1   0   1    T    M    0 10.8 23 150   M    M   8 8      29 140
10  81  65  73   6   0   8 0.39  0.0    0 12.9 24 120   M    M   9 13     30 150
11  86  65  76   8   0  11    T    M    0  5.6 16 150   M    M   5 1      20 150
12  75  62  69   1   0   4 1.46  0.0    0 12.3 25 330   M    M   8 138    49 340
13  77  58  68   0   0   3 0.07  0.0    0   M   M   M   M    M   3         M  M
14  82  54  68   0   0   3 0.00    M    0   M   M   M   M    M   2 12      M  M
15  81  55  68  -1   0   3 0.00    M    0 13.0 22 130   M    M   4 1      29 140
16  80  65  73   4   0   8 0.04  0.0    0 14.0 24 140   M    M   9 1      31 130
17  85  70  78   9   0  13    T  0.0    0 11.4 28 130   M    M   8 138    35 130
18  77  64  71   2   0   6 0.18  0.0    0 11.1 26 340   M    M   8 13     32 340
19  80  61  71   1   0   6 0.00  0.0    0  7.1 16 110   M    M   8        19 120
20  81  65  73   3   0   8 0.00  0.0    0  7.5 18  30   M    M   8        22  40
21  86  62  74   4   0   9    T    M    M  6.6 35  10   M    M   6 1      43  10
22  86  59  73   3   0   8 0.00    M    M  5.5 12  40   M    M   1        16  60
23  83  53  68  -3   0   3 0.00    M    0  7.6 18 150   M    M   0        23 150
24  82  63  73   2   0   8    T  0.0    0  7.4 22 160   M    M   6        26 130
25  94  70  82  11   0  17 0.00  0.0    0 10.5 28 150   M    M   7 1      33 150
26  86  71  79   7   0  14 0.00  0.0    0 13.3 22 130   M    M   9 18     26 120
27  89  59  74   2   0   9 0.57  0.0    0  6.7 40 350   M    M   3 138    48 350
28  83  58  71  -1   0   6 0.00  0.0    0 11.7 20 140   M    M   8 128    25 120
29  87  70  79   7   0  14    T  0.0    0  8.6 18 180   M    M   8 18     22 190
30  89  57  73   1   0   8 0.13    M    0  7.9 37 360   M    M   3 138    59 240
================================================================================
SM 2451 1714        31 172  2.87     0.0 257.5          M      138
================================================================================
AV 81.7 57.1                               9.2 FASTST   M    M   5    MAX(MPH)
                                 MISC ---->  # 40 350               # 59  240
================================================================================
NOTES:
# LAST OF SEVERAL OCCURRENCES

COLUMN 17 PEAK WIND IN M.P.H.

PRELIMINARY LOCAL CLIMATOLOGICAL DATA (WS FORM: F-6) , PAGE 2

                                          STATION:  HONDO
                                          MONTH:    APRIL
                                          YEAR:     2016
                                          LATITUDE:   29 21 N
                                          LONGITUDE:  99 10 W

[TEMPERATURE DATA]      [PRECIPITATION DATA]       SYMBOLS USED IN COLUMN 16

AVERAGE MONTHLY: 69.4   TOTAL FOR MONTH:   2.87    1 = FOG OR MIST
DPTR FM NORMAL:   0.6   DPTR FM NORMAL:    0.89    2 = FOG REDUCING VISIBILITY
HIGHEST:    94 ON 25    GRTST 24HR  1.53 ON 12-13      TO 1/4 MILE OR LESS
LOWEST:     37 ON  2                               3 = THUNDER
                        SNOW, ICE PELLETS, HAIL    4 = ICE PELLETS
                        TOTAL MONTH:   0.0 INCH    5 = HAIL
                        GRTST 24HR     0.0         6 = FREEZING RAIN OR DRIZZLE
                        GRTST DEPTH:   0           7 = DUSTSTORM OR SANDSTORM:
                                                       VSBY 1/2 MILE OR LESS
                                                   8 = SMOKE OR HAZE
[NO. OF DAYS WITH]      [WEATHER - DAYS WITH]      9 = BLOWING SNOW
                                                   X = TORNADO
MAX 32 OR BELOW:   0    0.01 INCH OR MORE:   8
MAX 90 OR ABOVE:   1    0.10 INCH OR MORE:   5
MIN 32 OR BELOW:   0    0.50 INCH OR MORE:   2
MIN  0 OR BELOW:   0    1.00 INCH OR MORE:   1

[HDD (BASE 65) ]
TOTAL THIS MO.    31    CLEAR  (SCALE 0-3)  12
DPTR FM NORMAL   -12    PTCLDY (SCALE 4-7)  12
TOTAL FM JUL 1  1160    CLOUDY (SCALE 8-10)  6
DPTR FM NORMAL  -425

[CDD (BASE 65) ]
TOTAL THIS MO.   172
DPTR FM NORMAL    15    [PRESSURE DATA]
TOTAL FM JAN 1   279    HIGHEST SLP 30.33 ON  2
DPTR FM NORMAL    44    LOWEST  SLP 29.54 ON 29

[REMARKS]
#FINAL-04-16#
