000
CXUS53 KBIS 280845
CF6HEI
PRELIMINARY LOCAL CLIMATOLOGICAL DATA (WS FORM: F-6)

                                          STATION:   HETTINGER ND
                                          MONTH:     SEPTEMBER
                                          YEAR:      2016
                                          LATITUDE:   46  0 N
                                          LONGITUDE: 102 39 W

  TEMPERATURE IN F:       :PCPN:    SNOW:  WIND      :SUNSHINE: SKY     :PK WND
================================================================================
1   2   3   4   5  6A  6B    7    8   9   10  11  12  13   14  15   16   17  18
                                     12Z  AVG MX 2MIN
DY MAX MIN AVG DEP HDD CDD  WTR  SNW DPTH SPD SPD DIR MIN PSBL S-S WX    SPD DR
================================================================================

 1  88  62  75  11   0  10 0.00    M    M 18.2 31 150   M    M   0        41 150
 2  88  62  75  12   0  10    T    M    M 13.6 24 150   M    M   0        33 140
 3  87  53  70   7   0   5 0.00    M    M 10.4 21  30   M    M   1 12     28 360
 4  66  53  60  -2   5   0 0.09    M    M 16.5 29  10   M    M   9 1      35 360
 5  66  47  57  -5   8   0 0.00    M    M  6.9 15  60   M    M   8 123    18  60
 6  73  45  59  -2   6   0 0.00    M    M  6.4 16 290   M    M   4 12     20 310
 7  72  43  58  -3   7   0 0.24    M    M 12.3 28 300   M    M   4 13     38 300
 8  76  42  59  -1   6   0 0.00    M    M  6.6 14 220   0    0   0         M  M
 9  66  43  55  -5  10   0    T    M    M 15.6 31 290   M    M   4 3      39 310
10  80  36  58  -1   7   0 0.00    M    M  6.6 20 250   M    M   0 1      26 230
11  89  38  64   5   1   0 0.00    M    M  8.4 29 350   M    M   0        36 350
12  57  45  51  -7  14   0 0.00    M    M 14.0 21 330   M    M   9        29 330
13  53  43  48 -10  17   0    T    M    M  6.0 13 140   M    M  10        16 150
14  76  42  59   2   6   0 0.00    M    M 13.9 26 150   M    M   3        34 160
15  70  53  62   5   3   0 0.09    M    M 11.9 22 300   M    M   7 1      27 300
16  70  42  56   0   9   0    T    M    M 11.3 23 330   M    M   4        29 330
17  84  42  63   7   2   0 0.00    M    M  6.3 21 290   M    M   2        27 270
18  82  50  66  11   0   1 0.00    M    M 10.7 33 310   M    M   4        43 310
19  78  46  62   7   3   0    T    M    M 10.8 26 290   M    M   2 3      33 290
20  78  52  65  11   0   0    T    M    M 11.6 30 310   M    M   1 3      46 310
21  72  55  64  10   1   0 0.00    M    M 16.4 22  70   M    M   7        30  60
22  57  49  53   0  12   0    T    M    M 16.9 28  80   M    M  10        34  80
23  61  51  56   3   9   0 0.64    M    M 12.1 22  40   M    M  10 123    26 100
24  69  48  59   7   6   0 0.16    M    M 17.7 40 310   M    M   8 12     53 310
25  64  37  51  -1  14   0 0.00    M    M 19.1 38 310   M    M   2        52 310
26  69  37  53   2  12   0 0.00    M    M  7.8 21 310   M    M   0        27 330
27  81  36  59   8   6   0 0.00    M    M  3.9 15 330   M    M   0 8      19 290
================================================================================
SM 1972 1252       164  26  1.22    M    311.9            0    109
================================================================================
AV 73.0 46.4                              11.6 FASTST    0   0   4    MAX(MPH)
                                 MISC ---->  # 40 310               # 53  310
================================================================================
NOTES:
# LAST OF SEVERAL OCCURRENCES

COLUMN 17 PEAK WIND IN M.P.H.

PRELIMINARY LOCAL CLIMATOLOGICAL DATA (WS FORM: F-6) , PAGE 2

                                          STATION:  HETTINGER ND
                                          MONTH:    SEPTEMBER
                                          YEAR:     2016
                                          LATITUDE:   46  0 N
                                          LONGITUDE: 102 39 W

[TEMPERATURE DATA]      [PRECIPITATION DATA]       SYMBOLS USED IN COLUMN 16

AVERAGE MONTHLY: 59.7   TOTAL FOR MONTH:   1.22    1 = FOG OR MIST
DPTR FM NORMAL:   2.4   DPTR FM NORMAL:   -0.33    2 = FOG REDUCING VISIBILITY
HIGHEST:    89 ON 11    GRTST 24HR  0.64 ON 23-23      TO 1/4 MILE OR LESS
LOWEST:     36 ON 27,10                            3 = THUNDER
                        SNOW, ICE PELLETS, HAIL    4 = ICE PELLETS
                        TOTAL MONTH:    M          5 = HAIL
                        GRTST 24HR    M  ON   M    6 = FREEZING RAIN OR DRIZZLE
                        GRTST DEPTH:  M  ON   M    7 = DUSTSTORM OR SANDSTORM:
                                                       VSBY 1/2 MILE OR LESS
                                                   8 = SMOKE OR HAZE
[NO. OF DAYS WITH]      [WEATHER - DAYS WITH]      9 = BLOWING SNOW
                                                   X = TORNADO
MAX 32 OR BELOW:   0    0.01 INCH OR MORE:   5
MAX 90 OR ABOVE:   0    0.10 INCH OR MORE:   3
MIN 32 OR BELOW:   0    0.50 INCH OR MORE:   1
MIN  0 OR BELOW:   0    1.00 INCH OR MORE:   0

[HDD (BASE 65) ]
TOTAL THIS MO.   164    CLEAR  (SCALE 0-3)  13
DPTR FM NORMAL   -73    PTCLDY (SCALE 4-7)   9
TOTAL FM JUL 1   221    CLOUDY (SCALE 8-10)  5
DPTR FM NORMAL  -106

[CDD (BASE 65) ]
TOTAL THIS MO.    26
DPTR FM NORMAL     2    [PRESSURE DATA]
TOTAL FM JAN 1   491    HIGHEST SLP  0.00 ON  8
DPTR FM NORMAL   118    LOWEST  SLP 29.60 ON 18

[REMARKS]
