000
CXUS53 KBIS 230724
CF6HEI
PRELIMINARY LOCAL CLIMATOLOGICAL DATA (WS FORM: F-6)

                                          STATION:   HETTINGER ND
                                          MONTH:     AUGUST
                                          YEAR:      2016
                                          LATITUDE:   46  0 N
                                          LONGITUDE: 102 39 W

  TEMPERATURE IN F:       :PCPN:    SNOW:  WIND      :SUNSHINE: SKY     :PK WND
================================================================================
1   2   3   4   5  6A  6B    7    8   9   10  11  12  13   14  15   16   17  18
                                     12Z  AVG MX 2MIN
DY MAX MIN AVG DEP HDD CDD  WTR  SNW DPTH SPD SPD DIR MIN PSBL S-S WX    SPD DR
================================================================================

 1  90  60  75   5   0  10    T    M    M 10.5 31 310   M    M   3 3      40 300
 2  90  50  70   0   0   5 0.00    M    M  9.5 21 110   M    M   1 3      27 120
 3  98  55  77   7   0  12 0.01    M    M 13.2 24 330   M    M   0 3      30 230
 4  81  49  65  -5   0   0 0.00    M    M 16.3 25 310   0    0   0        39 300
 5  87  41  64  -6   1   0 0.00    M    M  6.3 17  90   M    M   0        23  90
 6   0   0   0 -70  65   0 0.00    M    M 11.9 21 120   M    M   M        30 130
 7  86  56  71   1   0   6 0.00    M    M 13.6 24 170   M    M   6        31 170
 8  93  58  76   6   0  11 0.00    M    M 10.1 18 280   M    M   0 8      25 170
 9  93  49  71   1   0   6 0.17    M    M 12.9 40 320   M    M   2 13     60 310
10  90  61  76   6   0  11 0.00    M    M 12.7 31  90   M    M   3        38 100
11  87  55  71   1   0   6 0.00    M    M  9.7 21 290   M    M   4 1      26 300
12  84  50  67  -3   0   2    T    M    M  9.5 35 320   M    M   1 8      42 320
13  83  48  66  -3   0   1 0.00    M    M  7.8 23 330   M    M   2        30 330
14  91  45  68  -1   0   3    T    M    M  8.0 23 290   M    M   1 3      30 140
15  92  50  71   2   0   6    T    M    M  8.0 25  60   M    M   1        30  60
16  91  49  70   1   0   5 0.00    M    M  7.0 14  90   M    M   1 8      18  40
17  95  60  78   9   0  13 0.00    M    M 12.2 22 160   M    M   0        30 140
18  75  46  61  -7   4   0    T    M    M 10.7 28  50   M    M   2        33  40
19  60  45  53 -15  12   0 0.81    M    M  8.7 23 360   M    M   8 1      30 340
20  74  42  58 -10   7   0 0.00    M    M  6.4 16 310   M    M   2        23 320
21  86  45  66  -2   0   1 0.00    M    M  6.1 14 210   M    M   0        17 210
22  97  50  74   7   0   9 0.00    M    M  5.5 18 200   M    M   0        24 200
================================================================================
SM 1823 1064        89 107  0.99    M    216.6            0     37
================================================================================
AV 82.9 48.4                               9.8 FASTST    0   0   2    MAX(MPH)
                                 MISC ---->  # 40 320               # 60  310
================================================================================
NOTES:
# LAST OF SEVERAL OCCURRENCES

COLUMN 17 PEAK WIND IN M.P.H.

PRELIMINARY LOCAL CLIMATOLOGICAL DATA (WS FORM: F-6) , PAGE 2

                                          STATION:  HETTINGER ND
                                          MONTH:    AUGUST
                                          YEAR:     2016
                                          LATITUDE:   46  0 N
                                          LONGITUDE: 102 39 W

[TEMPERATURE DATA]      [PRECIPITATION DATA]       SYMBOLS USED IN COLUMN 16

AVERAGE MONTHLY: 65.6   TOTAL FOR MONTH:   0.99    1 = FOG OR MIST
DPTR FM NORMAL:  -3.7   DPTR FM NORMAL:   -0.27    2 = FOG REDUCING VISIBILITY
HIGHEST:    98 ON  3    GRTST 24HR  0.81 ON 19-19      TO 1/4 MILE OR LESS
LOWEST:      0 ON  6                               3 = THUNDER
                        SNOW, ICE PELLETS, HAIL    4 = ICE PELLETS
                        TOTAL MONTH:    M          5 = HAIL
                        GRTST 24HR    M  ON   M    6 = FREEZING RAIN OR DRIZZLE
                        GRTST DEPTH:  M  ON   M    7 = DUSTSTORM OR SANDSTORM:
                                                       VSBY 1/2 MILE OR LESS
                                                   8 = SMOKE OR HAZE
[NO. OF DAYS WITH]      [WEATHER - DAYS WITH]      9 = BLOWING SNOW
                                                   X = TORNADO
MAX 32 OR BELOW:   1    0.01 INCH OR MORE:   3
MAX 90 OR ABOVE:  11    0.10 INCH OR MORE:   2
MIN 32 OR BELOW:   1    0.50 INCH OR MORE:   1
MIN  0 OR BELOW:   1    1.00 INCH OR MORE:   0

[HDD (BASE 65) ]
TOTAL THIS MO.    89    CLEAR  (SCALE 0-3)  18
DPTR FM NORMAL    64    PTCLDY (SCALE 4-7)   2
TOTAL FM JUL 1    95    CLOUDY (SCALE 8-10)  1
DPTR FM NORMAL    31

[CDD (BASE 65) ]
TOTAL THIS MO.   107
DPTR FM NORMAL   -14    [PRESSURE DATA]
TOTAL FM JAN 1   443    HIGHEST SLP  0.00 ON  4
DPTR FM NORMAL   122    LOWEST  SLP 29.54 ON 22

[REMARKS]
