000
CXUS54 KJAN 221200
CF6HEZ
PRELIMINARY LOCAL CLIMATOLOGICAL DATA (WS FORM: F-6)

                                          STATION:   NATCHEZ
                                          MONTH:     AUGUST
                                          YEAR:      2017
                                          LATITUDE:   31 37 N
                                          LONGITUDE:  91 15 W

  TEMPERATURE IN F:       :PCPN:    SNOW:  WIND      :SUNSHINE: SKY     :PK WND
================================================================================
1   2   3   4   5  6A  6B    7    8   9   10  11  12  13   14  15   16   17  18
                                     12Z  AVG MX 2MIN
DY MAX MIN AVG DEP HDD CDD  WTR  SNW DPTH SPD SPD DIR MIN PSBL S-S WX    SPD DR
================================================================================

 1  87  71  79   M   0  14 0.00  0.0    0  3.9  9 100   M    M   1         M  M
 2  78  72  75   M   0  10 0.03  0.0    0  2.9  6  40   M    M   7         M  M
 3  86  71  79   M   0  14    T  0.0    0  2.5  9 150   M    M   6 1       M  M
 4  90  70  80   M   0  15 0.00  0.0    0  2.3  8  10   M    M   1         M  M
 5  89  71  80   M   0  15 0.39  0.0    0  3.4  9 130   M    M   2 13      M  M
 6  89  72  81   M   0  16 0.07  0.0    0  6.5 10 190   M    M   4 13      M  M
 7  89  74  82   M   0  17 1.13  0.0    0  6.8 12 240   M    M   5 13     18 240
 8  81  73  77   M   0  12 1.91  0.0    0  2.9  6 180   M    M   7 13      M  M
 9  87  73  80   M   0  15 0.46  0.0    0  2.0  6 140   M    M   2 13      M  M
10  88  73  81   M   0  16 1.28  0.0    0  3.7  8 240   M    M   5 13      M  M
11  87  73  80   M   0  15 0.27  0.0    0  4.5  8 230   M    M   8 13      M  M
12  87  73  80   M   0  15 0.02  0.0    0  2.9  8 270   M    M   5 3       M  M
13  91  74  83   M   0  18 0.49  0.0    0  3.6  8 220   M    M   2 13      M  M
14  92  76  84   M   0  19 0.61  0.0    0  5.1 12 250   M    M   2 13      M  M
15  92  75  84   M   0  19 0.46  0.0    0  5.3  9  40   M    M   3 13      M  M
16  88  74  81   M   0  16 0.18  0.0    0  6.1 12 180   M    M   3 38      M  M
17  91  74  83   M   0  18    T  0.0    0  6.0 13 240   M    M   2 3      16 240
18  92  75  84   M   0  19 0.00  0.0    0  4.5  9 250   M    M   3 1       M  M
19  91  75  83   M   0  18    T  0.0    0  4.4  8 270   M    M   1 3       M  M
20  93  71  82   M   0  17 0.00  0.0    0  2.3  8  90   M    M   1 1       M  M
21  92  75  84   M   0  19 0.01  0.0    0  2.4  7  60   M    M   1 3       M  M
================================================================================
SM 1860 1535         0 337  7.31     0.0  84.0          M       71
================================================================================
AV 88.6 73.1                               4.0 FASTST   M    M   3    MAX(MPH)
                                 MISC ---->  # 13 240               # 18  240
================================================================================
NOTES:
# LAST OF SEVERAL OCCURRENCES

COLUMN 17 PEAK WIND IN M.P.H.

PRELIMINARY LOCAL CLIMATOLOGICAL DATA (WS FORM: F-6) , PAGE 2

                                          STATION:  NATCHEZ
                                          MONTH:    AUGUST
                                          YEAR:     2017
                                          LATITUDE:   31 37 N
                                          LONGITUDE:  91 15 W

[TEMPERATURE DATA]      [PRECIPITATION DATA]       SYMBOLS USED IN COLUMN 16

AVERAGE MONTHLY: 80.8   TOTAL FOR MONTH:   7.31    1 = FOG OR MIST
DPTR FM NORMAL:     M   DPTR FM NORMAL:       M    2 = FOG REDUCING VISIBILITY
HIGHEST:    93 ON 20    GRTST 24HR  1.91 ON  8- 8      TO 1/4 MILE OR LESS
LOWEST:     70 ON  4                               3 = THUNDER
                        SNOW, ICE PELLETS, HAIL    4 = ICE PELLETS
                        TOTAL MONTH:   0.0 INCH    5 = HAIL
                        GRTST 24HR     0.0         6 = FREEZING RAIN OR DRIZZLE
                        GRTST DEPTH:   0           7 = DUSTSTORM OR SANDSTORM:
                                                       VSBY 1/2 MILE OR LESS
                                                   8 = SMOKE OR HAZE
[NO. OF DAYS WITH]      [WEATHER - DAYS WITH]      9 = BLOWING SNOW
                                                   X = TORNADO
MAX 32 OR BELOW:   0    0.01 INCH OR MORE:  14
MAX 90 OR ABOVE:   9    0.10 INCH OR MORE:  10
MIN 32 OR BELOW:   0    0.50 INCH OR MORE:   4
MIN  0 OR BELOW:   0    1.00 INCH OR MORE:   3

[HDD (BASE 65) ]
TOTAL THIS MO.     0    CLEAR  (SCALE 0-3)  13
DPTR FM NORMAL     M    PTCLDY (SCALE 4-7)   8
TOTAL FM JUL 1     0    CLOUDY (SCALE 8-10)  0
DPTR FM NORMAL     M

[CDD (BASE 65) ]
TOTAL THIS MO.   337
DPTR FM NORMAL     M    [PRESSURE DATA]
TOTAL FM JAN 1  1408    HIGHEST SLP M ON M
DPTR FM NORMAL     M    LOWEST  SLP M ON M

[REMARKS]
