000
CXUS56 KTFX 011205
CF6HLN
PRELIMINARY LOCAL CLIMATOLOGICAL DATA (WS FORM: F-6)

                                          STATION:   HELENA MT
                                          MONTH:     JANUARY
                                          YEAR:      2015
                                          LATITUDE:   46 35 N
                                          LONGITUDE: 112  0 W

  TEMPERATURE IN F:       :PCPN:    SNOW:  WIND      :SUNSHINE: SKY     :PK WND
================================================================================
1   2   3   4   5  6A  6B    7    8   9   10  11  12  13   14  15   16   17  18
                                     12Z  AVG MX 2MIN
DY MAX MIN AVG DEP HDD CDD  WTR  SNW DPTH SPD SPD DIR MIN PSBL S-S WX    SPD DR
================================================================================

 1  15  -4   6 -15  59   0 0.00  0.0    2  1.3  6 250   M    M   0         7  30
 2  22   1  12  -9  53   0 0.10  1.0    2  3.5 18 320   M    M   7        24 330
 3  13   3   8 -13  57   0 0.05  2.0    4  6.9 17 320   M    M  10        20 300
 4   5   0   3 -18  62   0 0.09  0.3    4  5.4 12 280   M    M   9 8      13 290
 5  26   5  16  -6  49   0 0.30  2.1    6  1.0  7 350   M    M  10 168     9 340
 6  43  10  27   5  38   0 0.00  0.0    6  7.6 20 320   M    M   5 8      25 350
 7  18   6  12 -10  53   0 0.00  0.0    5  4.1 18  20   M    M   4        20  20
 8  26   0  13  -9  52   0 0.00  0.0    5  8.7 30 340   M    M   6 1      36 350
 9  10  -5   3 -19  62   0 0.00  0.0    5  0.0  5  40   M    M   4         5  40
10  25   8  17  -5  48   0 0.00  0.0    5  1.4  7 200   M    M   3 18      8 190
11  31  20  26   4  39   0 0.09  2.0    6  3.5 12 280   M    M   9 18     14 280
12  26  17  22  -1  43   0    T    T    6  0.4  5 290   M    M   9 18      6 340
13  17   2  10 -13  55   0    T    T    6  0.6  6 260   M    M   7 128     7 320
14  20   2  11 -12  54   0 0.00  0.0    6  1.1  6  50   M    M   5 128     6 360
15  23   1  12 -11  53   0 0.00  0.0    6  2.0  9 250   M    M   1 128    11 250
16  46  10  28   5  37   0 0.00  0.0    6  7.0 31 260   M    M   6 18     42 280
17  38  25  32   9  33   0 0.00  0.0    4  6.8 29 270   M    M   1        34 260
18  47  27  37  13  28   0    T  0.0    4 11.1 35 250   M    M   3 6      45 260
19  42  31  37  13  28   0    T    T    3 11.6 29 260   M    M   6        37 290
20  38  27  33   9  32   0 0.00  0.0    2  9.0 18 260   M    M   7        23 250
21  33  19  26   2  39   0 0.00  0.0    2  2.3 12 100   M    M   3        13 110
22  42  15  29   5  36   0    T    T    1  5.1 25 260   M    M   5        32 260
23  45  35  40  16  25   0 0.00  0.0    1 10.6 24 260   M    M   1        28 260
24  50  35  43  19  22   0 0.00  0.0    1 10.0 28 260   M    M   7        37 260
25  63  37  50  26  15   0 0.00  0.0    T  6.4 23 260   M    M   2        31 190
26  53  30  42  17  23   0 0.00  0.0    0  2.3  9 250   M    M   0        11 230
27  50  28  39  14  26   0 0.00  0.0    0  1.4  6 200   M    M   0         8 260
28  51  30  41  16  24   0 0.00  0.0    0  9.6 22 270   M    M   2        29 280
29  45  22  34   9  31   0 0.00  0.0    0  2.3  9  20   M    M   0        13  30
30  45  22  34   9  31   0 0.00  0.0    0  1.9  9 340   M    M   0        10 360
31  31  17  24  -1  41   0 0.01    T    0  8.7 23 350   M    M   7 8      28 350
================================================================================
SM 1039  476      1248   0  0.64     7.4 153.6          M      139
================================================================================
AV 33.5 15.4                               5.0 FASTST   M    M   4    MAX(MPH)
                                 MISC ---->  # 35 250               # 45  260
================================================================================
NOTES:
# LAST OF SEVERAL OCCURRENCES

COLUMN 17 PEAK WIND IN M.P.H.

PRELIMINARY LOCAL CLIMATOLOGICAL DATA (WS FORM: F-6) , PAGE 2

                                          STATION:  HELENA MT
                                          MONTH:    JANUARY
                                          YEAR:     2015
                                          LATITUDE:   46 35 N
                                          LONGITUDE: 112  0 W

[TEMPERATURE DATA]      [PRECIPITATION DATA]       SYMBOLS USED IN COLUMN 16

AVERAGE MONTHLY: 24.4   TOTAL FOR MONTH:   0.64    1 = FOG OR MIST
DPTR FM NORMAL:   1.3   DPTR FM NORMAL:    0.28    2 = FOG REDUCING VISIBILITY
HIGHEST:    63 ON 25    GRTST 24HR  0.32 ON  4- 5      TO 1/4 MILE OR LESS
LOWEST:     -5 ON  9                               3 = THUNDER
                        SNOW, ICE PELLETS, HAIL    4 = ICE PELLETS
                        TOTAL MONTH:   7.4 INCHES  5 = HAIL
                        GRTST 24HR   2.1 ON   M    6 = FREEZING RAIN OR DRIZZLE
                        GRTST DEPTH:   6 ON 16,15  7 = DUSTSTORM OR SANDSTORM:
                                                       VSBY 1/2 MILE OR LESS
                                                   8 = SMOKE OR HAZE
[NO. OF DAYS WITH]      [WEATHER - DAYS WITH]      9 = BLOWING SNOW
                                                   X = TORNADO
MAX 32 OR BELOW:  15    0.01 INCH OR MORE:   6
MAX 90 OR ABOVE:   0    0.10 INCH OR MORE:   2
MIN 32 OR BELOW:  28    0.50 INCH OR MORE:   0
MIN  0 OR BELOW:   4    1.00 INCH OR MORE:   0

[HDD (BASE 65) ]
TOTAL THIS MO.  1248    CLEAR  (SCALE 0-3)  11
DPTR FM NORMAL   -49    PTCLDY (SCALE 4-7)  15
TOTAL FM JUL 1  4158    CLOUDY (SCALE 8-10)  5
DPTR FM NORMAL  -360

[CDD (BASE 65) ]
TOTAL THIS MO.     0
DPTR FM NORMAL     0    [PRESSURE DATA]
TOTAL FM JAN 1     0    HIGHEST SLP 31.01 ON  7
DPTR FM NORMAL     0    LOWEST  SLP 29.94 ON 18

[REMARKS]
#FINAL-01-15#
