747
CXHW50 PHFO 231250
CF6HNL
PRELIMINARY LOCAL CLIMATOLOGICAL DATA (WS FORM: F-6)

                                          STATION:   HONOLULU HI
                                          MONTH:     MAY
                                          YEAR:      2017
                                          LATITUDE:   21 21 N
                                          LONGITUDE: 157 56 W

  TEMPERATURE IN F:       :PCPN:    SNOW:  WIND      :SUNSHINE: SKY     :PK WND
================================================================================
1   2   3   4   5  6A  6B    7    8   9   10  11  12  13   14  15   16   17  18
                                     12Z  AVG MX 2MIN
DY MAX MIN AVG DEP HDD CDD  WTR  SNW DPTH SPD SPD DIR MIN PSBL S-S WX    SPD DR
================================================================================

 1  85  65  75  -2   0  10 0.01  0.0    M  6.8 21 120   M    M   M        25 120
 2  86  75  81   4   0  16 0.00  0.0    M  9.0 17 150   M    M   M        22 140
 3  88  73  81   4   0  16 0.00  0.0    M  8.9 20  60   M    M   M        26  50
 4  86  75  81   4   0  16    T  0.0    M 11.9 23  70   M    M   M 8      29  80
 5  87  74  81   4   0  16 0.00  0.0    M 12.5 20  60   M    M   M        26  60
 6  86  74  80   3   0  15 0.00  0.0    M 11.6 23  70   M    M   M        30  80
 7  87  73  80   3   0  15 0.00  0.0    M  8.8 21  70   M    M   M        27  70
 8  82  72  77   0   0  12    T  0.0    M  4.7 14 180   M    M   M        17 200
 9  85  70  78   1   0  13    T  0.0    M  8.0 20  60   M    M   M 8      23  70
10  86  74  80   3   0  15 0.01  0.0    M 13.6 24  70   M    M   M        31  70
11  86  73  80   3   0  15 0.00  0.0    M 11.3 20  60   M    M   M        25  90
12  87  73  80   3   0  15    T  0.0    M 12.2 22  60   M    M   M        27  60
13  85  73  79   2   0  14    T  0.0    M 15.0 25  60   M    M   M        35  50
14  85  74  80   2   0  15    T  0.0    M 16.9 26  70   M    M   M        35  80
15  86  74  80   2   0  15    T  0.0    M 16.3 25  70   M    M   M        33  70
16  85  75  80   2   0  15 0.00  0.0    M 15.0 28  60   M    M   M        37  60
17  85  74  80   2   0  15    T  0.0    M 13.4 24  80   M    M   M        31  70
18  86  69  78   0   0  13 0.00  0.0    M  6.6 16  90   M    M   M        24  90
19  83  67  75  -3   0  10    T  0.0    M  6.2 15 150   M    M   M        18 150
20  82  70  76  -2   0  11 0.07  0.0    M  5.9 15 140   M    M   M        20 150
21  86  67  77  -1   0  12 0.00  0.0    M  8.5 21  60   M    M   M        25  40
22  87  74  81   3   0  16 0.00  0.0    M 13.9 24  60   M    M   M        36  60
================================================================================
SM 1881 1588         0 310  0.09     0.0 237.0          M        M
================================================================================
AV 85.5 72.2                              10.8 FASTST   M    M -nan   MAX(MPH)
                                 MISC ---->  # 28  60               # 37   60
================================================================================
NOTES:
# LAST OF SEVERAL OCCURRENCES

COLUMN 17 PEAK WIND IN M.P.H.

PRELIMINARY LOCAL CLIMATOLOGICAL DATA (WS FORM: F-6) , PAGE 2

                                          STATION:  HONOLULU HI
                                          MONTH:    MAY
                                          YEAR:     2017
                                          LATITUDE:   21 21 N
                                          LONGITUDE: 157 56 W

[TEMPERATURE DATA]      [PRECIPITATION DATA]       SYMBOLS USED IN COLUMN 16

AVERAGE MONTHLY: 78.8   TOTAL FOR MONTH:   0.09    1 = FOG OR MIST
DPTR FM NORMAL:   1.4   DPTR FM NORMAL:   -0.39    2 = FOG REDUCING VISIBILITY
HIGHEST:    88 ON  3    GRTST 24HR  1.14 ON 30- 1      TO 1/4 MILE OR LESS
LOWEST:     65 ON  1                               3 = THUNDER
                        SNOW, ICE PELLETS, HAIL    4 = ICE PELLETS
                        TOTAL MONTH:   0.0 INCH    5 = HAIL
                        GRTST 24HR     0.0         6 = FREEZING RAIN OR DRIZZLE
                        GRTST DEPTH:  M  ON   M    7 = DUSTSTORM OR SANDSTORM:
                                                       VSBY 1/2 MILE OR LESS
                                                   8 = SMOKE OR HAZE
[NO. OF DAYS WITH]      [WEATHER - DAYS WITH]      9 = BLOWING SNOW
                                                   X = TORNADO
MAX 32 OR BELOW:   0    0.01 INCH OR MORE:   3
MAX 90 OR ABOVE:   0    0.10 INCH OR MORE:   0
MIN 32 OR BELOW:   0    0.50 INCH OR MORE:   0
MIN  0 OR BELOW:   0    1.00 INCH OR MORE:   0

[HDD (BASE 65) ]
TOTAL THIS MO.     0    CLEAR  (SCALE 0-3)   0
DPTR FM NORMAL     0    PTCLDY (SCALE 4-7)   0
TOTAL FM JUL 1     0    CLOUDY (SCALE 8-10)  0
DPTR FM NORMAL     0

[CDD (BASE 65) ]
TOTAL THIS MO.   310
DPTR FM NORMAL    38    [PRESSURE DATA]
TOTAL FM JAN 1  1587    HIGHEST SLP M ON M
DPTR FM NORMAL   208    LOWEST  SLP 29.97 ON M

[REMARKS]
