000
CXHW50 PHFO 241250
CF6HNL
PRELIMINARY LOCAL CLIMATOLOGICAL DATA (WS FORM: F-6)

                                          STATION:   HONOLULU HI
                                          MONTH:     MARCH
                                          YEAR:      2017
                                          LATITUDE:   21 21 N
                                          LONGITUDE: 157 56 W

  TEMPERATURE IN F:       :PCPN:    SNOW:  WIND      :SUNSHINE: SKY     :PK WND
================================================================================
1   2   3   4   5  6A  6B    7    8   9   10  11  12  13   14  15   16   17  18
                                     12Z  AVG MX 2MIN
DY MAX MIN AVG DEP HDD CDD  WTR  SNW DPTH SPD SPD DIR MIN PSBL S-S WX    SPD DR
================================================================================

 1  75  66  71  -3   0   6 2.39  0.0    0 12.3 32 220   M    M   9 13     41 220
 2  80  71  76   2   0  11 0.21  0.0    0  9.0 20 180   M    M   5 1      28 190
 3  80  68  74   0   0   9 0.00  0.0    0  6.7 14 150   M    M   5        17 140
 4  81  69  75   1   0  10 0.06  0.0    0  9.7 17 200   M    M   6 1      23 200
 5  81  70  76   2   0  11 0.09  0.0    0  6.8 20 240   M    M   6 1      23 330
 6  79  65  72  -2   0   7 0.00  0.0    0  7.2 18 240   M    M   2 8      22 330
 7  79  65  72  -2   0   7 0.00  0.0    0  6.4 13 230   M    M   3 8      16 220
 8  82  66  74   0   0   9    T  0.0    0  9.0 17  30   M    M   3        23  30
 9  79  69  74   0   0   9 0.00  0.0    0  6.9 13 220   M    M   5 8      16 220
10  83  68  76   2   0  11 0.00  0.0    0  5.5 15 150   M    M   2 18     21 150
11  82  70  76   2   0  11 0.00  0.0    0  3.9  9 250   M    M   3 18     13 220
12  82  72  77   3   0  12 0.00  0.0    0  4.6 13 150   M    M   3        18 160
13  82  70  76   2   0  11    T  0.0    0  4.9 14 220   M    M   3 8      17 220
14  82  70  76   2   0  11    T  0.0    0  6.6 16 140   M    M   4        19 130
15  84  70  77   3   0  12 0.00  0.0    0  4.7 13 220   M    M   5 8      16 150
16  81  68  75   1   0  10    T  0.0    0  6.6 16 330   M    M   3        19 330
17  83  69  76   1   0  11 0.00  0.0    0  7.6 15 340   M    M   5        23 360
18  83  67  75   0   0  10 0.00  0.0    0  8.3 18  40   M    M   2        22  40
19  85  69  77   2   0  12 0.00  0.0    0  7.7 17  40   M    M   2 8      24  20
20  85  72  79   4   0  14 0.00  0.0    0 10.0 21  40   M    M   4 8      29  60
21  86  73  80   5   0  15 0.00  0.0    0 12.7 21  60   M    M   2        25  70
22  85  74  80   5   0  15 0.00  0.0    0  8.8 16 140   M    M   5        26 170
23  85  70  78   3   0  13 0.00  0.0    0  6.9 17 140   M    M   3 8      22  80
================================================================================
SM 1884 1591         0 247  2.75     0.0 172.8          M       90
================================================================================
AV 81.9 69.2                               7.5 FASTST   M    M   4    MAX(MPH)
                                 MISC ---->  # 32 220               # 41  220
================================================================================
NOTES:
# LAST OF SEVERAL OCCURRENCES

COLUMN 17 PEAK WIND IN M.P.H.

PRELIMINARY LOCAL CLIMATOLOGICAL DATA (WS FORM: F-6) , PAGE 2

                                          STATION:  HONOLULU HI
                                          MONTH:    MARCH
                                          YEAR:     2017
                                          LATITUDE:   21 21 N
                                          LONGITUDE: 157 56 W

[TEMPERATURE DATA]      [PRECIPITATION DATA]       SYMBOLS USED IN COLUMN 16

AVERAGE MONTHLY: 75.5   TOTAL FOR MONTH:   2.75    1 = FOG OR MIST
DPTR FM NORMAL:   1.2   DPTR FM NORMAL:    1.19    2 = FOG REDUCING VISIBILITY
HIGHEST:    86 ON 21    GRTST 24HR  2.39 ON  1- 1      TO 1/4 MILE OR LESS
LOWEST:     65 ON  7, 6                            3 = THUNDER
                        SNOW, ICE PELLETS, HAIL    4 = ICE PELLETS
                        TOTAL MONTH:   0.0 INCH    5 = HAIL
                        GRTST 24HR     0.0         6 = FREEZING RAIN OR DRIZZLE
                        GRTST DEPTH:   0           7 = DUSTSTORM OR SANDSTORM:
                                                       VSBY 1/2 MILE OR LESS
                                                   8 = SMOKE OR HAZE
[NO. OF DAYS WITH]      [WEATHER - DAYS WITH]      9 = BLOWING SNOW
                                                   X = TORNADO
MAX 32 OR BELOW:   0    0.01 INCH OR MORE:   4
MAX 90 OR ABOVE:   0    0.10 INCH OR MORE:   2
MIN 32 OR BELOW:   0    0.50 INCH OR MORE:   1
MIN  0 OR BELOW:   0    1.00 INCH OR MORE:   1

[HDD (BASE 65) ]
TOTAL THIS MO.     0    CLEAR  (SCALE 0-3)  10
DPTR FM NORMAL     0    PTCLDY (SCALE 4-7)  12
TOTAL FM JUL 1     0    CLOUDY (SCALE 8-10)  1
DPTR FM NORMAL     0

[CDD (BASE 65) ]
TOTAL THIS MO.   247
DPTR FM NORMAL    34    [PRESSURE DATA]
TOTAL FM JAN 1   774    HIGHEST SLP M ON M
DPTR FM NORMAL    79    LOWEST  SLP 29.82 ON  1

[REMARKS]
