000
CXUS54 KMAF 281100
CF6HOB
PRELIMINARY LOCAL CLIMATOLOGICAL DATA (WS FORM: F-6)

                                          STATION:   Lea Airport, Hobbs
                                          MONTH:     AUGUST
                                          YEAR:      2015
                                          LATITUDE:   32 40 N
                                          LONGITUDE: 103-12 E

  TEMPERATURE IN F:       :PCPN:    SNOW:  WIND      :SUNSHINE: SKY     :PK WND
================================================================================
1   2   3   4   5  6A  6B    7    8   9   10  11  12  13   14  15   16   17  18
                                     12Z  AVG MX 2MIN
DY MAX MIN AVG DEP HDD CDD  WTR  SNW DPTH SPD SPD DIR MIN PSBL S-S WX    SPD DR
================================================================================

 1  93  68  81   M   0  16 0.21  0.0    0  8.4 16 300   M    M   4 3      24 300
 2   M   M   M   M   M   M 0.00  0.0    0  7.8 33 300   M    M   3 3      52 300
 3  95  72  84   M   0  19 0.00  0.0    0 10.4 23 310   M    M   4        32 310
 4  93  68  81   M   0  16 0.00  0.0    0  5.6 12 180   M    M   0         M  M
 5  99  70  85   M   0  20 0.00  0.0    0  6.9 10 160   M    M   1         M  M
 6  99  68  84   M   0  19 0.00  0.0    0  8.3 15 170   M    M   0        18 170
 7  95  68  82   M   0  17 0.00  0.0    0  7.5 14 140   M    M   0        20 140
 8  99  70  85   M   0  20 0.32  0.0    0  9.3 17 100   M    M   1 3      27 100
 9  95  70  83   M   0  18 0.00  0.0    0  4.2 14 310   M    M   1 3       M  M
10  95  68  82   M   0  17 0.00  0.0    0  7.2 20  90   M    M   0        23  90
11  91  66  79   M   0  14 0.00  0.0    0 10.6 17  20   M    M   1        23  10
12  95  66  81   M   0  16 0.00  0.0    0  6.8 13  80   M    M   1        17 110
13  99  68  84   M   0  19 0.00  0.0    0  3.7 12 200   M    M   1         M  M
14  99  70  85   M   0  20 0.00  0.0    0  7.2 21 150   M    M   1 3      27 150
15  93  66  80   M   0  15 0.00  0.0    0  7.4 14  80   M    M   1         M  M
16   M   M   M   M   M   M 0.00  0.0    0  5.3 13 120   M    M   2 3      18 120
17  91  64  78   M   0  13 0.00  0.0    0  7.3 16 140   M    M   2        24 140
18   M   M   M   M   M   M 0.00  0.0    0  9.0 16 160   M    M   1 3      20 340
19  81  64  73   M   0   8 0.00  0.0    0 14.5 23  20   M    M   7        30  20
20  86  63  75   M   0  10 0.00  0.0    0  6.8 13  90   M    M   2 3       M  M
21  93  66  80   M   0  15 0.30  0.0    0 12.2 25 240   M    M   1 3      31 240
22  93  64  79   M   0  14 0.00  0.0    0  7.4 14 160   M    M   0        17 160
23  86  68  77   M   0  12 0.00  0.0    0  9.3 25  60   M    M   1 8      33  60
24  88  63  76   M   0  11 0.00  0.0    0  6.6 12 140   M    M   2         M  M
25  91  63  77   M   0  12 0.00  0.0    0  5.8 14 140   M    M   2        18 140
26  91  63  77   M   0  12 0.00  0.0    0  5.8 13 100   M    M   1        21 110
27  93  63  78   M   0  13 0.00  0.0    0  4.7 12 150   M    M   1        17 140
================================================================================
SM 2233 1599         0 366  0.83     0.0 206.0          M       41
================================================================================
AV 93.0 66.6                               7.6 FASTST   M    M   2    MAX(MPH)
                                 MISC ---->    33   M                 52    M
================================================================================
NOTES:
# LAST OF SEVERAL OCCURRENCES

COLUMN 17 PEAK WIND IN M.P.H.

PRELIMINARY LOCAL CLIMATOLOGICAL DATA (WS FORM: F-6) , PAGE 2

                                          STATION:  Lea Airport, Hobbs
                                          MONTH:    AUGUST
                                          YEAR:     2015
                                          LATITUDE:   32 40 N
                                          LONGITUDE: 103-12 E

[TEMPERATURE DATA]      [PRECIPITATION DATA]       SYMBOLS USED IN COLUMN 16

AVERAGE MONTHLY: 79.8   TOTAL FOR MONTH:   0.83    1 = FOG OR MIST
DPTR FM NORMAL:     M   DPTR FM NORMAL:       M    2 = FOG REDUCING VISIBILITY
HIGHEST:    99 ON 14,13 GRTST 24HR  0.32 ON  8- 8      TO 1/4 MILE OR LESS
LOWEST:     63 ON 27,26                            3 = THUNDER
                        SNOW, ICE PELLETS, HAIL    4 = ICE PELLETS
                        TOTAL MONTH:   0.0 INCH    5 = HAIL
                        GRTST 24HR     0.0         6 = FREEZING RAIN OR DRIZZLE
                        GRTST DEPTH:   0           7 = DUSTSTORM OR SANDSTORM:
                                                       VSBY 1/2 MILE OR LESS
                                                   8 = SMOKE OR HAZE
[NO. OF DAYS WITH]      [WEATHER - DAYS WITH]      9 = BLOWING SNOW
                                                   X = TORNADO
MAX 32 OR BELOW:   0    0.01 INCH OR MORE:   3
MAX 90 OR ABOVE:  20    0.10 INCH OR MORE:   3
MIN 32 OR BELOW:   0    0.50 INCH OR MORE:   0
MIN  0 OR BELOW:   0    1.00 INCH OR MORE:   0

[HDD (BASE 65) ]
TOTAL THIS MO.     0    CLEAR  (SCALE 0-3)  24
DPTR FM NORMAL     M    PTCLDY (SCALE 4-7)   3
TOTAL FM JUL 1     0    CLOUDY (SCALE 8-10)  0
DPTR FM NORMAL     M

[CDD (BASE 65) ]
TOTAL THIS MO.   366
DPTR FM NORMAL     M    [PRESSURE DATA]
TOTAL FM JAN 1  1181    HIGHEST SLP M ON M
DPTR FM NORMAL     M    LOWEST  SLP M ON M

[REMARKS]
