000
CXUS55 KFSD 301145
CF6HON
PRELIMINARY LOCAL CLIMATOLOGICAL DATA (WS FORM: F-6)

                                          STATION:   HURON
                                          MONTH:     MARCH
                                          YEAR:      2015
                                          LATITUDE:   44 22 N
                                          LONGITUDE:  98 13 W

  TEMPERATURE IN F:       :PCPN:    SNOW:  WIND      :SUNSHINE: SKY     :PK WND
================================================================================
1   2   3   4   5  6A  6B    7    8   9   10  11  12  13   14  15   16   17  18
                                     12Z  AVG MX 2MIN
DY MAX MIN AVG DEP HDD CDD  WTR  SNW DPTH SPD SPD DIR MIN PSBL S-S WX    SPD DR
================================================================================

 1  31   1  16 -11  49   0 0.00  0.0    2  8.4 24 300   M    M   2        30 290
 2  36   2  19  -8  46   0 0.00  0.0    2 13.6 29 160   M    M   4 1      38 150
 3  31  -6  13 -15  52   0 0.11  1.2    1 16.1 38 360   M    M   6 189    52 340
 4   9 -10   0 -28  65   0    T    T    1 11.4 30 320   M    M   2        34 330
 5  34 -10  12 -16  53   0 0.00  0.0    1  9.5 20 190   M    M   0        25 180
 6  44  13  29   0  36   0 0.00  0.0    0  4.8 14 350   M    M   4        17  20
 7  47  28  38   9  27   0    T  0.0    0  9.2 18 330   M    M   5        24 350
 8  54  25  40  10  25   0 0.02  0.0    0  6.8 21 280   M    M   1 1      26 280
 9  63  30  47  17  18   0 0.00  0.0    0  7.0 14 200   M    M   1        19 190
10  61  25  43  12  22   0 0.00  0.0    0  5.6 20 360   M    M   0        23 360
11  64  25  45  14  20   0 0.00  0.0    0 13.1 24 160   M    M   0        32 160
12  74  44  59  28   6   0 0.00  0.0    0 11.3 18 190   M    M   0        26 160
13  65  31  48  16  17   0 0.00  0.0    0  9.4 28 350   M    M   0 18     33 350
14  71  25  48  16  17   0 0.00  0.0    0  8.2 21 180   M    M   0        31 180
15  81  52  67  34   0   2 0.00  0.0    0 10.6 23 190   M    M   0        34 180
16  67  31  49  16  16   0 0.00  0.0    0 15.9 36  10   M    M   1        46  10
17  45  16  31  -3  34   0 0.00  0.0    0  5.3 13 350   M    M   4        16  20
18  46  36  41   7  24   0 0.00  0.0    0 11.7 21 150   M    M  10        27 120
19  56  25  41   7  24   0 0.00  0.0    0 13.2 28 300   M    M   6        32 320
20  72  25  49  14  16   0 0.00  0.0    0 12.6 31 310   M    M   0        38 310
21  50  17  34  -1  31   0 0.00  0.0    0 10.2 21 110   M    M   0        27 110
22  46  23  35  -1  30   0 0.00  0.0    0 13.4 23 110   M    M   2        31 110
23  49  17  33  -3  32   0 0.00  0.0    0 11.9 22 160   M    M   4 1      31 150
24  43  33  38   1  27   0    T  0.0    0 16.3 26 150   M    M   8 1      34 160
25  46  19  33  -4  32   0 0.00  0.0    0 18.7 33 330   M    M   5 1      39 320
26  42  15  29  -8  36   0 0.00  0.0    0  7.5 20  20   M    M   4        24  20
27  34  11  23 -15  42   0 0.03    T    0  7.9 17 160   M    M   6 1      24 160
28  57  25  41   3  24   0 0.00  0.0    0 16.4 29 160   M    M   2        41 170
29  61  38  50  11  15   0    T  0.0    0 19.1 40 310   M    M   1        51 320
================================================================================
SM 1479  606       836   2  0.16     1.2 325.1          M       78
================================================================================
AV 51.0 20.9                              11.2 FASTST   M    M   3    MAX(MPH)
                                 MISC ---->  # 40 310               # 52  340
================================================================================
NOTES:
# LAST OF SEVERAL OCCURRENCES

COLUMN 17 PEAK WIND IN M.P.H.

PRELIMINARY LOCAL CLIMATOLOGICAL DATA (WS FORM: F-6) , PAGE 2

                                          STATION:  HURON
                                          MONTH:    MARCH
                                          YEAR:     2015
                                          LATITUDE:   44 22 N
                                          LONGITUDE:  98 13 W

[TEMPERATURE DATA]      [PRECIPITATION DATA]       SYMBOLS USED IN COLUMN 16

AVERAGE MONTHLY: 35.9   TOTAL FOR MONTH:   0.16    1 = FOG OR MIST
DPTR FM NORMAL:   3.2   DPTR FM NORMAL:   -1.16    2 = FOG REDUCING VISIBILITY
HIGHEST:    81 ON 15    GRTST 24HR  0.11 ON  3- 3      TO 1/4 MILE OR LESS
LOWEST:    -10 ON  5, 4                            3 = THUNDER
                        SNOW, ICE PELLETS, HAIL    4 = ICE PELLETS
                        TOTAL MONTH:   1.2 INCHES  5 = HAIL
                        GRTST 24HR   1.2 ON   M    6 = FREEZING RAIN OR DRIZZLE
                        GRTST DEPTH:   2 ON  2, 1  7 = DUSTSTORM OR SANDSTORM:
                                                       VSBY 1/2 MILE OR LESS
                                                   8 = SMOKE OR HAZE
[NO. OF DAYS WITH]      [WEATHER - DAYS WITH]      9 = BLOWING SNOW
                                                   X = TORNADO
MAX 32 OR BELOW:   3    0.01 INCH OR MORE:   3
MAX 90 OR ABOVE:   0    0.10 INCH OR MORE:   1
MIN 32 OR BELOW:  24    0.50 INCH OR MORE:   0
MIN  0 OR BELOW:   3    1.00 INCH OR MORE:   0

[HDD (BASE 65) ]
TOTAL THIS MO.   836    CLEAR  (SCALE 0-3)  17
DPTR FM NORMAL  -100    PTCLDY (SCALE 4-7)  11
TOTAL FM JUL 1  6773    CLOUDY (SCALE 8-10)  1
DPTR FM NORMAL     5

[CDD (BASE 65) ]
TOTAL THIS MO.     2
DPTR FM NORMAL     2    [PRESSURE DATA]
TOTAL FM JAN 1     2    HIGHEST SLP M ON M
DPTR FM NORMAL     2    LOWEST  SLP 29.61 ON 28

[REMARKS]
