000
CXUS54 KLZK 201130
CF6HOT
PRELIMINARY LOCAL CLIMATOLOGICAL DATA (WS FORM: F-6)

                                          STATION:   Hot Springs Memorial Field
                                          MONTH:     NOVEMBER
                                          YEAR:      2017
                                          LATITUDE:   34 28 N
                                          LONGITUDE:  93  6 W

  TEMPERATURE IN F:       :PCPN:    SNOW:  WIND      :SUNSHINE: SKY     :PK WND
================================================================================
1   2   3   4   5  6A  6B    7    8   9   10  11  12  13   14  15   16   17  18
                                     12Z  AVG MX 2MIN
DY MAX MIN AVG DEP HDD CDD  WTR  SNW DPTH SPD SPD DIR MIN PSBL S-S WX    SPD DR
================================================================================

 1  69  45  57  -1   8   0 0.21    M    M  5.3 12 160   M    M  10 12     18 160
 2  84  67  76  18   0  11 0.00    M    M  6.7 17 200   M    M   6 18     26 200
 3  83  66  75  18   0  10    T    M    M  5.1 14  70   M    M   7 1      17 200
 4  84  65  75  18   0  10 0.00    M    M  6.2 15 230   M    M   7 1      22 230
 5  81  71  76  19   0  11    T    M    M  7.2 15 210   M    M   7        21 200
 6  71  57  64   8   1   0 0.01    M    M  5.8 14  70   M    M  10 1      17  70
 7  60  51  56   0   9   0    T    M    M  5.3 12  40   M    M  10 1      16  60
 8  51  48  50  -6  15   0 0.03    M    M  4.0 13  50   M    M   9 1      18  30
 9  65  37  51  -4  14   0 0.00    M    M  1.8  9  20   M    M   1 12     13  40
10  62  34  48  -7  17   0 0.00    M    M  5.3 17  70   M    M   0        22  80
11  61  35  48  -6  17   0 0.00    M    M  3.7  9 100   M    M   5        11 120
12  74  52  63   9   2   0 0.00  0.0    0  4.3 15  60   M    M   5        19  60
13  64  47  56   2   9   0 0.00  0.0    0  5.0 16  90   M    M   1        19  90
14  59  48  54   1  11   0 0.00  0.0    0  3.5 10  90   M    M  10 18     13 110
15  68  57  63  10   2   0 0.32  0.0    0  3.3 13 250   M    M   9 1      16 240
16  61  51  56   4   9   0 0.00  0.0    0  6.6 13  80   M    M   8        16  60
17  73  56  65  13   0   0    T  0.0    0  8.3 18 190   M    M   9        28 200
18  80  45  63  11   2   0 0.00  0.0    0 11.9 28 240   M    M   7        40 300
19  61  34  48  -3  17   0 0.00  0.0    0  3.9 14 350   M    M   0        23 340
================================================================================
SM 1311  966       133  42  0.57     0.0 103.2          M      121
================================================================================
AV 69.0 50.8                               5.4 FASTST   M    M   6    MAX(MPH)
                                 MISC ---->  # 28 240               # 40  300
================================================================================
NOTES:
# LAST OF SEVERAL OCCURRENCES

COLUMN 17 PEAK WIND IN M.P.H.

PRELIMINARY LOCAL CLIMATOLOGICAL DATA (WS FORM: F-6) , PAGE 2

                                          STATION:  Hot Springs Memorial Field
                                          MONTH:    NOVEMBER
                                          YEAR:     2017
                                          LATITUDE:   34 28 N
                                          LONGITUDE:  93  6 W

[TEMPERATURE DATA]      [PRECIPITATION DATA]       SYMBOLS USED IN COLUMN 16

AVERAGE MONTHLY: 59.9   TOTAL FOR MONTH:   0.57    1 = FOG OR MIST
DPTR FM NORMAL:   5.2   DPTR FM NORMAL:   -2.91    2 = FOG REDUCING VISIBILITY
HIGHEST:    84 ON  4, 2 GRTST 24HR  0.32 ON 15-15      TO 1/4 MILE OR LESS
LOWEST:     34 ON 19,10                            3 = THUNDER
                        SNOW, ICE PELLETS, HAIL    4 = ICE PELLETS
                        TOTAL MONTH:   0.0 INCH    5 = HAIL
                        GRTST 24HR     0.0         6 = FREEZING RAIN OR DRIZZLE
                        GRTST DEPTH:   0           7 = DUSTSTORM OR SANDSTORM:
                                                       VSBY 1/2 MILE OR LESS
                                                   8 = SMOKE OR HAZE
[NO. OF DAYS WITH]      [WEATHER - DAYS WITH]      9 = BLOWING SNOW
                                                   X = TORNADO
MAX 32 OR BELOW:   0    0.01 INCH OR MORE:   4
MAX 90 OR ABOVE:   0    0.10 INCH OR MORE:   2
MIN 32 OR BELOW:   0    0.50 INCH OR MORE:   0
MIN  0 OR BELOW:   0    1.00 INCH OR MORE:   0

[HDD (BASE 65) ]
TOTAL THIS MO.   133    CLEAR  (SCALE 0-3)   4
DPTR FM NORMAL   -71    PTCLDY (SCALE 4-7)   7
TOTAL FM JUL 1   257    CLOUDY (SCALE 8-10)  8
DPTR FM NORMAL   -83

[CDD (BASE 65) ]
TOTAL THIS MO.    42
DPTR FM NORMAL    34    [PRESSURE DATA]
TOTAL FM JAN 1  2264    HIGHEST SLP M ON M
DPTR FM NORMAL   127    LOWEST  SLP 29.53 ON 18

[REMARKS]
