000
CXUS52 KMHX 240806
CF6HSE
PRELIMINARY LOCAL CLIMATOLOGICAL DATA (WS FORM: F-6)

                                          STATION:   CAPE HATTERAS NC
                                          MONTH:     APRIL
                                          YEAR:      2014
                                          LATITUDE:   35 13 N
                                          LONGITUDE:  75 37 W

  TEMPERATURE IN F:       :PCPN:    SNOW:  WIND      :SUNSHINE: SKY     :PK WND
================================================================================
1   2   3   4   5  6A  6B    7    8   9   10  11  12  13   14  15   16   17  18
                                     12Z  AVG MX 2MIN
DY MAX MIN AVG DEP HDD CDD  WTR  SNW DPTH SPD SPD DIR MIN PSBL S-S WX    SPD DR
================================================================================

 1  66  37  52  -4  13   0 0.00  0.0    0  5.7 13 240   M    M   0        17 240
 2  67  57  62   6   3   0 0.00  0.0    0 10.9 15 240   M    M   0        20 230
 3  68  58  63   7   2   0 0.00  0.0    0  9.9 16 240   M    M   0 1      25 240
 4  68  60  64   8   1   0 0.00  0.0    0 15.6 24 230   M    M   1 1      35 230
 5  70  54  62   5   3   0 0.00  0.0    0 12.5 22 240   M    M   2 18     31 240
 6  55  48  52  -5  13   0    T  0.0    0 12.5 18  30   M    M   5        32  30
 7  66  53  60   3   5   0 0.67  0.0    0 11.5 25 160   M    M   6 1      31 160
 8  65  57  61   3   4   0 0.34  0.0    0 13.0 26 210   M    M   7 1      37 210
 9  59  45  52  -6  13   0 0.00  0.0    0  9.6 18  30   M    M   1        31  30
10  68  54  61   3   4   0 0.00  0.0    0  7.6 14 210   M    M   0        20 210
11  72  62  67   9   0   2 0.00  0.0    0 13.7 22 210   M    M   0        31 210
12  72  58  65   6   0   0 0.00  0.0    0  7.4 14 230   M    M   1        20 230
13  77  60  69  10   0   4 0.00  0.0    0  7.4 16 170   M    M   4        21 170
14  74  65  70  11   0   5 0.09  0.0    0 12.0 21 180   M    M   5 1      28 180
15  70  50  60   1   5   0 1.14  0.0    0 16.5 25 190   M    M   7 18     40 340
16  50  43  47 -13  18   0 0.03  0.0    0 16.0 25  10   M    M   7 1      47  10
17  55  46  51  -9  14   0 0.00  0.0    0 14.5 21  30   M    M   7        34  30
18  54  47  51  -9  14   0 0.08  0.0    0 13.1 20  30   M    M  10 1      31  30
19  55  49  52  -8  13   0 1.20  0.0    0 13.3 21  40   M    M  10 1      34  40
20  57  49  53  -8  12   0 0.76  0.0    0 14.9 22  30   M    M   8 1      40  30
21  55  49  52  -9  13   0 0.02  0.0    0 11.7 21  20   M    M   6 18     34  20
22  65  42  54  -7  11   0 0.00  0.0    0  8.1 17 240   M    M   1 128    25 240
23  64  45  55  -6  10   0    T  0.0    0  8.3 16  20   M    M   2 8      27  20
================================================================================
SM 1472 1188       171  11  4.33     0.0 265.7          M       90
================================================================================
AV 64.0 51.7                              11.6 FASTST   M    M   4    MAX(MPH)
                                 MISC ---->  # 26 210               # 47   10
================================================================================
NOTES:
# LAST OF SEVERAL OCCURRENCES

COLUMN 17 PEAK WIND IN M.P.H.

PRELIMINARY LOCAL CLIMATOLOGICAL DATA (WS FORM: F-6) , PAGE 2

                                          STATION:  CAPE HATTERAS NC
                                          MONTH:    APRIL
                                          YEAR:     2014
                                          LATITUDE:   35 13 N
                                          LONGITUDE:  75 37 W

[TEMPERATURE DATA]      [PRECIPITATION DATA]       SYMBOLS USED IN COLUMN 16

AVERAGE MONTHLY: 57.8   TOTAL FOR MONTH:   4.33    1 = FOG OR MIST
DPTR FM NORMAL:  -0.7   DPTR FM NORMAL:    1.46    2 = FOG REDUCING VISIBILITY
HIGHEST:    77 ON 13    GRTST 24HR  1.28 ON 19-20      TO 1/4 MILE OR LESS
LOWEST:     37 ON  1                               3 = THUNDER
                        SNOW, ICE PELLETS, HAIL    4 = ICE PELLETS
                        TOTAL MONTH:   0.0 INCH    5 = HAIL
                        GRTST 24HR     0.0         6 = FREEZING RAIN OR DRIZZLE
                        GRTST DEPTH:   0           7 = DUSTSTORM OR SANDSTORM:
                                                       VSBY 1/2 MILE OR LESS
                                                   8 = SMOKE OR HAZE
[NO. OF DAYS WITH]      [WEATHER - DAYS WITH]      9 = BLOWING SNOW
                                                   X = TORNADO
MAX 32 OR BELOW:   0    0.01 INCH OR MORE:   9
MAX 90 OR ABOVE:   0    0.10 INCH OR MORE:   5
MIN 32 OR BELOW:   0    0.50 INCH OR MORE:   4
MIN  0 OR BELOW:   0    1.00 INCH OR MORE:   2

[HDD (BASE 65) ]
TOTAL THIS MO.   171    CLEAR  (SCALE 0-3)  11
DPTR FM NORMAL     8    PTCLDY (SCALE 4-7)   9
TOTAL FM JUL 1  2507    CLOUDY (SCALE 8-10)  3
DPTR FM NORMAL     1

[CDD (BASE 65) ]
TOTAL THIS MO.    11
DPTR FM NORMAL    -3    [PRESSURE DATA]
TOTAL FM JAN 1    11    HIGHEST SLP M ON M
DPTR FM NORMAL    -6    LOWEST  SLP 29.55 ON  8

[REMARKS]
