000
CXUS53 KGID 230730
CF6HSI
PRELIMINARY LOCAL CLIMATOLOGICAL DATA (WS FORM: F-6)

                                          STATION:   HASTINGS NE
                                          MONTH:     OCTOBER
                                          YEAR:      2014
                                          LATITUDE:   40 35 N
                                          LONGITUDE:  98 26 W

  TEMPERATURE IN F:       :PCPN:    SNOW:  WIND      :SUNSHINE: SKY     :PK WND
================================================================================
1   2   3   4   5  6A  6B    7    8   9   10  11  12  13   14  15   16   17  18
                                     12Z  AVG MX 2MIN
DY MAX MIN AVG DEP HDD CDD  WTR  SNW DPTH SPD SPD DIR MIN PSBL S-S WX    SPD DR
================================================================================

 1  79  56  68   9   0   3 1.03  0.0    0  6.6 40 340   M    M   4 12358  55  10
 2  67  46  57  -2   8   0 0.21  0.0    0 14.0 33 290   M    M   5 13     42 290
 3  56  37  47 -11  18   0 0.07  0.0    0 19.1 32 320   M    M   3        43 310
 4  62  33  48 -10  17   0 0.00  0.0    0  6.2 13 260   M    M   1 8      17 260
 5  73  47  60   2   5   0    T  0.0    0 11.3 25 300   M    M   3        37 290
 6  76  48  62   5   3   0 0.00  0.0    0  9.1 20 290   M    M   1        25 290
 7  76  49  63   6   2   0 0.00  0.0    0  8.1 20 320   M    M   0        24 310
 8  70  44  57   1   8   0 0.00  0.0    0  6.8 13 130   M    M   4 8      18 130
 9  65  52  59   3   6   0    T  0.0    0 12.0 20  50   M    M   7        26  50
10  54  35  45 -10  20   0 0.00  0.0    0  7.1 15  40   M    M   1 18     23  40
11  62  32  47  -8  18   0 0.00  0.0    0  5.8 13 210   M    M   0 18     17 200
12  62  42  52  -2  13   0 0.04  0.0    0  8.5 23 330   M    M   3 1      30 330
13  63  46  55   1  10   0    T  0.0    0 21.8 37 350   M    M   4        44  10
14  67  40  54   0  11   0 0.00  0.0    0 10.4 23 340   M    M   0        30 360
15  73  34  54   1  11   0 0.00  0.0    0  6.8 15 190   M    M   0        18 180
16  77  41  59   6   6   0 0.00  0.0    0 10.3 29 350   M    M   0        37 350
17  66  39  53   1  12   0 0.00  0.0    0 11.4 25 340   M    M   0        29 340
18  60  31  46  -6  19   0 0.00  0.0    0  6.3 13 150   M    M   1 1      16 160
19  73  41  57   6   8   0 0.00  0.0    0  7.0 17 210   M    M   0        22 200
20  74  41  58   7   7   0 0.00  0.0    0  3.9 10  60   M    M   0 8      13  80
21  76  46  61  11   4   0 0.00  0.0    0  9.9 18 160   M    M   0        26 150
22  74  54  64  14   1   0 0.41  0.0    0  8.1 18 210   M    M   5 123    25 210
================================================================================
SM 1505  934       207   3  1.76     0.0 210.5          M       42
================================================================================
AV 68.4 42.5                               9.6 FASTST   M    M   2    MAX(MPH)
                                 MISC ---->  # 40 340               # 55   10
================================================================================
NOTES:
# LAST OF SEVERAL OCCURRENCES

COLUMN 17 PEAK WIND IN M.P.H.

PRELIMINARY LOCAL CLIMATOLOGICAL DATA (WS FORM: F-6) , PAGE 2

                                          STATION:  HASTINGS NE
                                          MONTH:    OCTOBER
                                          YEAR:     2014
                                          LATITUDE:   40 35 N
                                          LONGITUDE:  98 26 W

[TEMPERATURE DATA]      [PRECIPITATION DATA]       SYMBOLS USED IN COLUMN 16

AVERAGE MONTHLY: 55.4   TOTAL FOR MONTH:   1.76    1 = FOG OR MIST
DPTR FM NORMAL:   0.8   DPTR FM NORMAL:    0.23    2 = FOG REDUCING VISIBILITY
HIGHEST:    79 ON  1    GRTST 24HR  1.24 ON  1- 2      TO 1/4 MILE OR LESS
LOWEST:     31 ON 18                               3 = THUNDER
                        SNOW, ICE PELLETS, HAIL    4 = ICE PELLETS
                        TOTAL MONTH:   0.0 INCH    5 = HAIL
                        GRTST 24HR     0.0         6 = FREEZING RAIN OR DRIZZLE
                        GRTST DEPTH:   0           7 = DUSTSTORM OR SANDSTORM:
                                                       VSBY 1/2 MILE OR LESS
                                                   8 = SMOKE OR HAZE
[NO. OF DAYS WITH]      [WEATHER - DAYS WITH]      9 = BLOWING SNOW
                                                   X = TORNADO
MAX 32 OR BELOW:   0    0.01 INCH OR MORE:   5
MAX 90 OR ABOVE:   0    0.10 INCH OR MORE:   3
MIN 32 OR BELOW:   2    0.50 INCH OR MORE:   1
MIN  0 OR BELOW:   0    1.00 INCH OR MORE:   1

[HDD (BASE 65) ]
TOTAL THIS MO.   207    CLEAR  (SCALE 0-3)  15
DPTR FM NORMAL   -34    PTCLDY (SCALE 4-7)   7
TOTAL FM JUL 1   322    CLOUDY (SCALE 8-10)  0
DPTR FM NORMAL   -15

[CDD (BASE 65) ]
TOTAL THIS MO.     3
DPTR FM NORMAL    -8    [PRESSURE DATA]
TOTAL FM JAN 1  1018    HIGHEST SLP M ON M
DPTR FM NORMAL   -56    LOWEST  SLP 29.63 ON  6

[REMARKS]
