000
CXUS53 KAPX 270631
CF6HTL
PRELIMINARY LOCAL CLIMATOLOGICAL DATA (WS FORM: F-6)

                                          STATION:   HOUGHTON LAKE MI
                                          MONTH:     MAY
                                          YEAR:      2015
                                          LATITUDE:   44 22 N
                                          LONGITUDE:  84 41 W

  TEMPERATURE IN F:       :PCPN:    SNOW:  WIND      :SUNSHINE: SKY     :PK WND
================================================================================
1   2   3   4   5  6A  6B    7    8   9   10  11  12  13   14  15   16   17  18
                                     12Z  AVG MX 2MIN
DY MAX MIN AVG DEP HDD CDD  WTR  SNW DPTH SPD SPD DIR MIN PSBL S-S WX    SPD DR
================================================================================

 1  72  31  52   3  13   0 0.00  0.0    0  3.9 15 300   M    M   0 1      20 290
 2  74  40  57   8   8   0 0.00  0.0    0  5.0 13 260   M    M   2        18 280
 3  76  53  65  15   0   0 0.00  0.0    0  8.1 17 220   M    M   4        25 210
 4  72  48  60  10   5   0    T  0.0    0  8.0 20 310   M    M   3 1      25 310
 5  68  34  51   1  14   0 0.00  0.0    M  4.0 16  60   M    M   0        19  50
 6  73  38  56   5   9   0 0.00  0.0    0  5.2 12 170   M    M   4        15 180
 7  84  47  66  15   0   1    T  0.0    0  6.8 22 220   M    M   3 18     30 220
 8  79  63  71  19   0   6 0.00  0.0    0  7.9 15 200   M    M   4        20 210
 9  68  53  61   9   4   0 0.49  0.0    0  5.7 13  20   M    M  10 1      16  30
10  54  45  50  -2  15   0 0.11  0.0    0 10.7 18  60   M    M  10 1      22  70
11  61  44  53   1  12   0 0.45  0.0    0  8.0 22 250   M    M   8 12     32 240
12  55  37  46  -7  19   0    T  0.0    0 14.7 22 310   M    M  10 18     31 310
13  60  37  49  -4  16   0 0.00  0.0    0  7.5 16 320   M    M   4        22 320
14  66  34  50  -3  15   0 0.00  0.0    0  6.9 13 110   M    M   0        17 130
15  63  47  55   1  10   0 0.57  0.0    0  6.9 13 170   M    M   9 1      17 190
16  77  49  63   9   2   0 0.00  0.0    0  4.3 13 170   M    M   6 1      17 160
17  80  56  68  14   0   3 0.04  0.0    0  9.5 22 180   M    M   6 18     30 180
18  79  49  64   9   1   0    T  0.0    0 12.4 23 240   M    M   2        34 240
19  49  34  42 -13  23   0    T    T    0 14.4 23 310   M    M  10 1      31 300
20  58  29  44 -11  21   0 0.00  0.0    0  6.2 14 340   M    M   0        20 340
21  68  42  55  -1  10   0 0.00  0.0    0 10.1 20 340   M    M   2        26 310
22  60  33  47  -9  18   0 0.00  0.0    0  8.1 22 310   M    M   0        33 330
23  75  30  53  -3  12   0 0.00  0.0    0  5.8 15 270   M    M   0        21 270
24  76  42  59   3   6   0 0.38  0.0    0  5.1 16 210   M    M   4 1      24 210
25  75  57  66   9   0   1 0.37  0.0    0  9.8 29 200   M    M   7 1      36 200
26  80  61  71  14   0   6 1.04  0.0    0  9.3 17 170   M    M   3 1      23 170
================================================================================
SM 1802 1133       233  17  3.45    T    204.3          M      111
================================================================================
AV 69.3 43.6                               7.9 FASTST   M    M   4    MAX(MPH)
                                 MISC ---->  # 29 200               # 36  200
================================================================================
NOTES:
# LAST OF SEVERAL OCCURRENCES

COLUMN 17 PEAK WIND IN M.P.H.

PRELIMINARY LOCAL CLIMATOLOGICAL DATA (WS FORM: F-6) , PAGE 2

                                          STATION:  HOUGHTON LAKE MI
                                          MONTH:    MAY
                                          YEAR:     2015
                                          LATITUDE:   44 22 N
                                          LONGITUDE:  84 41 W

[TEMPERATURE DATA]      [PRECIPITATION DATA]       SYMBOLS USED IN COLUMN 16

AVERAGE MONTHLY: 56.4   TOTAL FOR MONTH:   3.45    1 = FOG OR MIST
DPTR FM NORMAL:   3.3   DPTR FM NORMAL:    1.12    2 = FOG REDUCING VISIBILITY
HIGHEST:    84 ON  7    GRTST 24HR  1.04 ON 26-26      TO 1/4 MILE OR LESS
LOWEST:     29 ON 20                               3 = THUNDER
                        SNOW, ICE PELLETS, HAIL    4 = ICE PELLETS
                        TOTAL MONTH:    T          5 = HAIL
                        GRTST 24HR    T  ON 19-19  6 = FREEZING RAIN OR DRIZZLE
                        GRTST DEPTH:   0           7 = DUSTSTORM OR SANDSTORM:
                                                       VSBY 1/2 MILE OR LESS
                                                   8 = SMOKE OR HAZE
[NO. OF DAYS WITH]      [WEATHER - DAYS WITH]      9 = BLOWING SNOW
                                                   X = TORNADO
MAX 32 OR BELOW:   0    0.01 INCH OR MORE:   8
MAX 90 OR ABOVE:   0    0.10 INCH OR MORE:   7
MIN 32 OR BELOW:   3    0.50 INCH OR MORE:   2
MIN  0 OR BELOW:   0    1.00 INCH OR MORE:   1

[HDD (BASE 65) ]
TOTAL THIS MO.   233    CLEAR  (SCALE 0-3)   9
DPTR FM NORMAL   -85    PTCLDY (SCALE 4-7)  11
TOTAL FM JUL 1  8454    CLOUDY (SCALE 8-10)  6
DPTR FM NORMAL   475

[CDD (BASE 65) ]
TOTAL THIS MO.    17
DPTR FM NORMAL    10    [PRESSURE DATA]
TOTAL FM JAN 1    17    HIGHEST SLP M ON M
DPTR FM NORMAL     8    LOWEST  SLP 29.67 ON M

[REMARKS]
