360
CXUS51 KRLX 281131
CF6HTS
PRELIMINARY LOCAL CLIMATOLOGICAL DATA (WS FORM: F-6)

                                          STATION:   HUNTINGTON WV
                                          MONTH:     MARCH
                                          YEAR:      2017
                                          LATITUDE:   38 22 N
                                          LONGITUDE:  82 33 W

  TEMPERATURE IN F:       :PCPN:    SNOW:  WIND      :SUNSHINE: SKY     :PK WND
================================================================================
1   2   3   4   5  6A  6B    7    8   9   10  11  12  13   14  15   16   17  18
                                     12Z  AVG MX 2MIN
DY MAX MIN AVG DEP HDD CDD  WTR  SNW DPTH SPD SPD DIR MIN PSBL S-S WX    SPD DR
================================================================================

 1  70  44  57  16   8   0 0.53  0.0    0 13.1 26 210   M    M   6 138    44 290
 2  45  37  41   0  24   0    T  0.0    0  9.6 20 270   M    M   8        31 290
 3  40  27  34  -8  31   0    T    T    0  8.1 18 320   M    M   6 8      26 270
 4  41  20  31 -11  34   0 0.00  0.0    0  3.5  9  90   M    M   4        13 120
 5  67  28  48   6  17   0 0.00  0.0    0  3.6 10 180   M    M   0        14 250
 6  60  51  56  14   9   0 0.03  0.0    0  6.9 14 180   M    M  10        22 160
 7  60  49  55  12  10   0 0.60  0.0    0  9.3 22 290   M    M   7 1      34 300
 8  61  40  51   8  14   0    T  0.0    0  9.7 26 250   M    M   1        41 270
 9  70  42  56  12   9   0 0.00  0.0    0  7.1 18 220   M    M   0        31 250
10  59  30  45   1  20   0 0.13  0.0    0 11.5 22 320   M    M   6 1      31 310
11  37  23  30 -14  35   0 0.00  0.0    0  6.7 16 340   M    M   0        22 320
12  43  21  32 -12  33   0 0.00  0.0    0  3.7 13 350   M    M   0        16 310
13  58  27  43  -2  22   0 0.06  0.0    0  6.9 16 330   M    M   3 1      20 330
14  34  20  27 -18  38   0    T    T    0 13.2 23 320   M    M  10 18     31 320
15  35  17  26 -20  39   0 0.00  0.0    0 10.0 21 300   M    M   4        30 330
16  43  20  32 -14  33   0 0.00  0.0    0  5.0 14 330   M    M   1        24  80
17  41  21  31 -15  34   0 0.35  0.0    0  3.8 12 110   M    M   7 123    16 130
18  58  39  49   2  16   0 0.02  0.0    0  8.2 25 340   M    M  10 128    36 350
19  46  34  40  -7  25   0 0.00  0.0    0  4.0  9 340   M    M   8        14 310
20  54  28  41  -6  24   0 0.38  0.0    0  4.4 15 150   M    M   5 1      21 190
21  60  47  54   6  11   0 0.00  0.0    0  3.4 13 320   M    M   8 18     19 320
22  50  33  42  -6  23   0 0.00  0.0    0  9.3 18 330   M    M   1        26 350
23  63  28  46  -2  19   0 0.00  0.0    0  4.7 10  40   M    M   1        13  70
24  77  49  63  14   2   0 0.00  0.0    0  8.1 18 230   M    M   5        25 250
25  76  58  67  18   0   2 0.00  0.0    0  3.7 14 200   M    M   3        19 220
26  67  57  62  13   3   0 0.58  0.0    0  6.5 20 290   M    M   6 138    29 310
27  77  52  65  15   0   0 0.39  0.0    0  3.9 18 230   M    M   6 1238   24 240
================================================================================
SM 1492  942       533   2  3.07    T    187.9          M      126
================================================================================
AV 55.3 34.9                               7.0 FASTST   M    M   5    MAX(MPH)
                                 MISC ---->  # 26 210               # 44  290
================================================================================
NOTES:
# LAST OF SEVERAL OCCURRENCES

COLUMN 17 PEAK WIND IN M.P.H.

PRELIMINARY LOCAL CLIMATOLOGICAL DATA (WS FORM: F-6) , PAGE 2

                                          STATION:  HUNTINGTON WV
                                          MONTH:    MARCH
                                          YEAR:     2017
                                          LATITUDE:   38 22 N
                                          LONGITUDE:  82 33 W

[TEMPERATURE DATA]      [PRECIPITATION DATA]       SYMBOLS USED IN COLUMN 16

AVERAGE MONTHLY: 45.1   TOTAL FOR MONTH:   3.07    1 = FOG OR MIST
DPTR FM NORMAL:  -0.2   DPTR FM NORMAL:   -0.34    2 = FOG REDUCING VISIBILITY
HIGHEST:    77 ON 27,24 GRTST 24HR  0.60 ON  7- 7      TO 1/4 MILE OR LESS
LOWEST:     17 ON 15                               3 = THUNDER
                        SNOW, ICE PELLETS, HAIL    4 = ICE PELLETS
                        TOTAL MONTH:    T          5 = HAIL
                        GRTST 24HR    T  ON 14-14  6 = FREEZING RAIN OR DRIZZLE
                        GRTST DEPTH:   0           7 = DUSTSTORM OR SANDSTORM:
                                                       VSBY 1/2 MILE OR LESS
                                                   8 = SMOKE OR HAZE
[NO. OF DAYS WITH]      [WEATHER - DAYS WITH]      9 = BLOWING SNOW
                                                   X = TORNADO
MAX 32 OR BELOW:   0    0.01 INCH OR MORE:  10
MAX 90 OR ABOVE:   0    0.10 INCH OR MORE:   7
MIN 32 OR BELOW:  13    0.50 INCH OR MORE:   3
MIN  0 OR BELOW:   0    1.00 INCH OR MORE:   0

[HDD (BASE 65) ]
TOTAL THIS MO.   533    CLEAR  (SCALE 0-3)  10
DPTR FM NORMAL    -5    PTCLDY (SCALE 4-7)  13
TOTAL FM JUL 1  3182    CLOUDY (SCALE 8-10)  4
DPTR FM NORMAL  -857

[CDD (BASE 65) ]
TOTAL THIS MO.     2
DPTR FM NORMAL     2    [PRESSURE DATA]
TOTAL FM JAN 1     3    HIGHEST SLP M ON M
DPTR FM NORMAL     3    LOWEST  SLP 29.60 ON  1

[REMARKS]
