000
CXUS53 KIND 270730
CF6HUF
PRELIMINARY LOCAL CLIMATOLOGICAL DATA (WS FORM: F-6)

                                          STATION:   TERRE HAUTE IN
                                          MONTH:     MARCH
                                          YEAR:      2015
                                          LATITUDE:   39 27 N
                                          LONGITUDE:  87 18 W

  TEMPERATURE IN F:       :PCPN:    SNOW:  WIND      :SUNSHINE: SKY     :PK WND
================================================================================
1   2   3   4   5  6A  6B    7    8   9   10  11  12  13   14  15   16   17  18
                                     12Z  AVG MX 2MIN
DY MAX MIN AVG DEP HDD CDD  WTR  SNW DPTH SPD SPD DIR MIN PSBL S-S WX    SPD DR
================================================================================

 1  31  23  27 -10  38   0 0.40    M    M  4.1 12 310   M    M   9 1      15 290
 2  35   9  22 -15  43   0 0.00    M    M  3.2 10 310   M    M   0 1      15 310
 3  41  26  34  -4  31   0 0.33    M    M  9.3 17 150   M    M   9 168    23 150
 4  35  18  27 -11  38   0 0.06    M    M 10.4 18 330   M    M   9 18     24 320
 5  20  -1  10 -29  55   0 0.00    M    M  9.0 18 300   M    M   1        28 360
 6  27  -6  11 -28  54   0 0.00    M    M  7.9 23 180   M    M   0        26 180
 7  44  20  32  -7  33   0 0.00    M    M  9.2 18 210   M    M   2        24 220
 8  49  21  35  -5  30   0 0.00    M    M  2.3  9 150   M    M   0 1      10 150
 9  44  27  36  -4  29   0 0.00    M    M  3.1 10 160   M    M   7 1      13 160
10  48  37  43   3  22   0 0.37    M    M  3.6  8 340   M    M  10 12     10 330
11  63  37  50   9  15   0 0.00    M    M  3.7 13  50   M    M   6 128    16  30
12  63  33  48   7  17   0 0.00    M    M  8.5 16 120   M    M   0 18     23 110
13  54  42  48   6  17   0 0.71    M    M  4.1  8 160   M    M   8 12     10 120
14  59  42  51   9  14   0 0.33    M    M  6.1 17 340   M    M   4 128    22 330
15  64  31  48   6  17   0 0.00    M    M  4.9 13 220   M    M   0        17 210
16  73  45  59  16   6   0 0.00    M    M  9.8 18 210   M    M   0        23 200
17  60  29  45   2  20   0 0.00    M    M 14.2 31  10   M    M   0 8      40 360
18  48  25  37  -7  28   0 0.00    M    M  6.4 15  80   M    M   1        20  80
19  50  40  45   1  20   0 0.01    M    M  8.1 16  90   M    M  10        22 100
20  49  39  44   0  21   0 0.02    M    M  4.0 12 270   M    M  10 1      15 270
21  64  31  48   3  17   0 0.00    M    M  6.6 15 330   M    M   1 12     19 350
22  56  33  45   0  20   0 0.00    M    M  9.2 17  50   M    M   0        22  80
23  46  30  38  -7  27   0 0.03    M    M 10.5 18  60   M    M   6        22  60
24  43  28  36 -10  29   0 0.16    M    M  9.5 17  90   M    M   6 1368   21 100
25  52  43  48   2  17   0 0.48    M    M  8.2 20 290   M    M   7 13     24 290
26  47  33  40  -6  25   0 0.47    M    M  9.8 18 300   M    M   7 1      23 310
================================================================================
SM 1265  735       683   0  3.37    M    185.7          M      113
================================================================================
AV 48.7 28.3                               7.1 FASTST   M    M   4    MAX(MPH)
                                 MISC ---->  # 31  10               # 40  360
================================================================================
NOTES:
# LAST OF SEVERAL OCCURRENCES

COLUMN 17 PEAK WIND IN M.P.H.

PRELIMINARY LOCAL CLIMATOLOGICAL DATA (WS FORM: F-6) , PAGE 2

                                          STATION:  TERRE HAUTE IN
                                          MONTH:    MARCH
                                          YEAR:     2015
                                          LATITUDE:   39 27 N
                                          LONGITUDE:  87 18 W

[TEMPERATURE DATA]      [PRECIPITATION DATA]       SYMBOLS USED IN COLUMN 16

AVERAGE MONTHLY: 38.5   TOTAL FOR MONTH:   3.37    1 = FOG OR MIST
DPTR FM NORMAL:  -3.3   DPTR FM NORMAL:    0.62    2 = FOG REDUCING VISIBILITY
HIGHEST:    73 ON 16    GRTST 24HR  0.71 ON 13-13      TO 1/4 MILE OR LESS
LOWEST:     -6 ON  6                               3 = THUNDER
                        SNOW, ICE PELLETS, HAIL    4 = ICE PELLETS
                        TOTAL MONTH:    M          5 = HAIL
                        GRTST 24HR    M  ON   M    6 = FREEZING RAIN OR DRIZZLE
                        GRTST DEPTH:  M  ON   M    7 = DUSTSTORM OR SANDSTORM:
                                                       VSBY 1/2 MILE OR LESS
                                                   8 = SMOKE OR HAZE
[NO. OF DAYS WITH]      [WEATHER - DAYS WITH]      9 = BLOWING SNOW
                                                   X = TORNADO
MAX 32 OR BELOW:   3    0.01 INCH OR MORE:  12
MAX 90 OR ABOVE:   0    0.10 INCH OR MORE:   8
MIN 32 OR BELOW:  15    0.50 INCH OR MORE:   1
MIN  0 OR BELOW:   2    1.00 INCH OR MORE:   0

[HDD (BASE 65) ]
TOTAL THIS MO.   683    CLEAR  (SCALE 0-3)  12
DPTR FM NORMAL    80    PTCLDY (SCALE 4-7)   7
TOTAL FM JUL 1  5317    CLOUDY (SCALE 8-10)  7
DPTR FM NORMAL   551

[CDD (BASE 65) ]
TOTAL THIS MO.     0
DPTR FM NORMAL     0    [PRESSURE DATA]
TOTAL FM JAN 1     0    HIGHEST SLP M ON M
DPTR FM NORMAL     0    LOWEST  SLP 29.74 ON  3

[REMARKS]
