000
CXUS53 KIND 240730
CF6HUF
PRELIMINARY LOCAL CLIMATOLOGICAL DATA (WS FORM: F-6)

                                          STATION:   TERRE HAUTE IN
                                          MONTH:     APRIL
                                          YEAR:      2017
                                          LATITUDE:   39 27 N
                                          LONGITUDE:  87 18 W

  TEMPERATURE IN F:       :PCPN:    SNOW:  WIND      :SUNSHINE: SKY     :PK WND
================================================================================
1   2   3   4   5  6A  6B    7    8   9   10  11  12  13   14  15   16   17  18
                                     12Z  AVG MX 2MIN
DY MAX MIN AVG DEP HDD CDD  WTR  SNW DPTH SPD SPD DIR MIN PSBL S-S WX    SPD DR
================================================================================

 1  58  41  50   1  15   0 0.00    M    M  5.4 13  40   M    M   6        15  40
 2  67  38  53   4  12   0 0.00    M    M  6.0 14 110   M    M   0        24 120
 3  69  52  61  12   4   0 0.59    M    M  8.4 25 250   M    M   8 13     32 260
 4  64  51  58   8   7   0 0.07    M    M 10.9 22 290   M    M   9 1      28 280
 5  60  47  54   4  11   0 0.63    M    M  9.5 21 100   M    M   8 13     26 330
 6  51  39  45  -5  20   0 0.04    M    M 16.5 29 310   M    M   9 1      37 320
 7  56  35  46  -5  19   0 0.00    M    M  9.3 20 310   M    M   0        30 320
 8  66  30  48  -3  17   0 0.00    M    M  7.9 20 190   M    M   0        25 200
 9  77  53  65  14   0   0 0.00    M    M 16.0 33 180   M    M   0        43 180
10  74  60  67  15   0   2 1.00    M    M 13.2 26 160   M    M   6 13     35 150
11  67  46  57   5   8   0 0.00    M    M  7.5 16 230   M    M   3        20 240
12  69  37  53   1  12   0 0.00    M    M  3.7  9  70   M    M   0 1      13  70
13  78  46  62  10   3   0 0.00    M    M  6.6 15 240   M    M   2        19 220
14  80  50  65  12   0   0 0.00    M    M  5.8 16 200   M    M   2 3      19 200
15  81  63  72  19   0   7 0.00    M    M 12.5 26 210   M    M   2 8      39 220
16  72  59  66  13   0   1 0.29    M    M  8.4 22 300   M    M   4 18     31 290
17  68  48  58   4   7   0 0.00    M    M  4.1 13  80   M    M   0        16  80
18  77  41  59   5   6   0 0.00    M    M  7.2 18 140   M    M   3        23 140
19  81  58  70  16   0   5 0.00    M    M  8.3 17 250   M    M   2 1      21 250
20  80  58  69  14   0   4 0.04    M    M 12.6 22 210   M    M   5 3      32 210
21  58  45  52  -3  13   0    T    M    M  8.0 18 330   M    M   4        23 340
22  58  42  50  -5  15   0    T    M    M 12.7 24  60   M    M   3        30  40
23  72  37  55  -1  10   0 0.00    M    M 10.4 20  50   M    M   0        27  50
================================================================================
SM 1583 1076       179  19  2.66    M    210.9          M       76
================================================================================
AV 68.8 46.8                               9.2 FASTST   M    M   3    MAX(MPH)
                                 MISC ---->  # 33 180               # 43  180
================================================================================
NOTES:
# LAST OF SEVERAL OCCURRENCES

COLUMN 17 PEAK WIND IN M.P.H.

PRELIMINARY LOCAL CLIMATOLOGICAL DATA (WS FORM: F-6) , PAGE 2

                                          STATION:  TERRE HAUTE IN
                                          MONTH:    APRIL
                                          YEAR:     2017
                                          LATITUDE:   39 27 N
                                          LONGITUDE:  87 18 W

[TEMPERATURE DATA]      [PRECIPITATION DATA]       SYMBOLS USED IN COLUMN 16

AVERAGE MONTHLY: 57.8   TOTAL FOR MONTH:   2.66    1 = FOG OR MIST
DPTR FM NORMAL:   5.6   DPTR FM NORMAL:    0.02    2 = FOG REDUCING VISIBILITY
HIGHEST:    81 ON 19,15 GRTST 24HR  1.00 ON 10-10      TO 1/4 MILE OR LESS
LOWEST:     30 ON  8                               3 = THUNDER
                        SNOW, ICE PELLETS, HAIL    4 = ICE PELLETS
                        TOTAL MONTH:    M          5 = HAIL
                        GRTST 24HR    M  ON   M    6 = FREEZING RAIN OR DRIZZLE
                        GRTST DEPTH:  M  ON   M    7 = DUSTSTORM OR SANDSTORM:
                                                       VSBY 1/2 MILE OR LESS
                                                   8 = SMOKE OR HAZE
[NO. OF DAYS WITH]      [WEATHER - DAYS WITH]      9 = BLOWING SNOW
                                                   X = TORNADO
MAX 32 OR BELOW:   0    0.01 INCH OR MORE:   7
MAX 90 OR ABOVE:   0    0.10 INCH OR MORE:   4
MIN 32 OR BELOW:   1    0.50 INCH OR MORE:   3
MIN  0 OR BELOW:   0    1.00 INCH OR MORE:   1

[HDD (BASE 65) ]
TOTAL THIS MO.   179    CLEAR  (SCALE 0-3)  13
DPTR FM NORMAL  -126    PTCLDY (SCALE 4-7)   8
TOTAL FM JUL 1  4085    CLOUDY (SCALE 8-10)  2
DPTR FM NORMAL -1074

[CDD (BASE 65) ]
TOTAL THIS MO.    19
DPTR FM NORMAL    10    [PRESSURE DATA]
TOTAL FM JAN 1    21    HIGHEST SLP M ON M
DPTR FM NORMAL    11    LOWEST  SLP 29.38 ON  3

[REMARKS]
