000
CXUS51 KCAR 280600
CF6HUL
PRELIMINARY LOCAL CLIMATOLOGICAL DATA (WS FORM: F-6)

                                          STATION:   HOULTON ME
                                          MONTH:     MAY
                                          YEAR:      2016
                                          LATITUDE:   46  7 N
                                          LONGITUDE:  67 48 W

  TEMPERATURE IN F:       :PCPN:    SNOW:  WIND      :SUNSHINE: SKY     :PK WND
================================================================================
1   2   3   4   5  6A  6B    7    8   9   10  11  12  13   14  15   16   17  18
                                     12Z  AVG MX 2MIN
DY MAX MIN AVG DEP HDD CDD  WTR  SNW DPTH SPD SPD DIR MIN PSBL S-S WX    SPD DR
================================================================================

 1  66  23  45  -1  20   0 0.00    M    M  4.5 16 230   M    M   2        19 220
 2  49  39  44  -2  21   0 0.35    M    M  4.8 13 170   M    M   9 1      19 140
 3  48  40  44  -3  21   0 0.11    M    M  5.6 10  30   M    M  10 18     15  10
 4  54  39  47   0  18   0 0.00    M    M  4.8 10 100   M    M   9        18 150
 5  50  39  45  -3  20   0 0.08    M    M 10.7 18  20   M    M  10 18     24  30
 6  68  40  54   6  11   0 0.10    M    M  7.2 16  10   M    M   4 1      22  30
 7  70  34  52   4  13   0 0.18    M    M  5.1 14 140   M    M   4 1      22 130
 8  63  33  48  -1  17   0 0.50    M    M  8.9 21 260   M    M  10 1      30 260
 9  44  33  39 -10  26   0    T    M    M 14.8 28 260   M    M  10 1      42 270
10  63  33  48  -1  17   0 0.00    M    M  9.2 20 340   M    M   5        27 340
11  61  26  44  -6  21   0 0.00    M    M  8.3 22  10   M    M   0        29 350
12  78  30  54   4  11   0 0.00    M    M  7.3 20 350   M    M   0        28 280
13  74  41  58   8   7   0 0.15    M    M  7.8 16 190   M    M   3 1      25 190
14  74  51  63  12   2   0 0.17    M    M  5.8 17 110   M    M   6 1      26 110
15  52  38  45  -6  20   0 0.42    M    M 10.0 21 100   M    M   9 13     28 100
16  40  33  37 -14  28   0 0.10    M    M 10.8 21 270   M    M  10 1      29 270
17  60  39  50  -2  15   0 0.00    M    M  7.8 17 320   M    M   9        23 320
18  67  31  49  -3  16   0 0.00    M    M  2.7 12 270   M    M   5        17  20
19  68  45  57   5   8   0    T    M    M  2.5 12 320   M    M  10        18 320
20  76  49  63  11   2   0 0.00    M    M  5.4 16 320   M    M   5        21 280
21  81  41  61   8   4   0 0.00    M    M  6.9 17 250   M    M   2        23 250
22  76  48  62   9   3   0 0.00    M    M  5.0 18  20   M    M   1        23  30
23  79  43  61   8   4   0 0.00    M    M  6.8 17  20   M    M   0 1      24  10
24  77  47  62   8   3   0 0.00    M    M  4.7 15 220   M    M   3 12     20 240
25  79  56  68  14   0   3 0.04    M    M  7.0 23 280   M    M   4 13     35 280
26  63  49  56   2   9   0 0.00    M    M  9.1 18 360   M    M   8        24 340
27  59  45  52  -2  13   0 0.34    M    M  7.5 16 150   M    M  10 13     22 200
================================================================================
SM 1739 1065       350   3  2.54    M    191.0          M      158
================================================================================
AV 64.4 39.4                               7.1 FASTST   M    M   6    MAX(MPH)
                                 MISC ---->  # 28 260               # 42  270
================================================================================
NOTES:
# LAST OF SEVERAL OCCURRENCES

COLUMN 17 PEAK WIND IN M.P.H.

PRELIMINARY LOCAL CLIMATOLOGICAL DATA (WS FORM: F-6) , PAGE 2

                                          STATION:  HOULTON ME
                                          MONTH:    MAY
                                          YEAR:     2016
                                          LATITUDE:   46  7 N
                                          LONGITUDE:  67 48 W

[TEMPERATURE DATA]      [PRECIPITATION DATA]       SYMBOLS USED IN COLUMN 16

AVERAGE MONTHLY: 51.9   TOTAL FOR MONTH:   2.54    1 = FOG OR MIST
DPTR FM NORMAL:   1.4   DPTR FM NORMAL:   -0.33    2 = FOG REDUCING VISIBILITY
HIGHEST:    81 ON 21    GRTST 24HR  0.53 ON  7- 8      TO 1/4 MILE OR LESS
LOWEST:     23 ON  1                               3 = THUNDER
                        SNOW, ICE PELLETS, HAIL    4 = ICE PELLETS
                        TOTAL MONTH:    M          5 = HAIL
                        GRTST 24HR    M  ON   M    6 = FREEZING RAIN OR DRIZZLE
                        GRTST DEPTH:  M  ON   M    7 = DUSTSTORM OR SANDSTORM:
                                                       VSBY 1/2 MILE OR LESS
                                                   8 = SMOKE OR HAZE
[NO. OF DAYS WITH]      [WEATHER - DAYS WITH]      9 = BLOWING SNOW
                                                   X = TORNADO
MAX 32 OR BELOW:   0    0.01 INCH OR MORE:  12
MAX 90 OR ABOVE:   0    0.10 INCH OR MORE:  10
MIN 32 OR BELOW:   4    0.50 INCH OR MORE:   1
MIN  0 OR BELOW:   0    1.00 INCH OR MORE:   0

[HDD (BASE 65) ]
TOTAL THIS MO.   350    CLEAR  (SCALE 0-3)   7
DPTR FM NORMAL   -44    PTCLDY (SCALE 4-7)   9
TOTAL FM JUL 1  7996    CLOUDY (SCALE 8-10) 11
DPTR FM NORMAL  -971

[CDD (BASE 65) ]
TOTAL THIS MO.     3
DPTR FM NORMAL     3    [PRESSURE DATA]
TOTAL FM JAN 1     3    HIGHEST SLP M ON M
DPTR FM NORMAL     3    LOWEST  SLP 29.38 ON M

[REMARKS]
