000
CXUS52 KMFL 301000
CF6HWO
PRELIMINARY LOCAL CLIMATOLOGICAL DATA (WS FORM: F-6)

                                          STATION:   NORTH PERRY ARPT
                                          MONTH:     JANUARY
                                          YEAR:      2015
                                          LATITUDE:   26  0 N
                                          LONGITUDE:  80 14 W

  TEMPERATURE IN F:       :PCPN:    SNOW:  WIND      :SUNSHINE: SKY     :PK WND
================================================================================
1   2   3   4   5  6A  6B    7    8   9   10  11  12  13   14  15   16   17  18
                                     12Z  AVG MX 2MIN
DY MAX MIN AVG DEP HDD CDD  WTR  SNW DPTH SPD SPD DIR MIN PSBL S-S WX    SPD DR
================================================================================

 1  80  69  75   7   0  10    T  0.0    0  3.0 16 130   M    M   7 1      18 140
 2  83  70  77  10   0  12 0.46  0.0    0  7.3 17 120   M    M   4 1      21 120
 3  83  75  79  12   0  14 0.00  0.0    0 12.6 23 140   M    M   4        29 120
 4  84  72  78  11   0  13 0.02  0.0    0  9.2 21 140   M    M   3        27 140
 5  86  70  78  11   0  13 0.09  0.0    0  6.6 17  60   M    M   4 1      22  20
 6  83  67  75   8   0  10 0.00  0.0    0  5.3 13 130   M    M   3        18 100
 7  80  63  72   5   0   7 0.00  0.0    0  6.9 14 340   M    M   4        17 350
 8  74  56  65  -2   0   0    T  0.0    0 12.7 20  50   M    M   3        25  40
 9  79  62  71   4   0   6 0.02  0.0    0  3.9 16 100   M    M   3        21  90
10  79  58  69   2   0   4    T  0.0    0 11.3 20  50   M    M   5 1      25  60
11  79  71  75   8   0  10 0.62  0.0    0 11.6 24  90   M    M   7 13     30 100
12  79  72  76   9   0  11 0.01  0.0    0 10.6 22 110   M    M   7        26 110
13  80  69  75   8   0  10 2.15  0.0    0  5.3 16 100   M    M   6 13     20 100
14  79  67  73   6   0   8 0.01  0.0    0  7.6 14 330   M    M   7 12     17 310
15  78  63  71   4   0   6 0.00  0.0    0  7.6 16 310   M    M   8        20 320
16  73  59  66  -1   0   1 0.00  0.0    0  9.7 20 330   M    M   6        24 310
17  77  53  65  -2   0   0 0.00  0.0    0  7.6 17  70   M    M   1        22  90
18  79  60  70   3   0   5    T  0.0    0  5.4 17 320   M    M   1        21 330
19  76  55  66  -1   0   1 0.00  0.0    0  6.1 16  50   M    M   2        20  70
20  73  61  67   0   0   2 0.00  0.0    0  3.5 13 130   M    M   6        17 140
21  82  65  74   7   0   9    T  0.0    0  5.4 14  70   M    M   4        17 100
22  80  63  72   5   0   7 0.00  0.0    0  8.1 17  70   M    M   2        21 120
23  80  71  76   9   0  11 0.00  0.0    0 10.8 20 150   M    M   2        25 140
24  78  57  68   1   0   3    T  0.0    0 11.8 25 270   M    M   3 1      31 270
25  67  50  59  -8   6   0 0.00  0.0    0  6.6 17 340   M    M   0        22 330
26  75  53  64  -3   1   0 0.08  0.0    0 11.9 33 280   M    M   2        48 280
27  70  52  61  -6   4   0 0.00  0.0    0  9.9 18 260   M    M   0        24 260
28  69  50  60  -7   5   0 0.00  0.0    0 10.3 18 340   M    M   1        25 330
29  72  50  61  -7   4   0 0.00  0.0    0  8.5 18  90   M    M   5        25  30
================================================================================
SM 2257 1803        20 173  3.46     0.0 237.1          M      110
================================================================================
AV 77.8 62.2                               8.2 FASTST   M    M   4    MAX(MPH)
                                 MISC ---->  # 33 280               # 48  280
================================================================================
NOTES:
# LAST OF SEVERAL OCCURRENCES

COLUMN 17 PEAK WIND IN M.P.H.

PRELIMINARY LOCAL CLIMATOLOGICAL DATA (WS FORM: F-6) , PAGE 2

                                          STATION:  NORTH PERRY ARPT
                                          MONTH:    JANUARY
                                          YEAR:     2015
                                          LATITUDE:   26  0 N
                                          LONGITUDE:  80 14 W

[TEMPERATURE DATA]      [PRECIPITATION DATA]       SYMBOLS USED IN COLUMN 16

AVERAGE MONTHLY: 70.0   TOTAL FOR MONTH:   3.46    1 = FOG OR MIST
DPTR FM NORMAL:   2.9   DPTR FM NORMAL:    1.21    2 = FOG REDUCING VISIBILITY
HIGHEST:    86 ON  5    GRTST 24HR  2.16 ON 12-13      TO 1/4 MILE OR LESS
LOWEST:     50 ON 29,28                            3 = THUNDER
                        SNOW, ICE PELLETS, HAIL    4 = ICE PELLETS
                        TOTAL MONTH:   0.0 INCH    5 = HAIL
                        GRTST 24HR     0.0         6 = FREEZING RAIN OR DRIZZLE
                        GRTST DEPTH:   0           7 = DUSTSTORM OR SANDSTORM:
                                                       VSBY 1/2 MILE OR LESS
                                                   8 = SMOKE OR HAZE
[NO. OF DAYS WITH]      [WEATHER - DAYS WITH]      9 = BLOWING SNOW
                                                   X = TORNADO
MAX 32 OR BELOW:   0    0.01 INCH OR MORE:   9
MAX 90 OR ABOVE:   0    0.10 INCH OR MORE:   3
MIN 32 OR BELOW:   0    0.50 INCH OR MORE:   2
MIN  0 OR BELOW:   0    1.00 INCH OR MORE:   1

[HDD (BASE 65) ]
TOTAL THIS MO.    20    CLEAR  (SCALE 0-3)  13
DPTR FM NORMAL   -37    PTCLDY (SCALE 4-7)  16
TOTAL FM JUL 1    58    CLOUDY (SCALE 8-10)  0
DPTR FM NORMAL   -40

[CDD (BASE 65) ]
TOTAL THIS MO.   173
DPTR FM NORMAL    51    [PRESSURE DATA]
TOTAL FM JAN 1   173    HIGHEST SLP M ON M
DPTR FM NORMAL    51    LOWEST  SLP 29.86 ON 26

[REMARKS]
