000
CXUS52 KMFL 291000
CF6HWO
PRELIMINARY LOCAL CLIMATOLOGICAL DATA (WS FORM: F-6)

                                          STATION:   NORTH PERRY ARPT
                                          MONTH:     MARCH
                                          YEAR:      2015
                                          LATITUDE:   26  0 N
                                          LONGITUDE:  80 14 W

  TEMPERATURE IN F:       :PCPN:    SNOW:  WIND      :SUNSHINE: SKY     :PK WND
================================================================================
1   2   3   4   5  6A  6B    7    8   9   10  11  12  13   14  15   16   17  18
                                     12Z  AVG MX 2MIN
DY MAX MIN AVG DEP HDD CDD  WTR  SNW DPTH SPD SPD DIR MIN PSBL S-S WX    SPD DR
================================================================================

 1  83  72  78   7   0  13 0.01  0.0    0 10.9 20  90   M    M   4        23 100
 2  82  69  76   5   0  11    T  0.0    0  7.9 16 100   M    M   2        21 100
 3  83  68  76   5   0  11 0.00  0.0    0 10.9 20 100   M    M   4        25 110
 4  83  73  78   7   0  13 0.00  0.0    0 10.5 18 130   M    M   5        23 130
 5  86  74  80   9   0  15 0.00  0.0    0 10.3 21 150   M    M   3        26 140
 6  86  69  78   7   0  13 0.01  0.0    0  5.8 13  30   M    M   5        18  50
 7  83  67  75   3   0  10 0.33  0.0    0 11.5 21  60   M    M   8 1      26  30
 8  79  71  75   3   0  10 0.01  0.0    0 12.6 22  60   M    M   9        27  90
 9  84  71  78   6   0  13 0.01  0.0    0 10.5 17  70   M    M   5        21 100
10  84  74  79   7   0  14 0.01  0.0    0 13.2 23 120   M    M   6        27 110
11  85  75  80   8   0  15 0.06  0.0    0 12.1 21 120   M    M   7        26 140
12  86  73  80   8   0  15 0.00  0.0    0 12.1 21 100   M    M   4        25  90
13  81  70  76   4   0  11 0.37  0.0    0 14.8 25 100   M    M   6 1      30 100
14  83  72  78   6   0  13 0.26  0.0    0  9.9 22 120   M    M   4 1      30 130
15  85  69  77   5   0  12 0.00  0.0    0  4.9 14 110   M    M   2        17 100
16  83  70  77   5   0  12 0.00  0.0    0  6.7 17  80   M    M   4        20 100
17  88  68  78   6   0  13 0.00  0.0    0  5.7 17 140   M    M   1        22 160
18  85  65  75   3   0  10 0.00  0.0    0  7.7 17 120   M    M   1        20 130
19  87  69  78   5   0  13 0.00  0.0    0  7.3 16 130   M    M   4        21 150
20  88  67  78   5   0  13 0.00  0.0    0  5.9 14 260   M    M   1        23 250
21  88  68  78   5   0  13 0.00  0.0    0  5.7 15 130   M    M   1        19 140
22  88  69  79   6   0  14 0.00  0.0    0  6.9 15 250   M    M   1        20 270
23  90  69  80   7   0  15    T  0.0    0  7.1 21 330   M    M   3        27 260
24  85  71  78   5   0  13 0.00  0.0    0  5.7 15 110   M    M   6        17 130
25  89  68  79   6   0  14 0.06  0.0    0  4.5 13 120   M    M   4 1      16 120
26  88  70  79   6   0  14 0.00  0.0    0  8.4 22 160   M    M   2        28 160
27  92  68  80   7   0  15 0.14  0.0    0 12.4 36 290   M    M   3 3      49 280
28  74  61  68  -5   0   3 0.00  0.0    0 11.9 24 320   M    M   1        29 320
================================================================================
SM 2378 1950         0 351  1.27     0.0 253.8          M      106
================================================================================
AV 84.9 69.6                               9.1 FASTST   M    M   4    MAX(MPH)
                                 MISC ---->  # 36 290               # 49  280
================================================================================
NOTES:
# LAST OF SEVERAL OCCURRENCES

COLUMN 17 PEAK WIND IN M.P.H.

PRELIMINARY LOCAL CLIMATOLOGICAL DATA (WS FORM: F-6) , PAGE 2

                                          STATION:  NORTH PERRY ARPT
                                          MONTH:    MARCH
                                          YEAR:     2015
                                          LATITUDE:   26  0 N
                                          LONGITUDE:  80 14 W

[TEMPERATURE DATA]      [PRECIPITATION DATA]       SYMBOLS USED IN COLUMN 16

AVERAGE MONTHLY: 77.3   TOTAL FOR MONTH:   1.27    1 = FOG OR MIST
DPTR FM NORMAL:   5.1   DPTR FM NORMAL:   -1.81    2 = FOG REDUCING VISIBILITY
HIGHEST:    92 ON 27    GRTST 24HR  0.37 ON 13-13      TO 1/4 MILE OR LESS
LOWEST:     61 ON 28                               3 = THUNDER
                        SNOW, ICE PELLETS, HAIL    4 = ICE PELLETS
                        TOTAL MONTH:   0.0 INCH    5 = HAIL
                        GRTST 24HR     0.0         6 = FREEZING RAIN OR DRIZZLE
                        GRTST DEPTH:   0           7 = DUSTSTORM OR SANDSTORM:
                                                       VSBY 1/2 MILE OR LESS
                                                   8 = SMOKE OR HAZE
[NO. OF DAYS WITH]      [WEATHER - DAYS WITH]      9 = BLOWING SNOW
                                                   X = TORNADO
MAX 32 OR BELOW:   0    0.01 INCH OR MORE:  11
MAX 90 OR ABOVE:   2    0.10 INCH OR MORE:   4
MIN 32 OR BELOW:   0    0.50 INCH OR MORE:   0
MIN  0 OR BELOW:   0    1.00 INCH OR MORE:   0

[HDD (BASE 65) ]
TOTAL THIS MO.     0    CLEAR  (SCALE 0-3)  11
DPTR FM NORMAL    -8    PTCLDY (SCALE 4-7)  16
TOTAL FM JUL 1   103    CLOUDY (SCALE 8-10)  1
DPTR FM NORMAL   -39

[CDD (BASE 65) ]
TOTAL THIS MO.   351
DPTR FM NORMAL   143    [PRESSURE DATA]
TOTAL FM JAN 1   647    HIGHEST SLP M ON M
DPTR FM NORMAL   162    LOWEST  SLP 29.83 ON 27

[REMARKS]
