000
CXUS53 KUNR 300945
CF6ICR
PRELIMINARY LOCAL CLIMATOLOGICAL DATA (WS FORM: F-6)

                                          STATION:   WINNER REGIONAL AIRPORT SD
                                          MONTH:     JUNE
                                          YEAR:      2015
                                          LATITUDE:   43 23 N
                                          LONGITUDE:  99 50 W

  TEMPERATURE IN F:       :PCPN:    SNOW:  WIND      :SUNSHINE: SKY     :PK WND
================================================================================
1   2   3   4   5  6A  6B    7    8   9   10  11  12  13   14  15   16   17  18
                                     12Z  AVG MX 2MIN
DY MAX MIN AVG DEP HDD CDD  WTR  SNW DPTH SPD SPD DIR MIN PSBL S-S WX    SPD DR
================================================================================

 1  86  56  71   8   0   6 0.00    M    M 17.4 26 170   M    M   0        33 180
 2  93  64  79  15   0  14 0.33    M    M 16.4 36 260   M    M   1 3      47 270
 3  77  59  68   4   0   3 0.03    M    M 10.3 28 310   M    M   1 3      36 320
 4  73  53  63  -1   2   0 0.51    M    M 10.0 28 310   M    M   6 13     35 300
 5  78  61  70   6   0   5    T    M    M  7.6 17 110   M    M   7        21 110
 6  85  64  75  10   0  10 0.15    M    M 10.8 22 180   M    M   2 13     28 180
 7  80  60  70   5   0   5 0.02    M    M  9.9 20 240   M    M   2        24 230
 8  89  60  75   9   0  10 0.00    M    M 10.3 20 310   M    M   0        30 280
 9  99  68  84  18   0  19 0.00    M    M  9.0 18 250   M    M   0        24 280
10  85  62  74   8   0   9 0.07    M    M 12.0 28  70   M    M   3 3      34  70
11  71  57  64  -2   1   0 0.02    M    M  8.9 20  50   M    M   8 1      24  60
12  79  52  66  -1   0   1    T    M    M  6.1 15 150   M    M   2 128    18 150
13  89  59  74   7   0   9 0.00    M    M 11.2 20 180   M    M   0        23 170
14  85  64  75   7   0  10 0.00    M    M 13.1 31 330   M    M   4        41 320
15  82  58  70   2   0   5 0.00    M    M  8.2 17  50   M    M   2        23  40
16  78  58  68   0   0   3 1.14    M    M 13.1 30 160   M    M   4 13     40 160
17  78  59  69   0   0   4 0.00    M    M  7.4 17 300   M    M   4 1      23 310
18  77  60  69   0   0   4 0.79    M    M  9.3 36 350   M    M   4 13     43 350
19  83  63  73   4   0   8 0.00    M    M 12.3 24 210   M    M   4 38     34 200
20  84  60  72   2   0   7 0.29    M    M  8.9 53 330   M    M   1 13     73 330
21  87  66  77   7   0  12 0.40    M    M 11.5 26 180   M    M   1 13     34 180
22  80  61  71   1   0   6 0.04    M    M 17.4 37 350   M    M   1 3      50 350
23  82  57  70  -1   0   5    T    M    M  7.2 16 190   M    M   5        18 180
24  83  58  71   0   0   6 0.11    M    M  8.2 29 140   M    M   1 1      34 140
25  81  62  72   1   0   7 0.12    M    M  5.6 13 150   M    M   4 1      20 120
26  83  58  71  -1   0   6 0.00    M    M  5.9 13 350   M    M   3        15 350
27  91  58  75   3   0  10 0.00    M    M  6.8 15 240   M    M   1        18 230
28  87  64  76   4   0  11 0.00    M    M  9.5 22 360   M    M   0        26 360
29  94  59  77   5   0  12 0.00    M    M  6.5 17 350   M    M   0        22 340
================================================================================
SM 2419 1740         3 207  4.02    M    290.8          M       71
================================================================================
AV 83.4 60.0                              10.0 FASTST   M    M   2    MAX(MPH)
                                 MISC ---->  # 53 330               # 73  330
================================================================================
NOTES:
# LAST OF SEVERAL OCCURRENCES

COLUMN 17 PEAK WIND IN M.P.H.

PRELIMINARY LOCAL CLIMATOLOGICAL DATA (WS FORM: F-6) , PAGE 2

                                          STATION:  WINNER REGIONAL AIRPORT SD
                                          MONTH:    JUNE
                                          YEAR:     2015
                                          LATITUDE:   43 23 N
                                          LONGITUDE:  99 50 W

[TEMPERATURE DATA]      [PRECIPITATION DATA]       SYMBOLS USED IN COLUMN 16

AVERAGE MONTHLY: 71.7   TOTAL FOR MONTH:   4.02    1 = FOG OR MIST
DPTR FM NORMAL:   3.8   DPTR FM NORMAL:    0.44    2 = FOG REDUCING VISIBILITY
HIGHEST:    99 ON  9    GRTST 24HR  1.14 ON 16-16      TO 1/4 MILE OR LESS
LOWEST:     52 ON 12                               3 = THUNDER
                        SNOW, ICE PELLETS, HAIL    4 = ICE PELLETS
                        TOTAL MONTH:    M          5 = HAIL
                        GRTST 24HR    M  ON   M    6 = FREEZING RAIN OR DRIZZLE
                        GRTST DEPTH:  M  ON   M    7 = DUSTSTORM OR SANDSTORM:
                                                       VSBY 1/2 MILE OR LESS
                                                   8 = SMOKE OR HAZE
[NO. OF DAYS WITH]      [WEATHER - DAYS WITH]      9 = BLOWING SNOW
                                                   X = TORNADO
MAX 32 OR BELOW:   0    0.01 INCH OR MORE:  14
MAX 90 OR ABOVE:   4    0.10 INCH OR MORE:   9
MIN 32 OR BELOW:   0    0.50 INCH OR MORE:   3
MIN  0 OR BELOW:   0    1.00 INCH OR MORE:   1

[HDD (BASE 65) ]
TOTAL THIS MO.     3    CLEAR  (SCALE 0-3)  18
DPTR FM NORMAL   -53    PTCLDY (SCALE 4-7)  11
TOTAL FM JUL 1  6041    CLOUDY (SCALE 8-10)  0
DPTR FM NORMAL  -660

[CDD (BASE 65) ]
TOTAL THIS MO.   207
DPTR FM NORMAL    71    [PRESSURE DATA]
TOTAL FM JAN 1   242    HIGHEST SLP M ON M
DPTR FM NORMAL    76    LOWEST  SLP 29.32 ON 19

[REMARKS]
