000
CXUS53 KICT 310800
CF6ICT
PRELIMINARY LOCAL CLIMATOLOGICAL DATA (WS FORM: F-6)

                                          STATION:   WICHITA EISENHOWER NATIONAL
                                          MONTH:     JANUARY
                                          YEAR:      2015
                                          LATITUDE:   37 39 N
                                          LONGITUDE:  97 25 W

  TEMPERATURE IN F:       :PCPN:    SNOW:  WIND      :SUNSHINE: SKY     :PK WND
================================================================================
1   2   3   4   5  6A  6B    7    8   9   10  11  12  13   14  15   16   17  18
                                     12Z  AVG MX 2MIN
DY MAX MIN AVG DEP HDD CDD  WTR  SNW DPTH SPD SPD DIR MIN PSBL S-S WX    SPD DR
================================================================================

 1  32  17  25  -7  40   0    T    T    0  7.8 14 200   M    M  10 18     17 200
 2  38  30  34   2  31   0    T    T    0  5.8 14 180   M    M   9 18     17 180
 3  41  15  28  -4  37   0 0.31  3.9    0  8.6 36 340   M    M   9 14689  44 330
 4  18   6  12 -20  53   0    T    T    4 13.4 37 330   M    M   3 9      49 330
 5  35   4  20 -12  45   0 0.00  0.0    3  9.5 22 180   M    M   6        27 170
 6  31  19  25  -7  40   0 0.00  0.0    2  9.1 25 360   M    M   5        32 360
 7  24   0  12 -20  53   0    T    T    1 15.3 30  20   M    M   6        39  10
 8  37   1  19 -13  46   0 0.00  0.0    1 14.9 33 200   M    M   4        40 190
 9  28  11  20 -12  45   0 0.00  0.0    1 11.3 26 360   M    M   3        35 360
10  38  11  25  -7  40   0 0.00  0.0    1 15.4 28 200   M    M   2        34 200
11  35  27  31  -1  34   0    T  0.0    T  9.2 18 180   M    M   7 18     23 180
12  34  19  27  -5  38   0 0.00  0.0    0 14.8 24 350   M    M   7 1      31 360
13  34  13  24  -8  41   0 0.00  0.0    0  6.9 15  40   M    M   8        18  40
14  40  23  32   0  33   0 0.01  0.1    0  5.2 12 200   M    M   8 1      14 230
15  54  17  36   4  29   0 0.00  0.0    0  6.3 17 340   M    M   1        22 340
16  65  23  44  12  21   0 0.00  0.0    0 11.2 22 190   M    M   0        27 190
17  61  26  44  12  21   0 0.00  0.0    0 14.3 33 340   M    M   2        43 330
18  65  25  45  13  20   0 0.00  0.0    0  9.9 22 230   M    M   4        27 230
19  73  27  50  18  15   0 0.00  0.0    0  7.0 22 330   M    M   5        26 330
20  53  32  43  11  22   0 0.12  0.0    0  7.6 15 350   M    M   7 1      18 350
21  47  30  39   7  26   0 0.00  0.0    0  7.3 12  10   M    M   9        14  10
22  46  23  35   3  30   0 0.00  0.0    0  7.6 17  40   M    M   5        22 350
23  51  20  36   4  29   0 0.00  0.0    0  7.9 17 230   M    M   1 18     22 220
24  66  30  48  15  17   0    T  0.0    0 11.5 24 260   M    M   4        30 260
25  54  27  41   8  24   0    T  0.0    0 18.7 38 330   M    M   5        48 310
26  74  25  50  17  15   0 0.00  0.0    0  8.5 23 320   M    M   1        26 340
27  73  32  53  20  12   0 0.00  0.0    0  8.5 18 180   M    M   1        22 180
28  72  38  55  22  10   0 0.00  0.0    0 12.0 23 330   M    M   5        28 320
29  57  29  43  10  22   0 0.00  0.0    0 15.3 36 350   M    M   5        44 340
30  43  21  32  -1  33   0    T  0.0    0  5.1 10 120   M    M   9        13 170
================================================================================
SM 1419  621       922   0  0.44     4.0 305.9          M      151
================================================================================
AV 47.3 20.7                              10.2 FASTST   M    M   5    MAX(MPH)
                                 MISC ---->  # 38 330               # 49  330
================================================================================
NOTES:
# LAST OF SEVERAL OCCURRENCES

COLUMN 17 PEAK WIND IN M.P.H.

PRELIMINARY LOCAL CLIMATOLOGICAL DATA (WS FORM: F-6) , PAGE 2

                                          STATION:  WICHITA EISENHOWER NATIONAL
                                          MONTH:    JANUARY
                                          YEAR:     2015
                                          LATITUDE:   37 39 N
                                          LONGITUDE:  97 25 W

[TEMPERATURE DATA]      [PRECIPITATION DATA]       SYMBOLS USED IN COLUMN 16

AVERAGE MONTHLY: 34.0   TOTAL FOR MONTH:   0.44    1 = FOG OR MIST
DPTR FM NORMAL:   1.8   DPTR FM NORMAL:   -0.36    2 = FOG REDUCING VISIBILITY
HIGHEST:    74 ON 26    GRTST 24HR  0.31 ON  3- 3      TO 1/4 MILE OR LESS
LOWEST:      0 ON  7                               3 = THUNDER
                        SNOW, ICE PELLETS, HAIL    4 = ICE PELLETS
                        TOTAL MONTH:   4.0 INCHES  5 = HAIL
                        GRTST 24HR   3.9 ON   M    6 = FREEZING RAIN OR DRIZZLE
                        GRTST DEPTH:   4 ON  4     7 = DUSTSTORM OR SANDSTORM:
                                                       VSBY 1/2 MILE OR LESS
                                                   8 = SMOKE OR HAZE
[NO. OF DAYS WITH]      [WEATHER - DAYS WITH]      9 = BLOWING SNOW
                                                   X = TORNADO
MAX 32 OR BELOW:   5    0.01 INCH OR MORE:   3
MAX 90 OR ABOVE:   0    0.10 INCH OR MORE:   2
MIN 32 OR BELOW:  29    0.50 INCH OR MORE:   0
MIN  0 OR BELOW:   1    1.00 INCH OR MORE:   0

[HDD (BASE 65) ]
TOTAL THIS MO.   922    CLEAR  (SCALE 0-3)   8
DPTR FM NORMAL   -60    PTCLDY (SCALE 4-7)  17
TOTAL FM JUL 1  2627    CLOUDY (SCALE 8-10)  5
DPTR FM NORMAL  -198

[CDD (BASE 65) ]
TOTAL THIS MO.     0
DPTR FM NORMAL     0    [PRESSURE DATA]
TOTAL FM JAN 1     0    HIGHEST SLP M ON M
DPTR FM NORMAL     0    LOWEST  SLP 29.77 ON 28

[REMARKS]
