000
CXUS55 KPIH 211200
CF6IDA

PRELIMINARY LOCAL CLIMATOLOGICAL DATA (WS FORM: F-6)

                                          STATION:   IDAHO FALLS ID
                                          MONTH:     AUGUST
                                          YEAR:      2017
                                          LATITUDE:   43 31 N
                                          LONGITUDE: 112  4 W

  TEMPERATURE IN F:       :PCPN:    SNOW:  WIND      :SUNSHINE: SKY     :PK WND
================================================================================
1   2   3   4   5  6A  6B    7    8   9   10  11  12  13   14  15   16   17  18
                                     12Z  AVG MX 2MIN
DY MAX MIN AVG DEP HDD CDD  WTR  SNW DPTH SPD SPD DIR MIN PSBL S-S WX    SPD DR
================================================================================

 1  94  50  72   3   0   7 0.00    M    M  4.9 14  10   M    M   1        19 360
 2  92  50  71   2   0   6 0.00    M    M  7.1 15  20   M    M   0        18  30
 3  91  53  72   3   0   7 0.00    M    M  6.3 14  10   M    M   0 8      18  10
 4  92  47  70   1   0   5 0.00    M    M  9.4 28 200   M    M   0 18     36 210
 5  88  45  67  -2   0   2 0.00    M    M  8.1 21 190   M    M   2 8      26 200
 6  86  52  69   0   0   4 0.00    M    M  7.7 14  10   M    M   1 8      17 360
 7  80  51  66  -3   0   1 0.00    M    M  5.7 14  10   M    M   2 18     16  10
 8  82  51  67  -1   0   2 0.03    M    M  5.8 29 210   M    M   4 138    35 210
 9  85  49  67  -1   0   2    T    M    M  5.7 24  30   M    M   2 18     30  30
10  83  47  65  -3   0   0 0.00    M    M  3.4 10 360   M    M   0 18     15 350
11  88  47  68   0   0   3    T    M    M  5.8 23 330   M    M   1 18     30 320
12  89  50  70   2   0   5 0.00    M    M  4.2 13 140   M    M   2 8      15 190
13  86  54  70   2   0   5    T    M    M 11.1 29 240   M    M   4        37 220
14  67  53  60  -8   5   0    T    M    M 10.7 23 200   M    M   7        29 200
15  78  46  62  -5   3   0 0.00    M    M  3.5 16 330   M    M   4        20 330
16  84  44  64  -3   1   0 0.00    M    M  8.7 20 200   M    M   1        29 220
17  85  53  69   2   0   4 0.00    M    M 12.2 22 200   M    M   0        28 200
18  86  43  65  -2   0   0 0.00    M    M  8.0 20 210   M    M   0        25 200
19  89  43  66  -1   0   1 0.00    M    M  9.7 22 210   M    M   2        28 250
20  84  47  66   0   0   1 0.00    M    M 10.2 15 180   M    M   1        22 200
================================================================================
SM 1709  975         9  55  0.03    M    148.2          M       34
================================================================================
AV 85.5 48.8                               7.4 FASTST   M    M   2    MAX(MPH)
                                 MISC ---->  # 29 210               # 37  220
================================================================================
NOTES:
# LAST OF SEVERAL OCCURRENCES
PRECIPITATION SUSPECT DURING FREEZING/FROZEN EVENTS

COLUMN 17 PEAK WIND IN M.P.H.

PRELIMINARY LOCAL CLIMATOLOGICAL DATA (WS FORM: F-6) , PAGE 2

                                          STATION:  IDAHO FALLS ID
                                          MONTH:    AUGUST
                                          YEAR:     2017
                                          LATITUDE:   43 31 N
                                          LONGITUDE: 112  4 W

[TEMPERATURE DATA]      [PRECIPITATION DATA]       SYMBOLS USED IN COLUMN 16

AVERAGE MONTHLY: 67.1   TOTAL FOR MONTH:   0.03    1 = FOG OR MIST
DPTR FM NORMAL:  -0.9   DPTR FM NORMAL:   -0.28    2 = FOG REDUCING VISIBILITY
HIGHEST:    94 ON  1    GRTST 24HR  0.03 ON  8- 8      TO 1/4 MILE OR LESS
LOWEST:     43 ON 19,18                            3 = THUNDER
                        SNOW, ICE PELLETS, HAIL    4 = ICE PELLETS
                        TOTAL MONTH:    M          5 = HAIL
                        GRTST 24HR    M  ON   M    6 = FREEZING RAIN OR DRIZZLE
                        GRTST DEPTH:  M  ON   M    7 = DUSTSTORM OR SANDSTORM:
                                                       VSBY 1/2 MILE OR LESS
                                                   8 = SMOKE OR HAZE
[NO. OF DAYS WITH]      [WEATHER - DAYS WITH]      9 = BLOWING SNOW
                                                   X = TORNADO
MAX 32 OR BELOW:   0    0.01 INCH OR MORE:   1
MAX 90 OR ABOVE:   4    0.10 INCH OR MORE:   0
MIN 32 OR BELOW:   0    0.50 INCH OR MORE:   0
MIN  0 OR BELOW:   0    1.00 INCH OR MORE:   0

[HDD (BASE 65) ]
TOTAL THIS MO.     9    CLEAR  (SCALE 0-3)  16
DPTR FM NORMAL    -3    PTCLDY (SCALE 4-7)   4
TOTAL FM JUL 1     9    CLOUDY (SCALE 8-10)  0
DPTR FM NORMAL   -30

[CDD (BASE 65) ]
TOTAL THIS MO.    55
DPTR FM NORMAL   -18    [PRESSURE DATA]
TOTAL FM JAN 1   291    HIGHEST SLP M ON M
DPTR FM NORMAL    63    LOWEST  SLP 29.68 ON M

[REMARKS]
