000
CXUS53 KUNR 280945
CF6IEN
PRELIMINARY LOCAL CLIMATOLOGICAL DATA (WS FORM: F-6)

                                          STATION:   PINE RIDGE SD
                                          MONTH:     SEPTEMBER
                                          YEAR:      2016
                                          LATITUDE:   43  1 N
                                          LONGITUDE: 102 31 W

  TEMPERATURE IN F:       :PCPN:    SNOW:  WIND      :SUNSHINE: SKY     :PK WND
================================================================================
1   2   3   4   5  6A  6B    7    8   9   10  11  12  13   14  15   16   17  18
                                     12Z  AVG MX 2MIN
DY MAX MIN AVG DEP HDD CDD  WTR  SNW DPTH SPD SPD DIR MIN PSBL S-S WX    SPD DR
================================================================================

 1  83  62  73   6   0   8 0.00    M    M 18.4 29 170   M    M   1        43 150
 2  81  63  72   5   0   7 0.00    M    M 22.6 40 180   M    M   0        51 180
 3  90  60  75   9   0  10 0.00    M    M 12.5 29 190   M    M   0 3      41 190
 4  85  58  72   6   0   7 0.62    M    M  6.9 29 280   M    M   3 13     38 280
 5  76  56  66   0   0   1    T    M    M  5.5 18  80   M    M   6 1      24  80
 6  70  56  63  -2   2   0 0.00    M    M  7.5 16  50   M    M   9        20  50
 7  84  46  65   0   0   0 0.00    M    M  8.9 24 290   M    M   1        30 280
 8  88  42  65   1   0   0 0.00    M    M  7.0 24 190   M    M   1 8      32 190
 9  63  37  50 -14  15   0 0.01    M    M  8.0 26 280   M    M   2        36 280
10  80  31  56  -8   9   0 0.00    M    M  6.7 18 190   M    M   0 1      29 200
11  91  45  68   5   0   3 0.00    M    M  8.3 22 340   M    M   0        36 250
12  63  40  52 -11  13   0 0.00    M    M 12.4 25 360   M    M   4        33 360
13  58  38  48 -14  17   0    T    M    M  6.8 15 140   M    M   7        22 140
14  72  47  60  -2   5   0    T    M    M 11.5 23 180   M    M   2        30 170
15  77  44  61   0   4   0 0.04    M    M  8.0 21 290   M    M   1        29 300
16  76  38  57  -4   8   0 0.00    M    M  7.8 21 360   M    M   2        29 340
17  83  37  60   0   5   0 0.00    M    M  7.7 21 180   M    M   0 8      28 220
18  89  48  69   9   0   4 0.00    M    M  7.0 20 190   M    M   0 8      25 200
19  86  39  63   3   2   0 0.00    M    M  8.0 25 150   M    M   0 18     34 160
20  87  60  74  15   0   9 0.00    M    M  9.1 24 180   M    M   0 8      32 180
21  71  46  59   0   6   0 0.00    M    M  5.2 13  50   M    M   7 128    17  50
22   M   M   M   M   M   M 0.00    M    M  7.5 10  80   M    M  10         M  M
23  82  53  68  10   0   3 0.01    M    M  9.8 33 280   M    M   6 138    45 290
24  71  47  59   2   6   0 0.00    M    M 17.4 32 280   M    M   3 8      43 280
25  67  32  50  -7  15   0 0.00    M    M  9.9 24 300   M    M   1 8      33 310
26  76  29  53  -3  12   0 0.00    M    M  4.8 18 280   M    M   0 8      23 280
27  86  32  59   3   6   0 0.00    M    M  4.3 15 250   M    M   0 18     19 260
================================================================================
SM 2035 1186       125  52  0.68    M    249.5          M       66
================================================================================
AV 78.3 45.6                               9.2 FASTST   M    M   2    MAX(MPH)
                                 MISC ---->  # 40 180               # 51  180
================================================================================
NOTES:
# LAST OF SEVERAL OCCURRENCES

COLUMN 17 PEAK WIND IN M.P.H.

PRELIMINARY LOCAL CLIMATOLOGICAL DATA (WS FORM: F-6) , PAGE 2

                                          STATION:  PINE RIDGE SD
                                          MONTH:    SEPTEMBER
                                          YEAR:     2016
                                          LATITUDE:   43  1 N
                                          LONGITUDE: 102 31 W

[TEMPERATURE DATA]      [PRECIPITATION DATA]       SYMBOLS USED IN COLUMN 16

AVERAGE MONTHLY: 61.9   TOTAL FOR MONTH:   0.68    1 = FOG OR MIST
DPTR FM NORMAL:   0.2   DPTR FM NORMAL:   -0.80    2 = FOG REDUCING VISIBILITY
HIGHEST:    91 ON 11    GRTST 24HR  0.62 ON  4- 4      TO 1/4 MILE OR LESS
LOWEST:     29 ON 26                               3 = THUNDER
                        SNOW, ICE PELLETS, HAIL    4 = ICE PELLETS
                        TOTAL MONTH:    M          5 = HAIL
                        GRTST 24HR    M  ON   M    6 = FREEZING RAIN OR DRIZZLE
                        GRTST DEPTH:  M  ON   M    7 = DUSTSTORM OR SANDSTORM:
                                                       VSBY 1/2 MILE OR LESS
                                                   8 = SMOKE OR HAZE
[NO. OF DAYS WITH]      [WEATHER - DAYS WITH]      9 = BLOWING SNOW
                                                   X = TORNADO
MAX 32 OR BELOW:   0    0.01 INCH OR MORE:   4
MAX 90 OR ABOVE:   2    0.10 INCH OR MORE:   1
MIN 32 OR BELOW:   4    0.50 INCH OR MORE:   1
MIN  0 OR BELOW:   0    1.00 INCH OR MORE:   0

[HDD (BASE 65) ]
TOTAL THIS MO.   125    CLEAR  (SCALE 0-3)  18
DPTR FM NORMAL   -28    PTCLDY (SCALE 4-7)   7
TOTAL FM JUL 1   158    CLOUDY (SCALE 8-10)  2
DPTR FM NORMAL   -32

[CDD (BASE 65) ]
TOTAL THIS MO.    52
DPTR FM NORMAL   -14    [PRESSURE DATA]
TOTAL FM JAN 1   764    HIGHEST SLP M ON M
DPTR FM NORMAL    50    LOWEST  SLP 29.43 ON 23

[REMARKS]
