000
CXUS53 KUNR 280945
CF6IEN
PRELIMINARY LOCAL CLIMATOLOGICAL DATA (WS FORM: F-6)

                                          STATION:   PINE RIDGE SD
                                          MONTH:     AUGUST
                                          YEAR:      2016
                                          LATITUDE:   43  1 N
                                          LONGITUDE: 102 31 W

  TEMPERATURE IN F:       :PCPN:    SNOW:  WIND      :SUNSHINE: SKY     :PK WND
================================================================================
1   2   3   4   5  6A  6B    7    8   9   10  11  12  13   14  15   16   17  18
                                     12Z  AVG MX 2MIN
DY MAX MIN AVG DEP HDD CDD  WTR  SNW DPTH SPD SPD DIR MIN PSBL S-S WX    SPD DR
================================================================================

 1  94  59  77   2   0  12 0.00    M    M  5.0 17  20   M    M   0        21  30
 2  93  57  75   0   0  10    T    M    M  8.6 30 140   M    M   3 123    37 140
 3  99  62  81   6   0  16    T    M    M 13.4 37 240   M    M   1 38     46 230
 4  81  54  68  -6   0   3 0.00    M    M  8.9 29  10   M    M   0        37  10
 5  84  48  66  -8   0   1 0.00    M    M  6.8 18 210   M    M   0        27 220
 6  71  61  66  -8   0   1    T    M    M  8.9 20 100   M    M   8        25  90
 7  84  64  74   0   0   9    T    M    M 11.1 25 180   M    M   7        33 190
 8  94  63  79   5   0  14 1.06    M    M 12.0 33 360   M    M   4 13     42 360
 9  97  60  79   5   0  14 0.00    M    M 10.9 28 160   M    M   1        40 150
10  99  66  83   9   0  18 0.12    M    M  9.1 29 230   M    M   0 3      40 230
11  84  57  71  -2   0   6 0.66    M    M  5.9 33 260   M    M   4 13     46 260
12  85  53  69  -4   0   4    T    M    M  5.0 20  30   M    M   1 1      23  20
13  82  54  68  -5   0   3 0.01    M    M  5.2 13  60   M    M   2        18  20
14  91  57  74   1   0   9 0.00    M    M  9.7 32  30   M    M   1 3      43  30
15  87  60  74   1   0   9 0.00    M    M  7.9 32 210   M    M   0        40 200
16  88  50  69  -3   0   4 0.00    M    M  4.2 14  80   M    M   0        19  80
17  94  58  76   4   0  11 0.00    M    M  8.8 16 180   M    M   0        21 190
18  86  54  70  -2   0   5 0.00    M    M 10.6 29 360   M    M   2        39 360
19  73  44  59 -13   6   0 0.33    M    M  6.6 29 340   M    M   6 1      39 330
20  73  40  57 -14   8   0 0.00    M    M  4.8 14 300   M    M   1        19 310
21  88  43  66  -5   0   1 0.00    M    M  4.3 14 190   M    M   0        17 180
22  99  58  79   8   0  14 0.00    M    M 13.7 24 180   M    M   0        34 180
23  84  45  65  -5   0   0 0.00    M    M 12.0 24 180   M    M   0        33 180
24  75  39  57 -13   8   0 0.01    M    M  3.4 16 250   M    M   5        22 240
25  67  50  59 -11   6   0 0.04    M    M  3.4  9  70   M    M   8 1      12  60
26  71  52  62  -8   3   0 0.52    M    M  9.0 18 120   M    M   6 13     23 120
27  84  48  66  -3   0   1 0.02    M    M  7.9 22 180   M    M   2 1      27 180
================================================================================
SM 2307 1456        31 165  2.77    M    217.1          M       62
================================================================================
AV 85.4 53.9                               8.0 FASTST   M    M   2    MAX(MPH)
                                 MISC ---->  # 37 240               # 46  230
================================================================================
NOTES:
# LAST OF SEVERAL OCCURRENCES

COLUMN 17 PEAK WIND IN M.P.H.

PRELIMINARY LOCAL CLIMATOLOGICAL DATA (WS FORM: F-6) , PAGE 2

                                          STATION:  PINE RIDGE SD
                                          MONTH:    AUGUST
                                          YEAR:     2016
                                          LATITUDE:   43  1 N
                                          LONGITUDE: 102 31 W

[TEMPERATURE DATA]      [PRECIPITATION DATA]       SYMBOLS USED IN COLUMN 16

AVERAGE MONTHLY: 69.7   TOTAL FOR MONTH:   2.77    1 = FOG OR MIST
DPTR FM NORMAL:  -2.8   DPTR FM NORMAL:    1.11    2 = FOG REDUCING VISIBILITY
HIGHEST:    99 ON 22,10 GRTST 24HR  1.06 ON  8- 8      TO 1/4 MILE OR LESS
LOWEST:     39 ON 24                               3 = THUNDER
                        SNOW, ICE PELLETS, HAIL    4 = ICE PELLETS
                        TOTAL MONTH:    M          5 = HAIL
                        GRTST 24HR    M  ON   M    6 = FREEZING RAIN OR DRIZZLE
                        GRTST DEPTH:  M  ON   M    7 = DUSTSTORM OR SANDSTORM:
                                                       VSBY 1/2 MILE OR LESS
                                                   8 = SMOKE OR HAZE
[NO. OF DAYS WITH]      [WEATHER - DAYS WITH]      9 = BLOWING SNOW
                                                   X = TORNADO
MAX 32 OR BELOW:   0    0.01 INCH OR MORE:   9
MAX 90 OR ABOVE:   9    0.10 INCH OR MORE:   5
MIN 32 OR BELOW:   0    0.50 INCH OR MORE:   3
MIN  0 OR BELOW:   0    1.00 INCH OR MORE:   1

[HDD (BASE 65) ]
TOTAL THIS MO.    31    CLEAR  (SCALE 0-3)  19
DPTR FM NORMAL    16    PTCLDY (SCALE 4-7)   8
TOTAL FM JUL 1    33    CLOUDY (SCALE 8-10)  0
DPTR FM NORMAL     6

[CDD (BASE 65) ]
TOTAL THIS MO.   165
DPTR FM NORMAL   -56    [PRESSURE DATA]
TOTAL FM JAN 1   682    HIGHEST SLP M ON M
DPTR FM NORMAL    53    LOWEST  SLP 29.33 ON 22

[REMARKS]
