000
CXUS55 KVEF 270940
CF6IGM
PRELIMINARY LOCAL CLIMATOLOGICAL DATA (WS FORM: F-6)

                                          STATION:   KINGMAN AZ
                                          MONTH:     FEBRUARY
                                          YEAR:      2015
                                          LATITUDE:   35 16 N
                                          LONGITUDE: 113 57 W

  TEMPERATURE IN F:       :PCPN:    SNOW:  WIND      :SUNSHINE: SKY     :PK WND
================================================================================
1   2   3   4   5  6A  6B    7    8   9   10  11  12  13   14  15   16   17  18
                                     12Z  AVG MX 2MIN
DY MAX MIN AVG DEP HDD CDD  WTR  SNW DPTH SPD SPD DIR MIN PSBL S-S WX    SPD DR
================================================================================

 1  63  36  50   5  15   0 0.00  0.0    0  5.6 12  20   M    M   0        14 350
 2  67  33  50   5  15   0 0.00  0.0    0  3.6  9  10   M    M   0        12  10
 3  71  34  53   7  12   0 0.00  0.0    0  3.4 12 150   M    M   0        12 350
 4  75  37  56  10   9   0 0.00  0.0    0  4.1 12 150   M    M   0        13 150
 5  75  36  56  10   9   0 0.00  0.0    0  5.8 15 230   M    M   0        19 220
 6  75  43  59  13   6   0 0.00  0.0    0 10.5 23 220   M    M   0        26 230
 7  73  42  58  12   7   0 0.00  0.0    0  9.2 20 230   M    M   2        25 230
 8  74  42  58  12   7   0 0.00  0.0    0  6.9 15 240   M    M   0        18 250
 9  75  43  59  13   6   0 0.00  0.0    0  8.9 20 210   M    M   0        25 220
10  70  41  56  10   9   0 0.00  0.0    0  9.0 23 340   M    M   0        28 360
11  67  37  52   6  13   0 0.00  0.0    0 11.8 23 350   M    M   0        27 350
12  72  36  54   8  11   0 0.00  0.0    0  7.2 16 360   M    M   0        18 350
13  77  37  57  10   8   0 0.00  0.0    0  5.6 13 140   M    M   0        19 340
14  76  40  58  11   7   0 0.00  0.0    0  5.4 14 220   M    M   0        19 220
15  75  40  58  11   7   0 0.00  0.0    0  6.8 17 260   M    M   0        22 220
16  73  34  54   7  11   0 0.00  0.0    0  7.2 21 240   M    M   0        26 230
17  66  35  51   4  14   0 0.00  0.0    0  4.0 13  10   M    M   0        20 340
18  73  31  52   5  13   0 0.00  0.0    0  3.5 12 340   M    M   0        16  30
19  74  36  55   8  10   0 0.00  0.0    0  5.5 18 220   M    M   0        22 220
20  72  43  58  10   7   0 0.00  0.0    0  8.2 16 250   M    M   0        21 230
21  70  39  55   7  10   0 0.00  0.0    0  8.6 21 230   M    M   0        32 220
22  59  40  50   2  15   0 0.10  0.0    0  7.3 24 250   M    M   6        31 250
23  45  33  39  -9  26   0 0.51    T    0  8.5 18 360   M    M   9 13     22 360
24  55  32  44  -4  21   0 0.00  0.0    0 12.0 28 350   M    M   3        32 340
25  65  29  47  -1  18   0 0.00  0.0    0  5.4 21 350   M    M   0        24 340
26  66  35  51   3  14   0 0.00  0.0    0  5.9 21 230   M    M   1        25 230
================================================================================
SM 1803  964       300   0  0.61    T    179.9          M       21
================================================================================
AV 69.3 37.1                               6.9 FASTST   M    M   1    MAX(MPH)
                                 MISC ---->  # 28 350               # 32  220
================================================================================
NOTES:
# LAST OF SEVERAL OCCURRENCES

COLUMN 17 PEAK WIND IN M.P.H.

PRELIMINARY LOCAL CLIMATOLOGICAL DATA (WS FORM: F-6) , PAGE 2

                                          STATION:  KINGMAN AZ
                                          MONTH:    FEBRUARY
                                          YEAR:     2015
                                          LATITUDE:   35 16 N
                                          LONGITUDE: 113 57 W

[TEMPERATURE DATA]      [PRECIPITATION DATA]       SYMBOLS USED IN COLUMN 16

AVERAGE MONTHLY: 53.2   TOTAL FOR MONTH:   0.61    1 = FOG OR MIST
DPTR FM NORMAL:   6.5   DPTR FM NORMAL:   -0.47    2 = FOG REDUCING VISIBILITY
HIGHEST:    77 ON 13    GRTST 24HR  0.61 ON 22-23      TO 1/4 MILE OR LESS
LOWEST:     29 ON 25                               3 = THUNDER
                        SNOW, ICE PELLETS, HAIL    4 = ICE PELLETS
                        TOTAL MONTH:    T          5 = HAIL
                        GRTST 24HR    T  ON 23-23  6 = FREEZING RAIN OR DRIZZLE
                        GRTST DEPTH:   0           7 = DUSTSTORM OR SANDSTORM:
                                                       VSBY 1/2 MILE OR LESS
                                                   8 = SMOKE OR HAZE
[NO. OF DAYS WITH]      [WEATHER - DAYS WITH]      9 = BLOWING SNOW
                                                   X = TORNADO
MAX 32 OR BELOW:   0    0.01 INCH OR MORE:   2
MAX 90 OR ABOVE:   0    0.10 INCH OR MORE:   2
MIN 32 OR BELOW:   3    0.50 INCH OR MORE:   1
MIN  0 OR BELOW:   0    1.00 INCH OR MORE:   0

[HDD (BASE 65) ]
TOTAL THIS MO.   300    CLEAR  (SCALE 0-3)  24
DPTR FM NORMAL  -177    PTCLDY (SCALE 4-7)   1
TOTAL FM JUL 1  1951    CLOUDY (SCALE 8-10)  1
DPTR FM NORMAL  -431

[CDD (BASE 65) ]
TOTAL THIS MO.     0
DPTR FM NORMAL     0    [PRESSURE DATA]
TOTAL FM JAN 1     0    HIGHEST SLP M ON M
DPTR FM NORMAL     0    LOWEST  SLP 29.59 ON 22

[REMARKS]
