000
CXUS51 KPHI 010800
CF6ILG
PRELIMINARY LOCAL CLIMATOLOGICAL DATA (WS FORM: F-6)

                                          STATION:   WILMINGTON DE
                                          MONTH:     APRIL
                                          YEAR:      2016
                                          LATITUDE:   39 40 N
                                          LONGITUDE:  75 36 W

  TEMPERATURE IN F:       :PCPN:    SNOW:  WIND      :SUNSHINE: SKY     :PK WND
================================================================================
1   2   3   4   5  6A  6B    7    8   9   10  11  12  13   14  15   16   17  18
                                     12Z  AVG MX 2MIN
DY MAX MIN AVG DEP HDD CDD  WTR  SNW DPTH SPD SPD DIR MIN PSBL S-S WX    SPD DR
================================================================================

 1  78  62  70  22   0   5 0.04  0.0    0 13.3 23 200   M    M   5 3      31 200
 2  63  44  54   5  11   0 0.22    M    0  9.4 40 300   M    M   9 3      55 310
 3  47  35  41  -8  24   0 0.00  0.0    0 20.2 44 300   M    M   1        62 290
 4  67  34  51   2  14   0 0.18    M    0  9.4 25  10   M    M   6 1      31  20
 5  45  30  38 -12  27   0 0.00  0.0    0 12.1 23  30   M    M   4        31  10
 6  51  29  40 -10  25   0 0.00  0.0    0 12.7 26 160   M    M   0        35 160
 7  62  46  54   4  11   0 0.40  0.0    0 13.5 36 270   M    M   6 1      42 290
 8  51  39  45  -6  20   0 0.00  0.0    0 12.3 28 270   M    M   4        34 260
 9  42  33  38 -13  27   0 0.32    T    0  9.9 24 320   M    M   9 1      33 330
10  49  25  37 -15  28   0 0.00  0.0    0  9.3 18 170   M    M   1        25 330
11  67  42  55   3  10   0    T  0.0    0 13.5 21 190   M    M   6        26 220
12  64  42  53   1  12   0 0.28  0.0    0 13.0 24 290   M    M   4 1      29 200
13  57  35  46  -6  19   0 0.00  0.0    0  6.4 18  40   M    M   0        22  40
14  62  34  48  -5  17   0 0.00  0.0    0  7.4 20 170   M    M   0        24 170
15  63  35  49  -4  16   0 0.00  0.0    0  5.8 21 160   M    M   0        24 160
16  66  37  52  -2  13   0 0.00  0.0    0  6.9 18  50   M    M   0        22  50
17  72  36  54   0  11   0 0.00  0.0    0  4.8 16 170   M    M   0        21 180
18  82  43  63   9   2   0 0.00  0.0    0  5.9 15 150   M    M   0        18 150
19  78  48  63   9   2   0 0.00  0.0    0 10.7 25 310   M    M   0        30 340
20  71  41  56   1   9   0 0.00  0.0    0  8.9 20 160   M    M   0        23 150
21  71  44  58   3   7   0 0.00  0.0    0  7.4 21 210   M    M   1        24 230
22  76  58  67  12   0   2    T  0.0    0  8.7 17 250   M    M   3        22 230
23  71  50  61   5   4   0 0.16  0.0    0 10.1 21 330   M    M   5 1      25 320
24  68  43  56   0   9   0 0.00  0.0    0  8.0 17  10   M    M   0        23  20
25  75  47  61   5   4   0    T  0.0    0  6.0 13 210   M    M   0 3      16 200
26  85  54  70  13   0   5 0.06  0.0    0 11.2 32 340   M    M   2 13     40 340
27  54  46  50  -7  15   0    T  0.0    0  6.0 16  50   M    M   8 1      20  50
28  54  45  50  -7  15   0 0.15  0.0    0  8.2 16 100   M    M   8 18     20  80
29  52  45  49  -9  16   0 0.03  0.0    0  8.3 14  80   M    M  10 18     17  70
30  61  47  54  -4  11   0    T  0.0    0  7.7 16 160   M    M  10        20 160
================================================================================
SM 1904 1249       379  12  1.84    T    287.0          M      102
================================================================================
AV 63.5 41.6                               9.6 FASTST   M    M   3    MAX(MPH)
                                 MISC ---->  # 44 300               # 62  290
================================================================================
NOTES:
# LAST OF SEVERAL OCCURRENCES

COLUMN 17 PEAK WIND IN M.P.H.

PRELIMINARY LOCAL CLIMATOLOGICAL DATA (WS FORM: F-6) , PAGE 2

                                          STATION:  WILMINGTON DE
                                          MONTH:    APRIL
                                          YEAR:     2016
                                          LATITUDE:   39 40 N
                                          LONGITUDE:  75 36 W

[TEMPERATURE DATA]      [PRECIPITATION DATA]       SYMBOLS USED IN COLUMN 16

AVERAGE MONTHLY: 52.6   TOTAL FOR MONTH:   1.84    1 = FOG OR MIST
DPTR FM NORMAL:  -0.7   DPTR FM NORMAL:   -1.66    2 = FOG REDUCING VISIBILITY
HIGHEST:    85 ON 26    GRTST 24HR  0.40 ON  6- 7      TO 1/4 MILE OR LESS
LOWEST:     25 ON 10                               3 = THUNDER
                        SNOW, ICE PELLETS, HAIL    4 = ICE PELLETS
                        TOTAL MONTH:    T          5 = HAIL
                        GRTST 24HR    T  ON  9- 9  6 = FREEZING RAIN OR DRIZZLE
                        GRTST DEPTH:   0           7 = DUSTSTORM OR SANDSTORM:
                                                       VSBY 1/2 MILE OR LESS
                                                   8 = SMOKE OR HAZE
[NO. OF DAYS WITH]      [WEATHER - DAYS WITH]      9 = BLOWING SNOW
                                                   X = TORNADO
MAX 32 OR BELOW:   0    0.01 INCH OR MORE:  10
MAX 90 OR ABOVE:   0    0.10 INCH OR MORE:   7
MIN 32 OR BELOW:   3    0.50 INCH OR MORE:   0
MIN  0 OR BELOW:   0    1.00 INCH OR MORE:   0

[HDD (BASE 65) ]
TOTAL THIS MO.   379    CLEAR  (SCALE 0-3)  16
DPTR FM NORMAL    16    PTCLDY (SCALE 4-7)   8
TOTAL FM JUL 1  3889    CLOUDY (SCALE 8-10)  6
DPTR FM NORMAL  -780

[CDD (BASE 65) ]
TOTAL THIS MO.    12
DPTR FM NORMAL     1    [PRESSURE DATA]
TOTAL FM JAN 1    14    HIGHEST SLP 30.48 ON 17
DPTR FM NORMAL     2    LOWEST  SLP 29.35 ON  2

[REMARKS]
#FINAL-04-16#
