000
CXUS55 KLBF 291200
CF6IML
PRELIMINARY LOCAL CLIMATOLOGICAL DATA (WS FORM: F-6)

                                          STATION:   IMPERIAL
                                          MONTH:     SEPTEMBER
                                          YEAR:      2016
                                          LATITUDE:   40 31 N
                                          LONGITUDE: 101 37 W

  TEMPERATURE IN F:       :PCPN:    SNOW:  WIND      :SUNSHINE: SKY     :PK WND
================================================================================
1   2   3   4   5  6A  6B    7    8   9   10  11  12  13   14  15   16   17  18
                                     12Z  AVG MX 2MIN
DY MAX MIN AVG DEP HDD CDD  WTR  SNW DPTH SPD SPD DIR MIN PSBL S-S WX    SPD DR
================================================================================

 1  79  58  69  -1   0   4 0.00    M    M 12.6 22 150   M    M   3 12     27 150
 2  77  58  68  -2   0   3 0.62    M    M 14.5 31 130   M    M   6 13     37 120
 3  82  58  70   1   0   5 0.27    M    M 11.9 31 100   M    M   3 13     42 120
 4  87  64  76   7   0  11    T    M    M 13.0 30 170   M    M   4 3      38 170
 5  83  58  71   2   0   6 0.00    M    M  8.4 18 140   M    M   3 12     24 150
 6  73  58  66  -2   0   1    T    M    M 11.0 21 330   M    M   6 13     27 340
 7  83  61  72   4   0   7 0.00    M    M  6.8 15  40   M    M   5 1      19  40
 8  79  57  68   0   0   3 0.01    M    M  8.0 20 160   M    M   4 12     25 130
 9  76  47  62  -5   3   0 0.00    M    M 15.2 31 360   M    M   5 12     37 350
10  79  40  60  -7   5   0 0.00    M    M  9.2 20 200   M    M   0        26 190
11  92  47  70   3   0   5 0.00    M    M  7.6 20 150   M    M   0        24 150
12  74  52  63  -3   2   0    T    M    M 15.1 29 360   M    M   0        36 360
13  63  48  56 -10   9   0    T    M    M  9.7 25  50   M    M  10        29  50
14  70  51  61  -4   4   0 0.00    M    M 13.1 22 140   M    M   7 1      27 150
15  82  51  67   2   0   2 0.04    M    M  7.2 32 350   M    M   5 13     42 340
16  76  49  63  -1   2   0 0.00    M    M 10.4 23 330   M    M   1        28 350
17  80  43  62  -2   3   0 0.18    M    M  8.6 32 220   M    M   2 3      42 210
18  90  46  68   4   0   3 0.00    M    M  8.2 23 290   M    M   0 1      30 290
19  88  56  72   9   0   7 0.00    M    M  9.0 18 360   M    M   0        24 150
20  92  53  73  10   0   8 0.00    M    M  5.6 14 170   M    M   1 12     16 160
21  91  60  76  14   0  11 0.00    M    M  7.5 16  10   M    M   0 8      20  10
22  78  59  69   7   0   4 0.00    M    M 10.0 18  20   M    M   6 1      21  20
23  91  60  76  15   0  11    T    M    M 19.6 38 160   M    M   2 18     50 160
24  75  48  62   1   3   0 0.00    M    M  9.2 22 330   M    M   1 8      28 330
25  71  43  57  -3   8   0 0.00    M    M 15.2 33 340   M    M   0 8      45 350
26  79  37  58  -2   7   0 0.00    M    M  7.6 21 340   M    M   0 8      27 310
27  86  44  65   6   0   0 0.00  0.0    0  5.9 15 260   M    M   0 8      20 260
28  82  46  64   5   1   0 0.00    M    M  7.6 16  30   M    M   0        21  50
================================================================================
SM 2258 1452        47  91  1.12     0.0 287.7          M       74
================================================================================
AV 80.6 51.9                              10.3 FASTST   M    M   3    MAX(MPH)
                                 MISC ---->  # 38 160               # 50  160
================================================================================
NOTES:
# LAST OF SEVERAL OCCURRENCES

COLUMN 17 PEAK WIND IN M.P.H.

PRELIMINARY LOCAL CLIMATOLOGICAL DATA (WS FORM: F-6) , PAGE 2

                                          STATION:  IMPERIAL
                                          MONTH:    SEPTEMBER
                                          YEAR:     2016
                                          LATITUDE:   40 31 N
                                          LONGITUDE: 101 37 W

[TEMPERATURE DATA]      [PRECIPITATION DATA]       SYMBOLS USED IN COLUMN 16

AVERAGE MONTHLY: 66.2   TOTAL FOR MONTH:   1.12    1 = FOG OR MIST
DPTR FM NORMAL:   1.4   DPTR FM NORMAL:   -0.22    2 = FOG REDUCING VISIBILITY
HIGHEST:    92 ON 20,11 GRTST 24HR  0.67 ON 31- 1      TO 1/4 MILE OR LESS
LOWEST:     37 ON 26                               3 = THUNDER
                        SNOW, ICE PELLETS, HAIL    4 = ICE PELLETS
                        TOTAL MONTH:   0.0 INCH    5 = HAIL
                        GRTST 24HR     0.0         6 = FREEZING RAIN OR DRIZZLE
                        GRTST DEPTH:   0           7 = DUSTSTORM OR SANDSTORM:
                                                       VSBY 1/2 MILE OR LESS
                                                   8 = SMOKE OR HAZE
[NO. OF DAYS WITH]      [WEATHER - DAYS WITH]      9 = BLOWING SNOW
                                                   X = TORNADO
MAX 32 OR BELOW:   0    0.01 INCH OR MORE:   5
MAX 90 OR ABOVE:   5    0.10 INCH OR MORE:   3
MIN 32 OR BELOW:   0    0.50 INCH OR MORE:   1
MIN  0 OR BELOW:   0    1.00 INCH OR MORE:   0

[HDD (BASE 65) ]
TOTAL THIS MO.    47    CLEAR  (SCALE 0-3)  18
DPTR FM NORMAL   -45    PTCLDY (SCALE 4-7)   9
TOTAL FM JUL 1    54    CLOUDY (SCALE 8-10)  1
DPTR FM NORMAL   -47

[CDD (BASE 65) ]
TOTAL THIS MO.    91
DPTR FM NORMAL     3    [PRESSURE DATA]
TOTAL FM JAN 1  1003    HIGHEST SLP M ON M
DPTR FM NORMAL    49    LOWEST  SLP 29.53 ON  4

[REMARKS]
