000
CXUS55 KLBF 221200
CF6IML
PRELIMINARY LOCAL CLIMATOLOGICAL DATA (WS FORM: F-6)

                                          STATION:   IMPERIAL
                                          MONTH:     NOVEMBER
                                          YEAR:      2017
                                          LATITUDE:   40 31 N
                                          LONGITUDE: 101 37 W

  TEMPERATURE IN F:       :PCPN:    SNOW:  WIND      :SUNSHINE: SKY     :PK WND
================================================================================
1   2   3   4   5  6A  6B    7    8   9   10  11  12  13   14  15   16   17  18
                                     12Z  AVG MX 2MIN
DY MAX MIN AVG DEP HDD CDD  WTR  SNW DPTH SPD SPD DIR MIN PSBL S-S WX    SPD DR
================================================================================

 1  70  32  51   7  14   0 0.00    M    M  7.9 20 170   M    M   3        26 160
 2  48  30  39  -5  26   0 0.00    M    M 10.2 24  40   M    M   6        29  40
 3  41  25  33 -10  32   0 0.00    M    M 11.6 23 150   M    M   8        28 160
 4  65  35  50   7  15   0 0.00  0.0    0  9.4 23  10   M    M   5 1      30 360
 5  41  24  33  -9  32   0    T    M    M  8.3 16  10   M    M   7        22  20
 6  45  27  36  -6  29   0 0.00    M    M  8.3 18 150   M    M   8        22 140
 7  35  16  26 -15  39   0    T    M    M  6.7 17 360   M    M   8 1      20 360
 8  56  16  36  -5  29   0 0.00    M    M  8.5 24 200   M    M   0 1      33 230
 9  40  18  29 -12  36   0 0.00    M    M  8.9 16 120   M    M   2        20 140
10  38  21  30 -10  35   0 0.00    M    M 12.7 23 150   M    M  10 1      27 150
11  50  29  40   0  25   0 0.00    M    M  3.4 10 340   M    M   7 1      13 350
12  52  24  38  -1  27   0 0.00    M    M  8.4 15 180   M    M   0 1      20 170
13  63  29  46   7  19   0 0.00    M    M  9.0 18 180   M    M   4 1      22 180
14  68  27  48  10  17   0 0.00    M    M  7.2 28 330   M    M   5 128    35 330
15  54  30  42   4  23   0 0.00    M    M  9.3 18 340   M    M   0        23 340
16  65  25  45   8  20   0 0.00    M    M  9.8 18 180   M    M   0        27 180
17  58  39  49  12  16   0 0.04    M    M 10.1 24 330   M    M   M        32 320
18  48  25  37   1  28   0 0.02    M    M 16.4 31 340   M    M   1        41 330
19  61  18  40   4  25   0 0.00    M    M  7.4 18 240   M    M   0        24 220
20  72  22  47  11  18   0 0.00    M    M 12.1 29 290   M    M   1        39 270
21  56  23  40   5  25   0    M    M    M 10.6 28  30   M    M   3        38  30
================================================================================
SM 1126  535       530   0  0.06     0.0 196.2          M       78
================================================================================
AV 53.6 25.5                               9.3 FASTST   M    M   4    MAX(MPH)
                                 MISC ---->  # 31 340               # 41  330
================================================================================
NOTES:
# LAST OF SEVERAL OCCURRENCES

COLUMN 17 PEAK WIND IN M.P.H.

PRELIMINARY LOCAL CLIMATOLOGICAL DATA (WS FORM: F-6) , PAGE 2

                                          STATION:  IMPERIAL
                                          MONTH:    NOVEMBER
                                          YEAR:     2017
                                          LATITUDE:   40 31 N
                                          LONGITUDE: 101 37 W

[TEMPERATURE DATA]      [PRECIPITATION DATA]       SYMBOLS USED IN COLUMN 16

AVERAGE MONTHLY: 39.6   TOTAL FOR MONTH:   0.06    1 = FOG OR MIST
DPTR FM NORMAL:  -0.1   DPTR FM NORMAL:   -0.42    2 = FOG REDUCING VISIBILITY
HIGHEST:    72 ON 20    GRTST 24HR  0.04 ON 17-17      TO 1/4 MILE OR LESS
LOWEST:     16 ON  8, 7                            3 = THUNDER
                        SNOW, ICE PELLETS, HAIL    4 = ICE PELLETS
                        TOTAL MONTH:   0.0 INCH    5 = HAIL
                        GRTST 24HR     0.0         6 = FREEZING RAIN OR DRIZZLE
                        GRTST DEPTH:   0           7 = DUSTSTORM OR SANDSTORM:
                                                       VSBY 1/2 MILE OR LESS
                                                   8 = SMOKE OR HAZE
[NO. OF DAYS WITH]      [WEATHER - DAYS WITH]      9 = BLOWING SNOW
                                                   X = TORNADO
MAX 32 OR BELOW:   0    0.01 INCH OR MORE:   2
MAX 90 OR ABOVE:   0    0.10 INCH OR MORE:   0
MIN 32 OR BELOW:  19    0.50 INCH OR MORE:   0
MIN  0 OR BELOW:   0    1.00 INCH OR MORE:   0

[HDD (BASE 65) ]
TOTAL THIS MO.   530    CLEAR  (SCALE 0-3)  10
DPTR FM NORMAL    -2    PTCLDY (SCALE 4-7)   8
TOTAL FM JUL 1  1030    CLOUDY (SCALE 8-10)  2
DPTR FM NORMAL   -64

[CDD (BASE 65) ]
TOTAL THIS MO.     0
DPTR FM NORMAL     0    [PRESSURE DATA]
TOTAL FM JAN 1  1042    HIGHEST SLP M ON M
DPTR FM NORMAL    79    LOWEST  SLP 29.46 ON  1

[REMARKS]
