000
CXUS54 KFWD 210730
CF6INJ
PRELIMINARY LOCAL CLIMATOLOGICAL DATA (WS FORM: F-6)

                                          STATION:   HILLSBORO
                                          MONTH:     FEBRUARY
                                          YEAR:      2017
                                          LATITUDE:   32  0 N
                                          LONGITUDE:  97  6 W

  TEMPERATURE IN F:       :PCPN:    SNOW:  WIND      :SUNSHINE: SKY     :PK WND
================================================================================
1   2   3   4   5  6A  6B    7    8   9   10  11  12  13   14  15   16   17  18
                                     12Z  AVG MX 2MIN
DY MAX MIN AVG DEP HDD CDD  WTR  SNW DPTH SPD SPD DIR MIN PSBL S-S WX    SPD DR
================================================================================

 1  80  51  66  18   0   1 0.00  0.0    0 10.9 17 170   M    M   0        23 170
 2  51  41  46  -2  19   0 0.00  0.0    0 12.3 20 330   M    M   7        22 330
 3  53  42  48   0  17   0 0.00  0.0    0  9.7 14 360   M    M  10        18 360
 4  52  45  49   1  16   0 0.00  0.0    0  9.4 14 160   M    M  10         M  M
 5  76  49  63  14   2   0 0.00  0.0    0 10.0 18 200   M    M   7 1      23 200
 6  77  66  72  23   0   7 0.00  0.0    0 16.4 25 180   M    M   7        32 180
 7  82  54  68  19   0   3 0.00  0.0    0  9.9 18 190   M    M   2 8      24 190
 8  76  43  60  11   5   0 0.00  0.0    0 12.2 24 330   M    M   0        33 350
 9  56  35  46  -3  19   0 0.00  0.0    0  7.2 10  60   M    M   0         M  M
10  74  53  64  15   1   0 0.00  0.0    M 17.4 23 180   M    M   4        32 180
11  85  64  75  25   0  10 0.00  0.0    0 14.9 21 200   M    M   5 1      29 200
12  72  63  68  18   0   3 0.00  0.0    0 12.7 21 360   M    M   9 12     29 360
13  73  56  65  15   0   0 0.10  0.0    0 11.1 15  80   M    M   9 3      25  90
14  56  43  50   0  15   0 1.46  0.0    0 16.6 23 310   M    M  10 13     30 310
15  60  37  49  -1  16   0 0.00  0.0    0  8.1 17 340   M    M   1        22 340
16  65  32  49  -1  16   0 0.00  0.0    0  5.1 10 150   M    M   0         M  M
17  71  47  59   8   6   0 0.00  0.0    0 12.4 20 160   M    M   2        23 170
18  82  58  70  19   0   5 0.00  0.0    0 10.3 18 170   M    M   4 1      24 170
19  78  63  71  20   0   6 0.00  0.0    0 12.0 17 160   M    M   8 18     23 160
20  69  54  62  11   3   0 0.87  0.0    0  9.4 15 140   M    M   7 13     22 270
================================================================================
SM 1388  996       135  35  2.43     0.0 228.0          M      102
================================================================================
AV 69.4 49.8                              11.4 FASTST   M    M   5    MAX(MPH)
                                 MISC ---->    25   M                 33    M
================================================================================
NOTES:
# LAST OF SEVERAL OCCURRENCES

COLUMN 17 PEAK WIND IN M.P.H.

PRELIMINARY LOCAL CLIMATOLOGICAL DATA (WS FORM: F-6) , PAGE 2

                                          STATION:  HILLSBORO
                                          MONTH:    FEBRUARY
                                          YEAR:     2017
                                          LATITUDE:   32  0 N
                                          LONGITUDE:  97  6 W

[TEMPERATURE DATA]      [PRECIPITATION DATA]       SYMBOLS USED IN COLUMN 16

AVERAGE MONTHLY: 59.6   TOTAL FOR MONTH:   2.43    1 = FOG OR MIST
DPTR FM NORMAL:  10.1   DPTR FM NORMAL:    0.41    2 = FOG REDUCING VISIBILITY
HIGHEST:    85 ON 11    GRTST 24HR  1.46 ON 14-14      TO 1/4 MILE OR LESS
LOWEST:     32 ON 16                               3 = THUNDER
                        SNOW, ICE PELLETS, HAIL    4 = ICE PELLETS
                        TOTAL MONTH:   0.0 INCH    5 = HAIL
                        GRTST 24HR     0.0         6 = FREEZING RAIN OR DRIZZLE
                        GRTST DEPTH:   0           7 = DUSTSTORM OR SANDSTORM:
                                                       VSBY 1/2 MILE OR LESS
                                                   8 = SMOKE OR HAZE
[NO. OF DAYS WITH]      [WEATHER - DAYS WITH]      9 = BLOWING SNOW
                                                   X = TORNADO
MAX 32 OR BELOW:   0    0.01 INCH OR MORE:   3
MAX 90 OR ABOVE:   0    0.10 INCH OR MORE:   3
MIN 32 OR BELOW:   1    0.50 INCH OR MORE:   2
MIN  0 OR BELOW:   0    1.00 INCH OR MORE:   1

[HDD (BASE 65) ]
TOTAL THIS MO.   135    CLEAR  (SCALE 0-3)   7
DPTR FM NORMAL  -176    PTCLDY (SCALE 4-7)   8
TOTAL FM JUL 1  1149    CLOUDY (SCALE 8-10)  5
DPTR FM NORMAL  -608

[CDD (BASE 65) ]
TOTAL THIS MO.    35
DPTR FM NORMAL    35    [PRESSURE DATA]
TOTAL FM JAN 1    43    HIGHEST SLP M ON M
DPTR FM NORMAL    41    LOWEST  SLP M ON M

[REMARKS]
