000
CXUS56 KFGZ 290900
CF6INW
PRELIMINARY LOCAL CLIMATOLOGICAL DATA (WS FORM: F-6)

                                          STATION:   WINSLOW AZ AIRPORT
                                          MONTH:     AUGUST
                                          YEAR:      2014
                                          LATITUDE:   35  1 N
                                          LONGITUDE: 110 44 W

  TEMPERATURE IN F:       :PCPN:    SNOW:  WIND      :SUNSHINE: SKY     :PK WND
================================================================================
1   2   3   4   5  6A  6B    7    8   9   10  11  12  13   14  15   16   17  18
                                     12Z  AVG MX 2MIN
DY MAX MIN AVG DEP HDD CDD  WTR  SNW DPTH SPD SPD DIR MIN PSBL S-S WX    SPD DR
================================================================================

 1  94  64  79   1   0  14 0.03    M    M  8.1 24 120   M    M   2        29 120
 2  91  65  78   0   0  13 0.43    M    M  9.0 23 210   M    M   2 13     31 210
 3  81  64  73  -5   0   8 0.43    M    M  3.9 10 140   M    M   5 13     12 150
 4  89  63  76  -1   0  11    T    M    M  7.6 20 220   M    M   1 3      25 220
 5  92  59  76  -1   0  11 0.00    M    M  8.4 20 250   M    M   0        28 210
 6  93  58  76  -1   0  11 0.00    M    M  6.3 18 240   M    M   0        25 250
 7  93  55  74  -3   0   9 0.00    M    M  6.9 16 250   M    M   0        20 280
 8  93  56  75  -2   0  10 0.00    M    M  7.2 21 210   M    M   0        24 180
 9  97  58  78   1   0  13 0.00    M    M  7.9 23 290   M    M   0        28 290
10  98  65  82   5   0  17 0.00    M    M  8.4 31 180   M    M   0        39 170
11  93  64  79   2   0  14 0.43    M    M 10.4 30 120   M    M   2 3      37 110
12  88  64  76  -1   0  11 0.42    M    M  7.7 29 190   M    M   3 13     34 190
13  79  63  71  -5   0   6 0.20    M    M 10.5 25 200   M    M   7        30 200
14  88  60  74  -2   0   9    T    M    M  7.2 32 130   M    M   2 38     38 120
15  91  62  77   1   0  12    T    M    M  6.1 24 210   M    M   1 3      30 220
16  94  61  78   2   0  13 0.00    M    M  6.8 14 250   M    M   0        17 240
17  97  61  79   3   0  14 0.00    M    M  7.1 21 280   M    M   0        26 280
18  92  65  79   3   0  14    T    M    M 10.9 36 170   M    M   2        43 180
19  76  60  68  -8   0   3 0.25    M    M  7.0 17 260   M    M   3        23 250
20  85  59  72  -4   0   7 0.00    M    M  7.1 22 150   M    M   2        29 150
21  84  60  72  -4   0   7    T    M    M  4.6 26 220   M    M   4        32 220
22  84  56  70  -5   0   5 0.00    M    M  7.2 23 230   M    M   2        30 240
23  85  56  71  -4   0   6 0.00    M    M  8.5 21 240   M    M   1        27 290
24  89  55  72  -3   0   7 0.00    M    M  6.0 20 230   M    M   1        25 220
25  89  57  73  -2   0   8 0.00    M    M  8.6 23 240   M    M   0        29 270
26  84  59  72  -3   0   7 0.28    M    M  8.5 30 280   M    M   4 13     36 280
27  81  57  69  -5   0   4 0.21    M    M  5.4 16 320   M    M   6 13     19 320
28  85  54  70  -4   0   5 0.00    M    M  6.0 17 310   M    M   0        22 300
================================================================================
SM 2485 1680         0 269  2.68    M    209.3          M       50
================================================================================
AV 88.8 60.0                               7.5 FASTST   M    M   2    MAX(MPH)
                                 MISC ---->  # 36 170               # 43  180
================================================================================
NOTES:
# LAST OF SEVERAL OCCURRENCES

COLUMN 17 PEAK WIND IN M.P.H.

PRELIMINARY LOCAL CLIMATOLOGICAL DATA (WS FORM: F-6) , PAGE 2

                                          STATION:  WINSLOW AZ AIRPORT
                                          MONTH:    AUGUST
                                          YEAR:     2014
                                          LATITUDE:   35  1 N
                                          LONGITUDE: 110 44 W

[TEMPERATURE DATA]      [PRECIPITATION DATA]       SYMBOLS USED IN COLUMN 16

AVERAGE MONTHLY: 74.4   TOTAL FOR MONTH:   2.68    1 = FOG OR MIST
DPTR FM NORMAL:  -1.8   DPTR FM NORMAL:    1.59    2 = FOG REDUCING VISIBILITY
HIGHEST:    98 ON 10    GRTST 24HR  0.86 ON  2- 3      TO 1/4 MILE OR LESS
LOWEST:     54 ON 28                               3 = THUNDER
                        SNOW, ICE PELLETS, HAIL    4 = ICE PELLETS
                        TOTAL MONTH:    M          5 = HAIL
                        GRTST 24HR    M  ON   M    6 = FREEZING RAIN OR DRIZZLE
                        GRTST DEPTH:  M  ON   M    7 = DUSTSTORM OR SANDSTORM:
                                                       VSBY 1/2 MILE OR LESS
                                                   8 = SMOKE OR HAZE
[NO. OF DAYS WITH]      [WEATHER - DAYS WITH]      9 = BLOWING SNOW
                                                   X = TORNADO
MAX 32 OR BELOW:   0    0.01 INCH OR MORE:   9
MAX 90 OR ABOVE:  13    0.10 INCH OR MORE:   8
MIN 32 OR BELOW:   0    0.50 INCH OR MORE:   0
MIN  0 OR BELOW:   0    1.00 INCH OR MORE:   0

[HDD (BASE 65) ]
TOTAL THIS MO.     0    CLEAR  (SCALE 0-3)  23
DPTR FM NORMAL     0    PTCLDY (SCALE 4-7)   5
TOTAL FM JUL 1     0    CLOUDY (SCALE 8-10)  0
DPTR FM NORMAL     0

[CDD (BASE 65) ]
TOTAL THIS MO.   269
DPTR FM NORMAL   -45    [PRESSURE DATA]
TOTAL FM JAN 1  1088    HIGHEST SLP M ON M
DPTR FM NORMAL    57    LOWEST  SLP 29.87 ON 19

[REMARKS]
