000
CXUS55 KEAX 280736
CF6IRK
PRELIMINARY LOCAL CLIMATOLOGICAL DATA (WS FORM: F-6)

                                          STATION:   KIRKSVILLE MO
                                          MONTH:     MAY
                                          YEAR:      2016
                                          LATITUDE:   40  5 N
                                          LONGITUDE:  92 33 W

  TEMPERATURE IN F:       :PCPN:    SNOW:  WIND      :SUNSHINE: SKY     :PK WND
================================================================================
1   2   3   4   5  6A  6B    7    8   9   10  11  12  13   14  15   16   17  18
                                     12Z  AVG MX 2MIN
DY MAX MIN AVG DEP HDD CDD  WTR  SNW DPTH SPD SPD DIR MIN PSBL S-S WX    SPD DR
================================================================================

 1  54  48  51  -6  14   0 0.07    M    M  7.1 13 340   M    M  10 12     17 330
 2  57  40  49  -8  16   0    T    M    M  5.0 14 360   M    M   8 12     17  30
 3  69  38  54  -4  11   0 0.00    M    M  6.6 15 280   M    M   3 1      21 280
 4  66  46  56  -2   9   0 0.00    M    M 12.1 24  10   M    M   2        32  20
 5  68  41  55  -3  10   0 0.00    M    M  6.6 15 360   M    M   0        22 360
 6  82  43  63   5   2   0 0.00    M    M  8.1 16 270   M    M   0        23 220
 7  81  57  69  10   0   4 0.03    M    M  8.7 25  20   M    M   1 38     33 360
 8  69  54  62   3   3   0 0.42    M    M  9.8 20 130   M    M   5 13     25  80
 9  69  58  64   4   1   0 0.89    M    M  9.4 21 120   M    M   8 13     30 180
10  77  56  67   7   0   2 0.19    M    M  4.3 10 270   M    M   5 123    14 260
11  77  58  68   8   0   3 0.26    M    M  7.1 23 130   M    M   7 13     27 130
12  68  47  58  -3   7   0 0.00    M    M 10.8 22 290   M    M   1        30 300
13  76  41  59  -2   6   0 0.26    M    M 11.5 30 310   M    M   2 13     40 310
14  58  39  49 -12  16   0 0.00    M    M 11.6 22 320   M    M   4        35 330
15  65  39  52 -10  13   0 0.00    M    M  4.7 13 300   M    M   1        22 300
16  56  48  52 -10  13   0 0.53    M    M  5.0 15 140   M    M   8 18     19 140
17  62  47  55  -7  10   0 0.10    M    M  6.1 16  30   M    M   7 12     19  30
18  68  41  55  -8  10   0 0.00    M    M  4.3 13  30   M    M   4 12     18  60
19  69  38  54  -9  11   0 0.00    M    M  4.3 16 140   M    M   1        22 160
20  59  51  55  -8  10   0 0.29    M    M  5.7 12 360   M    M   9 1      16  10
21  74  45  60  -4   5   0 0.00    M    M  3.7 12  30   M    M   0 1      15  50
22  79  44  62  -2   3   0 0.00    M    M  5.8 17 150   M    M   0 8      22 150
23  80  53  67   3   0   2 0.00    M    M  9.5 18 170   M    M   0        24 160
24  77  58  68   3   0   3 0.00    M    M  7.1 15 170   M    M   1 1      18 160
25  83  62  73   8   0   8    T    M    M  7.8 16 150   M    M   3        19 160
26  80  63  72   7   0   7 0.42    M    M  7.3 21 170   M    M   4 13     28 170
27  83  61  72   6   0   7 1.23    M    M  9.7 28 160   M    M   6 13     33 160
================================================================================
SM 1906 1316       170  36  4.69    M    199.7          M      100
================================================================================
AV 70.6 48.7                               7.4 FASTST   M    M   4    MAX(MPH)
                                 MISC ---->  # 30 310               # 40  310
================================================================================
NOTES:
# LAST OF SEVERAL OCCURRENCES

COLUMN 17 PEAK WIND IN M.P.H.

PRELIMINARY LOCAL CLIMATOLOGICAL DATA (WS FORM: F-6) , PAGE 2

                                          STATION:  KIRKSVILLE MO
                                          MONTH:    MAY
                                          YEAR:     2016
                                          LATITUDE:   40  5 N
                                          LONGITUDE:  92 33 W

[TEMPERATURE DATA]      [PRECIPITATION DATA]       SYMBOLS USED IN COLUMN 16

AVERAGE MONTHLY: 59.7   TOTAL FOR MONTH:   4.69    1 = FOG OR MIST
DPTR FM NORMAL:  -1.6   DPTR FM NORMAL:    0.39    2 = FOG REDUCING VISIBILITY
HIGHEST:    83 ON 27,25 GRTST 24HR  1.26 ON 26-27      TO 1/4 MILE OR LESS
LOWEST:     38 ON 19, 3                            3 = THUNDER
                        SNOW, ICE PELLETS, HAIL    4 = ICE PELLETS
                        TOTAL MONTH:    M          5 = HAIL
                        GRTST 24HR    M  ON   M    6 = FREEZING RAIN OR DRIZZLE
                        GRTST DEPTH:  M  ON   M    7 = DUSTSTORM OR SANDSTORM:
                                                       VSBY 1/2 MILE OR LESS
                                                   8 = SMOKE OR HAZE
[NO. OF DAYS WITH]      [WEATHER - DAYS WITH]      9 = BLOWING SNOW
                                                   X = TORNADO
MAX 32 OR BELOW:   0    0.01 INCH OR MORE:  12
MAX 90 OR ABOVE:   0    0.10 INCH OR MORE:  10
MIN 32 OR BELOW:   0    0.50 INCH OR MORE:   3
MIN  0 OR BELOW:   0    1.00 INCH OR MORE:   1

[HDD (BASE 65) ]
TOTAL THIS MO.   170    CLEAR  (SCALE 0-3)  14
DPTR FM NORMAL    27    PTCLDY (SCALE 4-7)  10
TOTAL FM JUL 1  4738    CLOUDY (SCALE 8-10)  3
DPTR FM NORMAL -1095

[CDD (BASE 65) ]
TOTAL THIS MO.    36
DPTR FM NORMAL    -7    [PRESSURE DATA]
TOTAL FM JAN 1    44    HIGHEST SLP  0.00 ON M
DPTR FM NORMAL    -6    LOWEST  SLP  0.00 ON M

[REMARKS]
