000
CXUS55 KEAX 250736
CF6IRK
PRELIMINARY LOCAL CLIMATOLOGICAL DATA (WS FORM: F-6)

                                          STATION:   KIRKSVILLE MO
                                          MONTH:     JUNE
                                          YEAR:      2017
                                          LATITUDE:   40  5 N
                                          LONGITUDE:  92 33 W

  TEMPERATURE IN F:       :PCPN:    SNOW:  WIND      :SUNSHINE: SKY     :PK WND
================================================================================
1   2   3   4   5  6A  6B    7    8   9   10  11  12  13   14  15   16   17  18
                                     12Z  AVG MX 2MIN
DY MAX MIN AVG DEP HDD CDD  WTR  SNW DPTH SPD SPD DIR MIN PSBL S-S WX    SPD DR
================================================================================

 1  81  51  66  -1   0   1 0.00    M    M  4.8 15 130   M    M   1        20 160
 2  86  58  72   4   0   7 0.00    M    M  4.7 13 110   M    M   1        18 120
 3  89  61  75   7   0  10 0.00    M    M  2.4 10 180   M    M   0 1      13 200
 4  89  62  76   8   0  11 0.00    M    M  3.4 13 160   M    M   0 1      15 160
 5  92  65  79  11   0  14 0.00    M    M  8.6 17  30   M    M   0        23 350
 6  80  54  67  -2   0   2 0.00    M    M  8.1 15  60   M    M   0        20  20
 7  81  51  66  -3   0   1 0.00    M    M  5.8 16  40   M    M   0        23  50
 8  83  48  66  -3   0   1 0.00    M    M  4.6 13 210   M    M   0        16 240
 9  86  60  73   3   0   8 0.00    M    M  8.6 16 210   M    M   0        24 200
10  89  63  76   6   0  11 0.00    M    M 14.5 26 180   M    M   0        34 190
11  92  70  81  11   0  16 0.00    M    M 14.2 26 180   M    M   0        31 190
12  93  70  82  12   0  17 0.00    M    M 11.1 21 170   M    M   0        27 170
13  93  73  83  13   0  18 0.00    M    M 12.9 22 190   M    M   2        30 180
14  93  64  79   8   0  14 1.22    M    M 10.7 32  30   M    M   4 13     39  10
15  91  64  78   7   0  13    M    M    M  7.3 14 230   M    M   0 3       M  M
16  91  64  78   7   0  13 0.68    M    M  7.1 28 300   M    M   1 13     35 300
17  85  67  76   5   0  11 0.29    M    M  7.1 26 160   M    M   5 13     33 150
18  80  62  71  -1   0   6    T    M    M  9.0 18 290   M    M   2        23 320
19  84  58  71  -1   0   6 0.00    M    M  6.8 18 290   M    M   2        24 290
20  89  56  73   1   0   8 0.00    M    M  5.0 14 200   M    M   0        20 220
21  91  64  78   6   0  13 0.00    M    M  8.2 17 200   M    M   1        22 200
22  86  69  78   6   0  13 0.00    M    M 10.0 23 180   M    M   2        33 160
23  82  59  71  -2   0   6 0.83    M    M  9.9 23 360   M    M   1 13     32  10
24  76  54  65  -8   0   0 0.00    M    M  8.0 17 300   M    M   0        23 320
================================================================================
SM 2082 1467         0 220  3.02    M    192.8          M       22
================================================================================
AV 86.8 61.1                               8.0 FASTST   M    M   1    MAX(MPH)
                                 MISC ---->  # 32  30               # 39   10
================================================================================
NOTES:
# LAST OF SEVERAL OCCURRENCES

COLUMN 17 PEAK WIND IN M.P.H.

PRELIMINARY LOCAL CLIMATOLOGICAL DATA (WS FORM: F-6) , PAGE 2

                                          STATION:  KIRKSVILLE MO
                                          MONTH:    JUNE
                                          YEAR:     2017
                                          LATITUDE:   40  5 N
                                          LONGITUDE:  92 33 W

[TEMPERATURE DATA]      [PRECIPITATION DATA]       SYMBOLS USED IN COLUMN 16

AVERAGE MONTHLY: 73.9   TOTAL FOR MONTH:   3.02    1 = FOG OR MIST
DPTR FM NORMAL:   3.7   DPTR FM NORMAL:   -1.09    2 = FOG REDUCING VISIBILITY
HIGHEST:    93 ON 14,13 GRTST 24HR  1.22 ON 14-14      TO 1/4 MILE OR LESS
LOWEST:     48 ON  8                               3 = THUNDER
                        SNOW, ICE PELLETS, HAIL    4 = ICE PELLETS
                        TOTAL MONTH:    M          5 = HAIL
                        GRTST 24HR    M  ON   M    6 = FREEZING RAIN OR DRIZZLE
                        GRTST DEPTH:  M  ON   M    7 = DUSTSTORM OR SANDSTORM:
                                                       VSBY 1/2 MILE OR LESS
                                                   8 = SMOKE OR HAZE
[NO. OF DAYS WITH]      [WEATHER - DAYS WITH]      9 = BLOWING SNOW
                                                   X = TORNADO
MAX 32 OR BELOW:   0    0.01 INCH OR MORE:   4
MAX 90 OR ABOVE:   8    0.10 INCH OR MORE:   4
MIN 32 OR BELOW:   0    0.50 INCH OR MORE:   3
MIN  0 OR BELOW:   0    1.00 INCH OR MORE:   1

[HDD (BASE 65) ]
TOTAL THIS MO.     0    CLEAR  (SCALE 0-3)  22
DPTR FM NORMAL   -12    PTCLDY (SCALE 4-7)   2
TOTAL FM JUL 1  4613    CLOUDY (SCALE 8-10)  0
DPTR FM NORMAL -1239

[CDD (BASE 65) ]
TOTAL THIS MO.   220
DPTR FM NORMAL    79    [PRESSURE DATA]
TOTAL FM JAN 1   312    HIGHEST SLP  0.00 ON M
DPTR FM NORMAL   109    LOWEST  SLP  0.00 ON M

[REMARKS]
