000
CXUS53 KBIS 300733
CF6ISN
PRELIMINARY LOCAL CLIMATOLOGICAL DATA (WS FORM: F-6)

                                          STATION:   WILLISTON ND
                                          MONTH:     APRIL
                                          YEAR:      2016
                                          LATITUDE:   48 10 N
                                          LONGITUDE: 103 38 W

  TEMPERATURE IN F:       :PCPN:    SNOW:  WIND      :SUNSHINE: SKY     :PK WND
================================================================================
1   2   3   4   5  6A  6B    7    8   9   10  11  12  13   14  15   16   17  18
                                     12Z  AVG MX 2MIN
DY MAX MIN AVG DEP HDD CDD  WTR  SNW DPTH SPD SPD DIR MIN PSBL S-S WX    SPD DR
================================================================================

 1  59  19  39   2  26   0    T    M    M 12.4 30 300   M    M   6        39 290
 2  75  26  51  13  14   0 0.00    M    M 10.5 28 280   M    M   1        37 250
 3  64  31  48  10  17   0 0.00    M    M 16.2 32 330   M    M   2        40 330
 4  63  19  41   3  24   0 0.00    M    M  6.4 23 120   M    M   1        30 120
 5  59  32  46   7  19   0 0.21    M    M 16.7 37 330   M    M   7 1      47 310
 6  61  30  46   7  19   0    T    M    M 15.5 40 310   M    M   7        51 320
 7  55  33  44   4  21   0 0.00    M    M 18.4 35 320   M    M   3        44 310
 8  50  22  36  -4  29   0 0.00    M    M  7.0 20 140   M    M   2        28 120
 9  73  35  54  13  11   0 0.00    M    M 16.8 38 330   M    M   1        47 310
10  40  16  28 -13  37   0    T    M    M 16.1 32 360   M    M   6        39 350
11  49   9  29 -13  36   0 0.00    M    M  5.3 14 140   M    M   0        22 160
12  65  33  49   7  16   0    T    M    M  5.6 13 140   M    M   2        17 150
13  77  31  54  12  11   0    T    M    M 10.2 29 290   M    M   1 8      39 280
14  68  32  50   7  15   0 0.14    M    M  8.1 29  30   M    M   3        34  30
15  47  37  42  -1  23   0 0.12    M    M 17.8 30  30   M    M   9 1      40  40
16  39  33  36  -8  29   0 0.19    M    M 15.2 24  20   M    M  10 1      29  20
17  48  37  43  -1  22   0    T    M    M 13.3 26  30   M    M  10        35  30
18  54  39  47   2  18   0 0.03    M    M 10.9 17  60   M    M  10 1      22  70
19  55  37  46   1  19   0    T    M    M  7.7 20  80   M    M   8 1      24  80
20  73  43  58  13   7   0 0.00    M    M  6.0 22 350   M    M   5 12     29 360
21  61  35  48   2  17   0 0.00    M    M  6.8 14  20   M    M   0        18  20
22  70  40  55   9  10   0 0.00    M    M 15.7 32 120   M    M   0        40 130
23  66  39  53   7  12   0 0.00    M    M 18.8 30  60   M    M   2        40  70
24  45  37  41  -6  24   0 0.92    M    M 15.1 26  50   M    M  10 13     33  40
25  47  34  41  -6  24   0 0.17    M    M  9.0 18  30   M    M  10 1      24  20
26  41  35  38 -10  27   0 0.09    M    M  9.7 20  70   M    M  10 1      24  80
27  52  39  46  -2  19   0 0.08    M    M  9.5 21 110   M    M   7 1      26 120
28  58  36  47  -1  18   0 0.00  0.0    0  9.4 18  70   M    M   3        24  60
29  61  33  47  -2  18   0 0.00    M    M  9.0 18 110   M    M   3        26 110
================================================================================
SM 1675  922       582   0  1.95     0.0 339.1          M      139
================================================================================
AV 57.8 31.8                              11.7 FASTST   M    M   5    MAX(MPH)
                                 MISC ---->  # 40 310               # 51  320
================================================================================
NOTES:
# LAST OF SEVERAL OCCURRENCES

COLUMN 17 PEAK WIND IN M.P.H.

PRELIMINARY LOCAL CLIMATOLOGICAL DATA (WS FORM: F-6) , PAGE 2

                                          STATION:  WILLISTON ND
                                          MONTH:    APRIL
                                          YEAR:     2016
                                          LATITUDE:   48 10 N
                                          LONGITUDE: 103 38 W

[TEMPERATURE DATA]      [PRECIPITATION DATA]       SYMBOLS USED IN COLUMN 16

AVERAGE MONTHLY: 44.8   TOTAL FOR MONTH:   1.95    1 = FOG OR MIST
DPTR FM NORMAL:   1.6   DPTR FM NORMAL:    1.00    2 = FOG REDUCING VISIBILITY
HIGHEST:    77 ON 13    GRTST 24HR  1.09 ON 24-25      TO 1/4 MILE OR LESS
LOWEST:      9 ON 11                               3 = THUNDER
                        SNOW, ICE PELLETS, HAIL    4 = ICE PELLETS
                        TOTAL MONTH:   0.0 INCH    5 = HAIL
                        GRTST 24HR     0.0         6 = FREEZING RAIN OR DRIZZLE
                        GRTST DEPTH:   0           7 = DUSTSTORM OR SANDSTORM:
                                                       VSBY 1/2 MILE OR LESS
                                                   8 = SMOKE OR HAZE
[NO. OF DAYS WITH]      [WEATHER - DAYS WITH]      9 = BLOWING SNOW
                                                   X = TORNADO
MAX 32 OR BELOW:   0    0.01 INCH OR MORE:   9
MAX 90 OR ABOVE:   0    0.10 INCH OR MORE:   6
MIN 32 OR BELOW:  11    0.50 INCH OR MORE:   1
MIN  0 OR BELOW:   0    1.00 INCH OR MORE:   0

[HDD (BASE 65) ]
TOTAL THIS MO.   582    CLEAR  (SCALE 0-3)  13
DPTR FM NORMAL   -52    PTCLDY (SCALE 4-7)   9
TOTAL FM JUL 1  7062    CLOUDY (SCALE 8-10)  7
DPTR FM NORMAL -1447

[CDD (BASE 65) ]
TOTAL THIS MO.     0
DPTR FM NORMAL     0    [PRESSURE DATA]
TOTAL FM JAN 1     0    HIGHEST SLP M ON M
DPTR FM NORMAL     0    LOWEST  SLP 29.36 ON  9

[REMARKS]
