393
CXUS55 KEAX 290736
CF6IXD
PRELIMINARY LOCAL CLIMATOLOGICAL DATA (WS FORM: F-6)

                                          STATION:   New Century Air Center KS
                                          MONTH:     APRIL
                                          YEAR:      2016
                                          LATITUDE:   38 49 N
                                          LONGITUDE:  94 54 W

  TEMPERATURE IN F:       :PCPN:    SNOW:  WIND      :SUNSHINE: SKY     :PK WND
================================================================================
1   2   3   4   5  6A  6B    7    8   9   10  11  12  13   14  15   16   17  18
                                     12Z  AVG MX 2MIN
DY MAX MIN AVG DEP HDD CDD  WTR  SNW DPTH SPD SPD DIR MIN PSBL S-S WX    SPD DR
================================================================================

 1  54  33  44  -6  21   0 0.00    M    M 14.0 28 310   M    M   4        36 280
 2  65  29  47  -3  18   0 0.00    M    M 10.9 24 340   M    M   0        30 320
 3  80  36  58   7   7   0 0.00    M    M 16.2 32 200   M    M   0        42 200
 4  68  46  57   6   8   0 0.00    M    M  9.6 18 360   M    M   0        26  20
 5  78  43  61  10   4   0 0.02    M    M 17.1 30 160   M    M   0        39 150
 6  63  48  56   4   9   0 0.11    M    M 12.0 26 320   M    M   4 1      36 330
 7  66  37  52   0  13   0 0.00    M    M 15.6 35 310   M    M   2        46 300
 8  64  36  50  -2  15   0 0.00    M    M 13.7 26 310   M    M   1        34 310
 9  62  32  47  -5  18   0 0.00    M    M 13.5 30 190   M    M   1        41 190
10  76  54  65  12   0   0    T    M    M 13.9 28 190   M    M   7 3      39 190
11  59  37  48  -5  17   0 0.00    M    M 13.5 28  20   M    M   3        35  10
12  62  32  47  -6  18   0 0.00    M    M  7.1 14 100   M    M   0        18 120
13  72  40  56   2   9   0 0.00    M    M  8.1 15 190   M    M   0        18 170
14  72  37  55   1  10   0 0.00    M    M  8.1 17 150   M    M   0 18     27 150
15  74  49  62   8   3   0 0.00    M    M 12.8 23 160   M    M   2        32 160
16  76  56  66  11   0   1 0.00    M    M 13.4 22 150   M    M   3        27 140
17  77  58  68  13   0   3 0.03    M    M 11.5 24 140   M    M   6 1      30 130
18  66  58  62   7   3   0 0.70    M    M  8.7 18 140   M    M  10 1      23 140
19  69  54  62   6   3   0 0.44    M    M  6.8 12  60   M    M   8 1      17  40
20  67  50  59   3   6   0 0.31    M    M 10.3 20 290   M    M   7 1      24 250
21  68  49  59   3   6   0    T    M    M 10.2 23 310   M    M   5        29 310
22  70  50  60   3   5   0 0.00    M    M  6.2 14 350   M    M   3 1      17 330
23  79  50  65   8   0   0 0.00    M    M 10.3 20 170   M    M   0 1      26 140
24  79  59  69  12   0   4 0.20    M    M 17.0 31 160   M    M   0 13     40 170
25  75  60  68  10   0   3 0.15    M    M 10.8 24 160   M    M   5 13     32 160
26  71  59  65   7   0   0 1.95    M    M 13.9 37 350   M    M   6 13     42 340
27  71  50  61   3   4   0 0.51    M    M 13.8 32  70   M    M   5 13     42  70
28  62  44  53  -6  12   0 0.00    M    M 10.0 18 260   M    M   3        24 270
================================================================================
SM 1945 1286       209  11  4.42    M    329.0          M       85
================================================================================
AV 69.5 45.9                              11.7 FASTST   M    M   3    MAX(MPH)
                                 MISC ---->  # 37 350               # 46  300
================================================================================
NOTES:
# LAST OF SEVERAL OCCURRENCES

COLUMN 17 PEAK WIND IN M.P.H.

PRELIMINARY LOCAL CLIMATOLOGICAL DATA (WS FORM: F-6) , PAGE 2

                                          STATION:  New Century Air Center KS
                                          MONTH:    APRIL
                                          YEAR:     2016
                                          LATITUDE:   38 49 N
                                          LONGITUDE:  94 54 W

[TEMPERATURE DATA]      [PRECIPITATION DATA]       SYMBOLS USED IN COLUMN 16

AVERAGE MONTHLY: 57.7   TOTAL FOR MONTH:   4.42    1 = FOG OR MIST
DPTR FM NORMAL:   3.4   DPTR FM NORMAL:    0.94    2 = FOG REDUCING VISIBILITY
HIGHEST:    80 ON  3    GRTST 24HR  2.46 ON 26-27      TO 1/4 MILE OR LESS
LOWEST:     29 ON  2                               3 = THUNDER
                        SNOW, ICE PELLETS, HAIL    4 = ICE PELLETS
                        TOTAL MONTH:    M          5 = HAIL
                        GRTST 24HR    M  ON   M    6 = FREEZING RAIN OR DRIZZLE
                        GRTST DEPTH:  M  ON   M    7 = DUSTSTORM OR SANDSTORM:
                                                       VSBY 1/2 MILE OR LESS
                                                   8 = SMOKE OR HAZE
[NO. OF DAYS WITH]      [WEATHER - DAYS WITH]      9 = BLOWING SNOW
                                                   X = TORNADO
MAX 32 OR BELOW:   0    0.01 INCH OR MORE:  10
MAX 90 OR ABOVE:   0    0.10 INCH OR MORE:   8
MIN 32 OR BELOW:   3    0.50 INCH OR MORE:   3
MIN  0 OR BELOW:   0    1.00 INCH OR MORE:   1

[HDD (BASE 65) ]
TOTAL THIS MO.   209    CLEAR  (SCALE 0-3)  15
DPTR FM NORMAL  -105    PTCLDY (SCALE 4-7)  12
TOTAL FM JUL 1  3986    CLOUDY (SCALE 8-10)  1
DPTR FM NORMAL  -958

[CDD (BASE 65) ]
TOTAL THIS MO.    11
DPTR FM NORMAL    -6    [PRESSURE DATA]
TOTAL FM JAN 1   464    HIGHEST SLP  0.00 ON M
DPTR FM NORMAL   445    LOWEST  SLP  0.00 ON M

[REMARKS]
