000
CXUS55 KRIW 280901
CF6JAC
PRELIMINARY LOCAL CLIMATOLOGICAL DATA (WS FORM: F-6)

                                          STATION:   JACKSON  WY
                                          MONTH:     DECEMBER
                                          YEAR:      2014
                                          LATITUDE:   43 35 N
                                          LONGITUDE: 110 44 W

  TEMPERATURE IN F:       :PCPN:    SNOW:  WIND      :SUNSHINE: SKY     :PK WND
================================================================================
1   2   3   4   5  6A  6B    7    8   9   10  11  12  13   14  15   16   17  18
                                     12Z  AVG MX 2MIN
DY MAX MIN AVG DEP HDD CDD  WTR  SNW DPTH SPD SPD DIR MIN PSBL S-S WX    SPD DR
================================================================================

 1  37   3  20   2  45   0    M    M    M  8.6 23 180   M    M   9 1      31 210
 2  37  19  28  10  37   0    M    M    M 11.5 24 220   M    M   7 1      40 220
 3  36  16  26   8  39   0    M    M    M  3.8 10 210   M    M   7 1       M  M
 4  39  34  37  20  28   0    M    M    M  8.3 15 180   M    M  10         M  M
 5  39  25  32  15  33   0    M    M    M  5.9 29 200   M    M   8         M  M
 6  39  21  30  14  35   0    M    M    M  5.0 16 180   M    M   9 1      20 200
 7  43  37  40  24  25   0    M    M    M  7.8 16 180   M    M   6        24 180
 8  32  16  24   8  41   0    M    M    M  4.3  8  40   M    M   1         M  M
 9  32  10  21   6  44   0    M    M    M  2.8 12  10   M    M   2 1       M  M
10  36  14  25  10  40   0    M    M    M  3.0  9  10   M    M   0         M  M
11  32  12  22   7  43   0    M    M    M  3.3  9  10   M    M   1         M  M
12  36  19  28  13  37   0    M    M    M  5.6 10 360   M    M   0         M  M
13  39  27  33  19  32   0    M    M    M  4.4 12  10   M    M   9 1       M  M
14  28  23  26  12  39   0    M    M    M  3.8 12 360   M    M  10 19      M  M
15  27   1  14   0  51   0    M    M    M  0.7  5 360   M    M   8 12      M  M
16  23   3  13  -1  52   0    M    M    M  1.0  5  10   M    M   9         M  M
17  34  10  22   8  43   0    M    M    M  1.6  7  30   M    M   9         M  M
18  27  10  19   5  46   0    M    M    M  2.3  9 360   M    M  10 1       M  M
19  34  25  30  17  35   0    M    M    M  6.2 16 190   M    M   9 1       M  M
20  34  28  31  18  34   0    M    M    M  7.8 16 160   M    M   9 1       M  M
21  39  30  35  22  30   0    M    M    M 14.3 25 240   M    M   9 19     39 240
22  34  10  22   9  43   0    M    M    M  7.6 20 260   M    M   9 19     28 280
23  19  -2   9  -4  56   0    M    M    M  3.6 10 350   M    M   3         M  M
24  32   7  20   7  45   0    M    M    M  9.0 23 190   M    M   9 1      28 190
25  28  19  24  11  41   0    M    M    M 14.7 30 350   M    M  10        35 350
26  16   3  10  -3  55   0    M    M    M  7.2 17  10   M    M   7         M  M
27  18  -9   5  -8  60   0    M    M    M  8.6 15 170   M    M   7 18      M  M
================================================================================
SM  870  411      1109   0    M     M    162.7          M      187
================================================================================
AV 32.2 15.2                               6.0 FASTST   M    M   7    MAX(MPH)
                                 MISC ---->    30   M                 40    M
================================================================================
NOTES:
# LAST OF SEVERAL OCCURRENCES

COLUMN 17 PEAK WIND IN M.P.H.

PRELIMINARY LOCAL CLIMATOLOGICAL DATA (WS FORM: F-6) , PAGE 2

                                          STATION:  JACKSON  WY
                                          MONTH:    DECEMBER
                                          YEAR:     2014
                                          LATITUDE:   43 35 N
                                          LONGITUDE: 110 44 W

[TEMPERATURE DATA]      [PRECIPITATION DATA]       SYMBOLS USED IN COLUMN 16

AVERAGE MONTHLY: 23.7   TOTAL FOR MONTH:      M    1 = FOG OR MIST
DPTR FM NORMAL:   9.0   DPTR FM NORMAL:       M    2 = FOG REDUCING VISIBILITY
HIGHEST:    43 ON  7    GRTST 24HR    M  ON   M        TO 1/4 MILE OR LESS
LOWEST:     -9 ON 27                               3 = THUNDER
                        SNOW, ICE PELLETS, HAIL    4 = ICE PELLETS
                        TOTAL MONTH:    M          5 = HAIL
                        GRTST 24HR    M  ON   M    6 = FREEZING RAIN OR DRIZZLE
                        GRTST DEPTH:  M  ON   M    7 = DUSTSTORM OR SANDSTORM:
                                                       VSBY 1/2 MILE OR LESS
                                                   8 = SMOKE OR HAZE
[NO. OF DAYS WITH]      [WEATHER - DAYS WITH]      9 = BLOWING SNOW
                                                   X = TORNADO
MAX 32 OR BELOW:  12    0.01 INCH OR MORE:   0
MAX 90 OR ABOVE:   0    0.10 INCH OR MORE:   0
MIN 32 OR BELOW:  25    0.50 INCH OR MORE:   0
MIN  0 OR BELOW:   2    1.00 INCH OR MORE:   0

[HDD (BASE 65) ]
TOTAL THIS MO.  1109    CLEAR  (SCALE 0-3)   6
DPTR FM NORMAL  -250    PTCLDY (SCALE 4-7)   7
TOTAL FM JUL 1  3515    CLOUDY (SCALE 8-10) 14
DPTR FM NORMAL  -482

[CDD (BASE 65) ]
TOTAL THIS MO.     0
DPTR FM NORMAL     0    [PRESSURE DATA]
TOTAL FM JAN 1     9    HIGHEST SLP M ON M
DPTR FM NORMAL   -34    LOWEST  SLP M ON M

[REMARKS]
