000
CXUS52 KJAX 240800
CF6JAX
PRELIMINARY LOCAL CLIMATOLOGICAL DATA (WS FORM: F-6)

                                          STATION:   JACKSONVILLE FL
                                          MONTH:     OCTOBER
                                          YEAR:      2014
                                          LATITUDE:   30 30 N
                                          LONGITUDE:  81 42 W

  TEMPERATURE IN F:       :PCPN:    SNOW:  WIND      :SUNSHINE: SKY     :PK WND
================================================================================
1   2   3   4   5  6A  6B    7    8   9   10  11  12  13   14  15   16   17  18
                                     12Z  AVG MX 2MIN
DY MAX MIN AVG DEP HDD CDD  WTR  SNW DPTH SPD SPD DIR MIN PSBL S-S WX    SPD DR
================================================================================

 1  82  70  76   1   0  11 0.00  0.0    0  4.6 14  60   M    M   8 1      16  60
 2  85  70  78   4   0  13    T  0.0    0  5.3 16  80   M    M   6        19  70
 3  88  68  78   4   0  13 0.61  0.0    0  4.5 17 310   M    M   6 138    19 310
 4  80  56  68  -6   0   3 0.15  0.0    0  8.5 20 280   M    M   4 1      23 290
 5  73  47  60 -14   5   0 0.00  0.0    0  2.5 13 360   M    M   0        14  10
 6  78  50  64  -9   1   0 0.00  0.0    0  3.0 14 130   M    M   3        17 110
 7  84  60  72  -1   0   7 0.00  0.0    0  2.1 10 170   M    M   8        14 180
 8  89  63  76   3   0  11 0.00  0.0    0  2.2 12 150   M    M   4 1      13 140
 9  88  64  76   4   0  11 0.00  0.0    0  2.9 12  90   M    M   4 1      15  90
10  87  65  76   4   0  11 0.00  0.0    0  3.2 13 100   M    M   4 12     15 110
11  88  62  75   3   0  10 0.00  0.0    0  2.6 13  70   M    M   1 1      14  70
12  86  62  74   2   0   9 0.00  0.0    0  3.6 14 120   M    M   3 12     17 110
13  86  66  76   5   0  11 0.03  0.0    0  8.1 20 110   M    M   5 1      26 120
14  88  70  79   8   0  14 1.04  0.0    0  9.1 35 210   M    M   7 138    47 210
15  78  59  69  -2   0   4 0.04  0.0    0  8.0 21 280   M    M   4 1      25 270
16  78  53  66  -4   0   1 0.00  0.0    0  6.3 22 280   M    M   1        27 290
17  80  52  66  -4   0   1 0.00  0.0    0  2.2 10 260   M    M   1        13 290
18  84  54  69  -1   0   4 0.00  0.0    0  6.9 15 280   M    M   1 1      20 280
19  76  57  67  -3   0   2 0.00  0.0    0  8.1 16  70   M    M   6        22  70
20  82  56  69   0   0   4 0.00  0.0    0  3.6 14 120   M    M   6        17 120
21  83  59  71   2   0   6 0.00  0.0    0  2.5 10 290   M    M   3 12     14 260
22  74  52  63  -6   2   0 0.00  0.0    0  4.9 13  80   M    M   1        19  60
23  73  49  61  -7   4   0 0.00  0.0    0  5.5 15  30   M    M   1        17  20
================================================================================
SM 1890 1364        12 146  1.87     0.0 110.2          M       87
================================================================================
AV 82.2 59.3                               4.8 FASTST   M    M   4    MAX(MPH)
                                 MISC ---->  # 35 210               # 47  210
================================================================================
NOTES:
# LAST OF SEVERAL OCCURRENCES

COLUMN 17 PEAK WIND IN M.P.H.

PRELIMINARY LOCAL CLIMATOLOGICAL DATA (WS FORM: F-6) , PAGE 2

                                          STATION:  JACKSONVILLE FL
                                          MONTH:    OCTOBER
                                          YEAR:     2014
                                          LATITUDE:   30 30 N
                                          LONGITUDE:  81 42 W

[TEMPERATURE DATA]      [PRECIPITATION DATA]       SYMBOLS USED IN COLUMN 16

AVERAGE MONTHLY: 70.7   TOTAL FOR MONTH:   1.87    1 = FOG OR MIST
DPTR FM NORMAL:  -0.8   DPTR FM NORMAL:   -1.45    2 = FOG REDUCING VISIBILITY
HIGHEST:    89 ON  8    GRTST 24HR  1.08 ON 14-15      TO 1/4 MILE OR LESS
LOWEST:     47 ON  5                               3 = THUNDER
                        SNOW, ICE PELLETS, HAIL    4 = ICE PELLETS
                        TOTAL MONTH:   0.0 INCH    5 = HAIL
                        GRTST 24HR     0.0         6 = FREEZING RAIN OR DRIZZLE
                        GRTST DEPTH:   0           7 = DUSTSTORM OR SANDSTORM:
                                                       VSBY 1/2 MILE OR LESS
                                                   8 = SMOKE OR HAZE
[NO. OF DAYS WITH]      [WEATHER - DAYS WITH]      9 = BLOWING SNOW
                                                   X = TORNADO
MAX 32 OR BELOW:   0    0.01 INCH OR MORE:   5
MAX 90 OR ABOVE:   0    0.10 INCH OR MORE:   3
MIN 32 OR BELOW:   0    0.50 INCH OR MORE:   2
MIN  0 OR BELOW:   0    1.00 INCH OR MORE:   1

[HDD (BASE 65) ]
TOTAL THIS MO.    12    CLEAR  (SCALE 0-3)   7
DPTR FM NORMAL     1    PTCLDY (SCALE 4-7)  14
TOTAL FM JUL 1    12    CLOUDY (SCALE 8-10)  2
DPTR FM NORMAL     1

[CDD (BASE 65) ]
TOTAL THIS MO.   146
DPTR FM NORMAL   -20    [PRESSURE DATA]
TOTAL FM JAN 1  2525    HIGHEST SLP M ON M
DPTR FM NORMAL   -27    LOWEST  SLP 29.82 ON  4

[REMARKS]
