000
CXUS54 KMEG 290644
CF6JBR
PRELIMINARY LOCAL CLIMATOLOGICAL DATA (WS FORM: F-6)

                                          STATION:   JONESBORO
                                          MONTH:     MARCH
                                          YEAR:      2017
                                          LATITUDE:   35 49 N
                                          LONGITUDE:  90 39 W

  TEMPERATURE IN F:       :PCPN:    SNOW:  WIND      :SUNSHINE: SKY     :PK WND
================================================================================
1   2   3   4   5  6A  6B    7    8   9   10  11  12  13   14  15   16   17  18
                                     12Z  AVG MX 2MIN
DY MAX MIN AVG DEP HDD CDD  WTR  SNW DPTH SPD SPD DIR MIN PSBL S-S WX    SPD DR
================================================================================

 1  71  43  57  12   8   0 0.31  0.0    0 15.9 47 280   M    M   2 13     68 280
 2  56  37  47   1  18   0 0.00  0.0    0  6.3 15 220   M    M   0        20 210
 3  52  35  44  -2  21   0 0.00  0.0    0  6.9 17  60   M    M   0        22  60
 4  65  32  49   3  16   0 0.00  0.0    0  8.4 21 200   M    M   0        27 210
 5  56  47  52   5  13   0 0.03  0.0    0 11.6 24 170   M    M   9        31 170
 6  69  54  62  15   3   0 0.48  0.0    0 17.0 30 200   M    M  10 1      40 200
 7  67  40  54   7  11   0 1.73  0.0    0  9.6 39 200   M    M   5 13     47 200
 8  66  39  53   5  12   0 0.00  0.0    0  5.7 15 220   M    M   0 8      18 240
 9  74  39  57   9   8   0 0.58  0.0    0  9.6 25 320   M    M   3 13     33 310
10  57  40  49   1  16   0 0.00  0.0    0 12.2 23  60   M    M   1 3      28  60
11  41  32  37 -12  28   0 0.25    M    M 10.6 22  60   M    M   8 12     28  50
12  47  28  38 -11  27   0 0.00  0.0    0  6.0 17  40   M    M   0        21  40
13  48  30  39 -10  26   0 0.37    M    M  7.5 17 320   M    M   9 1      26 310
14  38  30  34 -16  31   0    T    T    0  8.9 17 350   M    M  10        24 350
15  41  24  33 -17  32   0 0.00  0.0    0  5.2 12 190   M    M   1        15  70
16  45  35  40 -10  25   0 0.00  0.0    0  8.1 16 170   M    M  10        19 160
17  66  45  56   6   9   0 0.01  0.0    0  9.6 22 230   M    M  10 13     29 230
18  73  48  61  10   4   0 0.00  0.0    0  7.2 14  50   M    M   0 13     19 350
19  60  42  51   0  14   0    T  0.0    0  8.2 13  50   M    M   3        15 100
20  79  49  64  12   1   0 0.00  0.0    0 12.9 28 220   M    M   0        35 230
21  72  54  63  11   2   0    T  0.0    0 11.0 23  40   M    M   3        30  20
22  57  47  52   0  13   0 0.43  0.0    0 12.8 25  60   M    M   7 13     31  50
23  76  44  60   8   5   0 0.00  0.0    0  7.8 15 160   M    M   3        18 140
24  77  60  69  16   0   4    T  0.0    0 16.1 29 180   M    M   4        37 200
25  70  56  63  10   2   0 1.59  0.0    0 11.9 33 280   M    M   9 13     48 280
26  70  51  61   8   4   0 0.00  0.0    0  5.6 18 230   M    M   4        25 210
27  72  56  64  10   1   0 0.45  0.0    0  6.5 31 260   M    M   4 13     42 260
28  68  54  61   7   4   0 0.00  0.0    0 10.1 18  60   M    M   4        24  40
================================================================================
SM 1733 1191       354   4  6.23    T    269.2          M      119
================================================================================
AV 61.9 42.5                               9.6 FASTST   M    M   4    MAX(MPH)
                                 MISC ---->  # 47 280               # 68  280
================================================================================
NOTES:
# LAST OF SEVERAL OCCURRENCES

COLUMN 17 PEAK WIND IN M.P.H.

PRELIMINARY LOCAL CLIMATOLOGICAL DATA (WS FORM: F-6) , PAGE 2

                                          STATION:  JONESBORO
                                          MONTH:    MARCH
                                          YEAR:     2017
                                          LATITUDE:   35 49 N
                                          LONGITUDE:  90 39 W

[TEMPERATURE DATA]      [PRECIPITATION DATA]       SYMBOLS USED IN COLUMN 16

AVERAGE MONTHLY: 52.2   TOTAL FOR MONTH:   6.23    1 = FOG OR MIST
DPTR FM NORMAL:   2.5   DPTR FM NORMAL:    2.20    2 = FOG REDUCING VISIBILITY
HIGHEST:    79 ON 20    GRTST 24HR  1.73 ON  7- 7      TO 1/4 MILE OR LESS
LOWEST:     24 ON 15                               3 = THUNDER
                        SNOW, ICE PELLETS, HAIL    4 = ICE PELLETS
                        TOTAL MONTH:    T          5 = HAIL
                        GRTST 24HR    T  ON 14-14  6 = FREEZING RAIN OR DRIZZLE
                        GRTST DEPTH:   0           7 = DUSTSTORM OR SANDSTORM:
                                                       VSBY 1/2 MILE OR LESS
                                                   8 = SMOKE OR HAZE
[NO. OF DAYS WITH]      [WEATHER - DAYS WITH]      9 = BLOWING SNOW
                                                   X = TORNADO
MAX 32 OR BELOW:   0    0.01 INCH OR MORE:  11
MAX 90 OR ABOVE:   0    0.10 INCH OR MORE:   9
MIN 32 OR BELOW:   6    0.50 INCH OR MORE:   3
MIN  0 OR BELOW:   0    1.00 INCH OR MORE:   2

[HDD (BASE 65) ]
TOTAL THIS MO.   354    CLEAR  (SCALE 0-3)  13
DPTR FM NORMAL   -78    PTCLDY (SCALE 4-7)   8
TOTAL FM JUL 1  2487    CLOUDY (SCALE 8-10)  7
DPTR FM NORMAL  -901

[CDD (BASE 65) ]
TOTAL THIS MO.     4
DPTR FM NORMAL     4    [PRESSURE DATA]
TOTAL FM JAN 1     8    HIGHEST SLP M ON M
DPTR FM NORMAL     8    LOWEST  SLP 29.74 ON M

[REMARKS]
