000
CXUS55 KGGW 230800
CF6JDN
PRELIMINARY LOCAL CLIMATOLOGICAL DATA (WS FORM: F-6)

                                          STATION:   JORDAN  ASOS MT
                                          MONTH:     SEPTEMBER
                                          YEAR:      2017
                                          LATITUDE:   47 19 N
                                          LONGITUDE: 106 50 W

  TEMPERATURE IN F:       :PCPN:    SNOW:  WIND      :SUNSHINE: SKY     :PK WND
================================================================================
1   2   3   4   5  6A  6B    7    8   9   10  11  12  13   14  15   16   17  18
                                     12Z  AVG MX 2MIN
DY MAX MIN AVG DEP HDD CDD  WTR  SNW DPTH SPD SPD DIR MIN PSBL S-S WX    SPD DR
================================================================================

 1  83  56  70   6   0   5 0.00  0.0    0  6.6 16 320   M    M   0        22 300
 2  93  49  71   8   0   6 0.00  0.0    0  4.0 18 280   M    M   0        23 280
 3  85  56  71   8   0   6 0.00  0.0    0 12.0 32 310   M    M   0        39 310
 4  74  40  57  -5   8   0 0.00  0.0    0 10.6 24 320   M    M   0        33 330
 5  76  33  55  -7  10   0 0.00  0.0    0  4.5 10 330   M    M   0        14 310
 6  87  38  63   1   2   0 0.00  0.0    0  2.4 10  40   M    M   0        14 180
 7  89  37  63   2   2   0 0.00  0.0    0  4.2 10  70   M    M   0        19 120
 8  93  39  66   5   0   1 0.00  0.0    0  8.1 18 170   M    M   0        26 140
 9  94  45  70  10   0   5 0.00  0.0    0  3.1 13 280   M    M   0        16 250
10  89  53  71  11   0   6 0.00  0.0    0  8.9 24 310   M    M   0        30 330
11  91  50  71  12   0   6 0.00  0.0    0  4.4 15 250   M    M   0        22 220
12  90  48  69  10   0   4 0.00  0.0    0  8.4 17  10   M    M   0        23 320
13  86  44  65   7   0   0 0.03    M    0  6.9 22 310   M    M   0        27 310
14  57  48  53  -5  12   0 0.30    M    0 10.6 18 320   M    M   0        23 320
15  48  43  46 -11  19   0 0.82    M    0 14.0 22  70   M    M   0        26  50
16  50  38  44 -13  21   0 0.19    M    0  5.2 14  50   M    M   0        16  50
17  65  37  51  -5  14   0 0.00  0.0    0  7.4 20 210   M    M   0        27 220
18  75  37  56   0   9   0 0.00  0.0    0  4.3 16 200   M    M   0        19 190
19  60  43  52  -4  13   0 0.00  0.0    0 11.4 23 290   M    M   0        29 300
20  67  37  52  -3  13   0 0.00  0.0    0 11.5 32 230   M    M   0        44 240
21  58  46  52  -3  13   0 0.04    M    0  7.0 15 310   M    M   0        19 320
22  46  41  44 -10  21   0 0.13    M    0  8.3 16 360   M    M   0        20 330
================================================================================
SM 1656  958       157  39  1.51     0.0 163.8          M        0
================================================================================
AV 75.3 43.6                               7.4 FASTST   M    M   0    MAX(MPH)
                                 MISC ---->  # 32 310               # 44  240
================================================================================
NOTES:
# LAST OF SEVERAL OCCURRENCES

COLUMN 17 PEAK WIND IN M.P.H.

PRELIMINARY LOCAL CLIMATOLOGICAL DATA (WS FORM: F-6) , PAGE 2

                                          STATION:  JORDAN  ASOS MT
                                          MONTH:    SEPTEMBER
                                          YEAR:     2017
                                          LATITUDE:   47 19 N
                                          LONGITUDE: 106 50 W

[TEMPERATURE DATA]      [PRECIPITATION DATA]       SYMBOLS USED IN COLUMN 16

AVERAGE MONTHLY: 59.4   TOTAL FOR MONTH:   1.51    1 = FOG OR MIST
DPTR FM NORMAL:   0.4   DPTR FM NORMAL:    0.64    2 = FOG REDUCING VISIBILITY
HIGHEST:    94 ON  9    GRTST 24HR  0.82 ON 15-15      TO 1/4 MILE OR LESS
LOWEST:     33 ON  5                               3 = THUNDER
                        SNOW, ICE PELLETS, HAIL    4 = ICE PELLETS
                        TOTAL MONTH:   0.0 INCH    5 = HAIL
                        GRTST 24HR     0.0         6 = FREEZING RAIN OR DRIZZLE
                        GRTST DEPTH:   0           7 = DUSTSTORM OR SANDSTORM:
                                                       VSBY 1/2 MILE OR LESS
                                                   8 = SMOKE OR HAZE
[NO. OF DAYS WITH]      [WEATHER - DAYS WITH]      9 = BLOWING SNOW
                                                   X = TORNADO
MAX 32 OR BELOW:   0    0.01 INCH OR MORE:   6
MAX 90 OR ABOVE:   5    0.10 INCH OR MORE:   4
MIN 32 OR BELOW:   0    0.50 INCH OR MORE:   1
MIN  0 OR BELOW:   0    1.00 INCH OR MORE:   0

[HDD (BASE 65) ]
TOTAL THIS MO.   157    CLEAR  (SCALE 0-3)  22
DPTR FM NORMAL    -1    PTCLDY (SCALE 4-7)   0
TOTAL FM JUL 1   175    CLOUDY (SCALE 8-10)  0
DPTR FM NORMAL   -48

[CDD (BASE 65) ]
TOTAL THIS MO.    39
DPTR FM NORMAL    15    [PRESSURE DATA]
TOTAL FM JAN 1   641    HIGHEST SLP M ON M
DPTR FM NORMAL   224    LOWEST  SLP 29.48 ON 19

[REMARKS]
