000
CXUS55 KGGW 290800
CF6JDN
PRELIMINARY LOCAL CLIMATOLOGICAL DATA (WS FORM: F-6)

                                          STATION:   JORDAN  ASOS MT
                                          MONTH:     MAY
                                          YEAR:      2017
                                          LATITUDE:   47 19 N
                                          LONGITUDE: 106 50 W

  TEMPERATURE IN F:       :PCPN:    SNOW:  WIND      :SUNSHINE: SKY     :PK WND
================================================================================
1   2   3   4   5  6A  6B    7    8   9   10  11  12  13   14  15   16   17  18
                                     12Z  AVG MX 2MIN
DY MAX MIN AVG DEP HDD CDD  WTR  SNW DPTH SPD SPD DIR MIN PSBL S-S WX    SPD DR
================================================================================

 1  58  33  46  -2  19   0 0.00  0.0    0 18.5 43 320   M    M   0        51 310
 2  59  33  46  -2  19   0 0.06    M    0  9.5 28 290   M    M   0        36 280
 3  64  33  49   0  16   0 0.00  0.0    0  6.3 14 320   M    M   0        19 260
 4  79  37  58   9   7   0 0.00  0.0    0  6.5 15 270   M    M   0        21 250
 5  86  38  62  13   3   0 0.00  0.0    0  7.5 20 180   M    M   0        24 170
 6  86  53  70  20   0   5 0.00  0.0    0  5.9 10 140   M    M   0         M  M
 7  77  46  62  12   3   0 0.03    M    M 15.9 30 310   M    M   0        40 310
 8  64  35  50   0  15   0 0.00  0.0    0 10.4 25 310   M    M   0        35 350
 9  71  29  50   0  15   0 0.00  0.0    0  4.2 15 160   M    M   0        19 170
10  74  47  61  10   4   0 0.01    M    0  6.4 16 150   M    M   0        21 170
11  82  39  61  10   4   0 0.00  0.0    0  4.3 17 140   M    M   0        23 150
12  89  55  72  21   0   7 0.00  0.0    0 14.8 28 250   M    M   0        36 260
13  72  44  58   6   7   0 0.09    M    0 16.1 29 310   M    M   0        37 320
14  68  34  51  -1  14   0 0.00  0.0    0  8.9 23 240   M    M   0        30 240
15  60  34  47  -5  18   0 0.00  0.0    0  9.1 25 350   M    M   0        31 340
16  70  28  49  -4  16   0 0.00  0.0    0  7.6 22 100   M    M   0        27 100
17  65  43  54   1  11   0 0.03    M    0 16.1 31  60   M    M   0        40  70
18  61  31  46  -7  19   0 0.00  0.0    0  6.5 16  70   M    M   0        23  60
19  62  25  44 -10  21   0 0.00  0.0    0  8.1 22 150   M    M   0        26 150
20  71  36  54   0  11   0 0.00  0.0    0  5.2 15  30   M    M   0        21  10
21  73  44  59   5   6   0 0.03    M    0 11.3 40 310   M    M   0        49 320
22  71  38  55   1  10   0 0.04    M    0 10.6 29 340   M    M   0        42 350
23  74  32  53  -2  12   0 0.00  0.0    0  8.6 20 170   M    M   0        23 170
24  87  39  63   8   2   0 0.00  0.0    0 14.9 36 320   M    M   0        43 310
25  60  38  49  -7  16   0 0.00  0.0    0 19.6 33 290   M    M   0        43 290
26  70  37  54  -2  11   0 0.00  0.0    0 11.4 25 310   M    M   0        32 310
27  79  39  59   3   6   0 0.00  0.0    0 13.3 29 310   M    M   0        38 330
28  78  43  61   5   4   0 0.00  0.0    0 15.3 35 330   M    M   0        43 320
================================================================================
SM 2010 1063       289  12  0.29     0.0 292.8          M        0
================================================================================
AV 71.8 38.0                              10.5 FASTST   M    M   0    MAX(MPH)
                                 MISC ---->  # 43 320               # 51  310
================================================================================
NOTES:
# LAST OF SEVERAL OCCURRENCES

COLUMN 17 PEAK WIND IN M.P.H.

PRELIMINARY LOCAL CLIMATOLOGICAL DATA (WS FORM: F-6) , PAGE 2

                                          STATION:  JORDAN  ASOS MT
                                          MONTH:    MAY
                                          YEAR:     2017
                                          LATITUDE:   47 19 N
                                          LONGITUDE: 106 50 W

[TEMPERATURE DATA]      [PRECIPITATION DATA]       SYMBOLS USED IN COLUMN 16

AVERAGE MONTHLY: 54.9   TOTAL FOR MONTH:   0.29    1 = FOG OR MIST
DPTR FM NORMAL:   2.7   DPTR FM NORMAL:   -1.61    2 = FOG REDUCING VISIBILITY
HIGHEST:    89 ON 12    GRTST 24HR  0.09 ON 13-13      TO 1/4 MILE OR LESS
LOWEST:     25 ON 19                               3 = THUNDER
                        SNOW, ICE PELLETS, HAIL    4 = ICE PELLETS
                        TOTAL MONTH:   0.0 INCH    5 = HAIL
                        GRTST 24HR     0.0         6 = FREEZING RAIN OR DRIZZLE
                        GRTST DEPTH:   0           7 = DUSTSTORM OR SANDSTORM:
                                                       VSBY 1/2 MILE OR LESS
                                                   8 = SMOKE OR HAZE
[NO. OF DAYS WITH]      [WEATHER - DAYS WITH]      9 = BLOWING SNOW
                                                   X = TORNADO
MAX 32 OR BELOW:   0    0.01 INCH OR MORE:   7
MAX 90 OR ABOVE:   0    0.10 INCH OR MORE:   0
MIN 32 OR BELOW:   5    0.50 INCH OR MORE:   0
MIN  0 OR BELOW:   0    1.00 INCH OR MORE:   0

[HDD (BASE 65) ]
TOTAL THIS MO.   289    CLEAR  (SCALE 0-3)  28
DPTR FM NORMAL   -73    PTCLDY (SCALE 4-7)   0
TOTAL FM JUL 1  7480    CLOUDY (SCALE 8-10)  0
DPTR FM NORMAL  -616

[CDD (BASE 65) ]
TOTAL THIS MO.    12
DPTR FM NORMAL    12    [PRESSURE DATA]
TOTAL FM JAN 1    12    HIGHEST SLP M ON M
DPTR FM NORMAL    12    LOWEST  SLP 29.19 ON 24

[REMARKS]
