000
CXUS51 KOKX 230702
CF6JFK
PRELIMINARY LOCAL CLIMATOLOGICAL DATA (WS FORM: F-6)

                                          STATION:   KENNEDY NY
                                          MONTH:     SEPTEMBER
                                          YEAR:      2017
                                          LATITUDE:   40 39 N
                                          LONGITUDE:  73 47 W

  TEMPERATURE IN F:       :PCPN:    SNOW:  WIND      :SUNSHINE: SKY     :PK WND
================================================================================
1   2   3   4   5  6A  6B    7    8   9   10  11  12  13   14  15   16   17  18
                                     12Z  AVG MX 2MIN
DY MAX MIN AVG DEP HDD CDD  WTR  SNW DPTH SPD SPD DIR MIN PSBL S-S WX    SPD DR
================================================================================

 1  74  56  65  -7   0   0 0.00  0.0    0 10.7 17 300   M    M   6        26 330
 2  68  54  61 -11   4   0 0.54  0.0    0  9.8 20  90   M    M   8 1      26 100
 3  73  59  66  -6   0   1 0.46  0.0    0 14.0 22  90   M    M   8 18     27 100
 4  79  63  71  -1   0   6 0.00  0.0    0 13.7 24 180   M    M   3        28 190
 5  81  68  75   3   0  10 0.00  0.0    0 13.7 28 180   M    M   5        34 190
 6  74  62  68  -3   0   3 0.50  0.0    0  8.1 22 360   M    M  10 138    27 350
 7  74  61  68  -3   0   3    T  0.0    0 13.0 23 240   M    M   5        27 240
 8  75  59  67  -4   0   2 0.00  0.0    0 11.7 20 270   M    M   4        23 270
 9  72  56  64  -6   1   0 0.00  0.0    0 11.7 21 360   M    M   3        25 330
10  75  57  66  -4   0   1 0.00  0.0    0 10.1 22 360   M    M   3        28 360
11  80  56  68  -2   0   3 0.00  0.0    0  6.4 12  20   M    M   5        16 360
12  80  59  70   0   0   5 0.00  0.0    0  6.2 13 190   M    M   8        15 220
13  80  61  71   2   0   6 0.40  0.0    0  8.2 16 180   M    M   6 13     21 180
14  79  67  73   4   0   8    T  0.0    0  8.1 20 190   M    M   8 12     24 180
15  81  66  74   6   0   9 0.00  0.0    0  6.3 14 190   M    M   5 1      17 190
16  79  68  74   6   0   9 0.00  0.0    0  5.4 14 160   M    M   7 128    17 160
17  78  67  73   5   0   8 0.00  0.0    0  4.8 13 140   M    M   7 1      16 150
18  77  67  72   5   0   7    T  0.0    0  9.7 15  40   M    M  10 1      21  60
19  77  69  73   6   0   8 0.26  0.0    0 18.7 29  40   M    M   9 1      39  30
20  81  71  76   9   0  11 0.00  0.0    0 17.0 28  10   M    M   8        33 360
21  81  71  76  10   0  11 0.00  0.0    0 13.6 22 350   M    M   8        27 350
22  83  67  75   9   0  10 0.00  0.0    0 18.0 25 350   M    M   7        32 350
================================================================================
SM 1701 1384         5 121  2.16     0.0 238.9          M      143
================================================================================
AV 77.3 62.9                              10.9 FASTST   M    M   7    MAX(MPH)
                                 MISC ---->  # 29  40               # 39   30
================================================================================
NOTES:
# LAST OF SEVERAL OCCURRENCES

COLUMN 17 PEAK WIND IN M.P.H.

PRELIMINARY LOCAL CLIMATOLOGICAL DATA (WS FORM: F-6) , PAGE 2

                                          STATION:  KENNEDY NY
                                          MONTH:    SEPTEMBER
                                          YEAR:     2017
                                          LATITUDE:   40 39 N
                                          LONGITUDE:  73 47 W

[TEMPERATURE DATA]      [PRECIPITATION DATA]       SYMBOLS USED IN COLUMN 16

AVERAGE MONTHLY: 70.1   TOTAL FOR MONTH:   2.16    1 = FOG OR MIST
DPTR FM NORMAL:   0.7   DPTR FM NORMAL:   -0.32    2 = FOG REDUCING VISIBILITY
HIGHEST:    83 ON 22    GRTST 24HR  0.54 ON  2- 2      TO 1/4 MILE OR LESS
LOWEST:     54 ON  2                               3 = THUNDER
                        SNOW, ICE PELLETS, HAIL    4 = ICE PELLETS
                        TOTAL MONTH:   0.0 INCH    5 = HAIL
                        GRTST 24HR     0.0         6 = FREEZING RAIN OR DRIZZLE
                        GRTST DEPTH:   0           7 = DUSTSTORM OR SANDSTORM:
                                                       VSBY 1/2 MILE OR LESS
                                                   8 = SMOKE OR HAZE
[NO. OF DAYS WITH]      [WEATHER - DAYS WITH]      9 = BLOWING SNOW
                                                   X = TORNADO
MAX 32 OR BELOW:   0    0.01 INCH OR MORE:   5
MAX 90 OR ABOVE:   0    0.10 INCH OR MORE:   5
MIN 32 OR BELOW:   0    0.50 INCH OR MORE:   2
MIN  0 OR BELOW:   0    1.00 INCH OR MORE:   0

[HDD (BASE 65) ]
TOTAL THIS MO.     5    CLEAR  (SCALE 0-3)   3
DPTR FM NORMAL    -9    PTCLDY (SCALE 4-7)  15
TOTAL FM JUL 1     5    CLOUDY (SCALE 8-10)  4
DPTR FM NORMAL   -10

[CDD (BASE 65) ]
TOTAL THIS MO.   121
DPTR FM NORMAL     6    [PRESSURE DATA]
TOTAL FM JAN 1  1044    HIGHEST SLP M ON M
DPTR FM NORMAL    68    LOWEST  SLP 29.70 ON  5

[REMARKS]
