000
CXUS55 KJKL 010800
CF6JKL
PRELIMINARY LOCAL CLIMATOLOGICAL DATA (WS FORM: F-6)

                                          STATION:   JACKSON KY
                                          MONTH:     APRIL
                                          YEAR:      2016
                                          LATITUDE:   37 35 N
                                          LONGITUDE:  83 19 W

  TEMPERATURE IN F:       :PCPN:    SNOW:  WIND      :SUNSHINE: SKY     :PK WND
================================================================================
1   2   3   4   5  6A  6B    7    8   9   10  11  12  13   14  15   16   17  18
                                     12Z  AVG MX 2MIN
DY MAX MIN AVG DEP HDD CDD  WTR  SNW DPTH SPD SPD DIR MIN PSBL S-S WX    SPD DR
================================================================================

 1  69  53  61   8   4   0    T  0.0    0  5.8 16 280   M    M   5        25 230
 2  58  37  48  -5  17   0    T  0.0    0  9.0 29 250   M    M   7        53 260
 3  63  30  47  -7  18   0 0.00  0.0    0  4.7 13 320   M    M   0        20 320
 4  73  40  57   3   8   0    T  0.0    0  7.0 20 280   M    M   4        32 290
 5  51  32  42 -12  23   0 0.00  0.0    0  3.4 12 140   M    M   4 8      16 130
 6  64  35  50  -4  15   0 0.27  0.0    0  7.2 18 190   M    M   3 18     33 180
 7  52  41  47  -8  18   0 0.17  0.0    0  9.2 23 280   M    M  10 1      38 260
 8  49  33  41 -14  24   0 0.13    T    0  5.4 25 300   M    M   7 1      37 320
 9  44  30  37 -19  28   0 0.01  0.1    T  8.5 20 260   M    M   6 8      28 270
10  64  29  47  -9  18   0    T  0.0    0  4.7 12 190   M    M   7        19 200
11  74  53  64   8   1   0 0.07  0.0    0  7.2 17 180   M    M   4 1      29 170
12  60  42  51  -5  14   0 0.09  0.0    0  3.9 15 330   M    M   4 1      22 350
13  71  37  54  -3  11   0 0.00  0.0    0  3.6  9 120   M    M   0        14  30
14  75  45  60   3   5   0 0.00  0.0    0  3.4  8  50   M    M   1        14  40
15  78  55  67  10   0   2 0.00  0.0    0  4.2  9 130   M    M   3        13 150
16  76  52  64   6   1   0 0.00  0.0    0  3.4  9 140   M    M   0        16  90
17  82  53  68  10   0   3 0.00  0.0    0  1.8  9  80   M    M   0        14  80
18  86  54  70  12   0   5 0.00  0.0    0  2.6  9 330   M    M   0        16 320
19  83  59  71  13   0   6 0.00  0.0    0  3.2  9 330   M    M   1        15 290
20  86  59  73  14   0   8    T  0.0    0  2.8  9 130   M    M   2        14 160
21  78  57  68   9   0   3 0.03  0.0    0  4.6 14 290   M    M   4        23 250
22  69  51  60   1   5   0 0.41  0.0    0  2.0 13 250   M    M   7 123    24 230
23  65  51  58  -2   7   0 0.00  0.0    0  3.2  9 340   M    M   6 18     13 310
24  81  46  64   4   1   0 0.00  0.0    0  1.3  7 280   M    M   0 1      13 210
25  82  58  70  10   0   5 0.00  0.0    0  3.7 13 250   M    M   3        20 170
26  84  61  73  13   0   8 0.42  0.0    0  3.8 18 290   M    M   5 13     30 270
27  70  60  65   4   0   0 0.60  0.0    0  1.9 13 140   M    M   8 123    22 200
28  81  59  70   9   0   5 0.74  0.0    0  4.4 14 250   M    M   5 123    27 250
29  76  56  66   5   0   1 0.00  0.0    0  2.6 13 300   M    M   0        18 280
30  62  56  59  -2   6   0 0.88  0.0    0  2.1  7 140   M    M   8 123    13  40
================================================================================
SM 2106 1424       224  46  3.82     0.1 130.6          M      114
================================================================================
AV 70.2 47.5                               4.4 FASTST   M    M   4    MAX(MPH)
                                 MISC ---->  # 29 250               # 53  260
================================================================================
NOTES:
# LAST OF SEVERAL OCCURRENCES

COLUMN 17 PEAK WIND IN M.P.H.

PRELIMINARY LOCAL CLIMATOLOGICAL DATA (WS FORM: F-6) , PAGE 2

                                          STATION:  JACKSON KY
                                          MONTH:    APRIL
                                          YEAR:     2016
                                          LATITUDE:   37 35 N
                                          LONGITUDE:  83 19 W

[TEMPERATURE DATA]      [PRECIPITATION DATA]       SYMBOLS USED IN COLUMN 16

AVERAGE MONTHLY: 58.8   TOTAL FOR MONTH:   3.82    1 = FOG OR MIST
DPTR FM NORMAL:   1.4   DPTR FM NORMAL:   -0.01    2 = FOG REDUCING VISIBILITY
HIGHEST:    86 ON 20,18 GRTST 24HR  1.24 ON 27-28      TO 1/4 MILE OR LESS
LOWEST:     29 ON 10                               3 = THUNDER
                        SNOW, ICE PELLETS, HAIL    4 = ICE PELLETS
                        TOTAL MONTH:   0.1 INCH    5 = HAIL
                        GRTST 24HR   0.1 ON   M    6 = FREEZING RAIN OR DRIZZLE
                        GRTST DEPTH:   T           7 = DUSTSTORM OR SANDSTORM:
                                                       VSBY 1/2 MILE OR LESS
                                                   8 = SMOKE OR HAZE
[NO. OF DAYS WITH]      [WEATHER - DAYS WITH]      9 = BLOWING SNOW
                                                   X = TORNADO
MAX 32 OR BELOW:   0    0.01 INCH OR MORE:  12
MAX 90 OR ABOVE:   0    0.10 INCH OR MORE:   8
MIN 32 OR BELOW:   4    0.50 INCH OR MORE:   3
MIN  0 OR BELOW:   0    1.00 INCH OR MORE:   0

[HDD (BASE 65) ]
TOTAL THIS MO.   224    CLEAR  (SCALE 0-3)  13
DPTR FM NORMAL   -44    PTCLDY (SCALE 4-7)  16
TOTAL FM JUL 1  3317    CLOUDY (SCALE 8-10)  1
DPTR FM NORMAL  -804

[CDD (BASE 65) ]
TOTAL THIS MO.    46
DPTR FM NORMAL     7    [PRESSURE DATA]
TOTAL FM JAN 1    54    HIGHEST SLP 30.42 ON  5
DPTR FM NORMAL     8    LOWEST  SLP 29.59 ON  1

[REMARKS]
#FINAL-04-16#
