000
CXUS53 KBIS 290731
CF6JMS
PRELIMINARY LOCAL CLIMATOLOGICAL DATA (WS FORM: F-6)

                                          STATION:   JAMESTOWN ND
                                          MONTH:     APRIL
                                          YEAR:      2016
                                          LATITUDE:   46 55 N
                                          LONGITUDE:  98 40 W

  TEMPERATURE IN F:       :PCPN:    SNOW:  WIND      :SUNSHINE: SKY     :PK WND
================================================================================
1   2   3   4   5  6A  6B    7    8   9   10  11  12  13   14  15   16   17  18
                                     12Z  AVG MX 2MIN
DY MAX MIN AVG DEP HDD CDD  WTR  SNW DPTH SPD SPD DIR MIN PSBL S-S WX    SPD DR
================================================================================

 1  44  22  33  -2  32   0    T    M    M 18.1 40 330   M    M   7        48 340
 2  47  19  33  -3  32   0 0.00    M    M 12.2 25  10   M    M   2        30 350
 3  52  24  38   2  27   0 0.00    M    M 15.0 26 330   M    M   2        31 340
 4  44  23  34  -3  31   0 0.00    M    M  9.2 18 130   M    M   6        22 120
 5  61  30  46   9  19   0 0.01    M    M 12.7 24 180   M    M   5        29 180
 6  40  33  37  -1  28   0 0.09    M    M 12.1 23 340   M    M   9 1      29 340
 7  47  31  39   1  26   0    T    M    M 20.5 35 330   M    M   8 1      44 320
 8  35  19  27 -12  38   0 0.00    M    M 14.0 29 350   M    M   1        46 360
 9  57  19  38  -2  27   0 0.00    M    M 22.3 43 170   M    M   1        51 170
10  44  27  36  -4  29   0    T    M    M 21.5 36 330   M    M   6        47 310
11  39  21  30 -10  35   0 0.00    M    M 13.4 25 350   M    M   1        30 330
12  52  18  35  -6  30   0    T    M    M 11.4 24 180   M    M   2        30 170
13  67  19  43   1  22   0 0.00    M    M  7.9 26 300   M    M   0 18     34 290
14  68  44  56  14   9   0    T    M    M  9.3 17  90   M    M   4        21  90
15  70  42  56  14   9   0 0.04    M    M 18.4 30 180   M    M   7        37 180
16  43  35  39  -4  26   0 0.40    M    M 15.0 22 350   M    M  10 1      26  10
17  44  35  40  -4  25   0 0.10    M    M 13.6 18  30   M    M  10 1      22  20
18  47  37  42  -2  23   0 0.13    M    M 17.9 24  70   M    M  10 1      31  40
19  52  45  49   5  16   0 0.16    M    M  9.9 23  80   M    M  10 12     29  80
20  64  46  55  10  10   0 0.00    M    M  3.5  9 200   M    M   8 12     11 190
21  53  32  43  -2  22   0 0.00    M    M 16.2 30 350   M    M   1        36 360
22  62  26  44  -2  21   0 0.00    M    M  9.7 21 120   M    M   0        26 150
23  69  44  57  11   8   0 0.05    M    M 20.1 32 110   M    M   2 3      39 100
24  48  41  45  -2  20   0 0.94    M    M 24.1 32  70   M    M   9 13     40  70
25  42  38  40  -7  25   0 0.65    M    M 18.0 25  40   M    M  10 1      31  40
26  41  36  39  -9  26   0    T    M    M 11.7 20  60   M    M   9 1      24  60
27  52  39  46  -2  19   0    T    M    M 14.0 30  60   M    M   6        35  60
28  57  37  47  -1  18   0 0.00    M    M 10.8 23  70   M    M   8        30  70
================================================================================
SM 1441  882       653   0  2.57    M    402.5          M      154
================================================================================
AV 51.5 31.5                              14.4 FASTST   M    M   6    MAX(MPH)
                                 MISC ---->  # 43 170               # 51  170
================================================================================
NOTES:
# LAST OF SEVERAL OCCURRENCES

COLUMN 17 PEAK WIND IN M.P.H.

PRELIMINARY LOCAL CLIMATOLOGICAL DATA (WS FORM: F-6) , PAGE 2

                                          STATION:  JAMESTOWN ND
                                          MONTH:    APRIL
                                          YEAR:     2016
                                          LATITUDE:   46 55 N
                                          LONGITUDE:  98 40 W

[TEMPERATURE DATA]      [PRECIPITATION DATA]       SYMBOLS USED IN COLUMN 16

AVERAGE MONTHLY: 41.5   TOTAL FOR MONTH:   2.57    1 = FOG OR MIST
DPTR FM NORMAL:  -0.6   DPTR FM NORMAL:    1.50    2 = FOG REDUCING VISIBILITY
HIGHEST:    70 ON 15    GRTST 24HR  1.53 ON 24-25      TO 1/4 MILE OR LESS
LOWEST:     18 ON 12                               3 = THUNDER
                        SNOW, ICE PELLETS, HAIL    4 = ICE PELLETS
                        TOTAL MONTH:    M          5 = HAIL
                        GRTST 24HR    M  ON   M    6 = FREEZING RAIN OR DRIZZLE
                        GRTST DEPTH:  M  ON   M    7 = DUSTSTORM OR SANDSTORM:
                                                       VSBY 1/2 MILE OR LESS
                                                   8 = SMOKE OR HAZE
[NO. OF DAYS WITH]      [WEATHER - DAYS WITH]      9 = BLOWING SNOW
                                                   X = TORNADO
MAX 32 OR BELOW:   0    0.01 INCH OR MORE:  10
MAX 90 OR ABOVE:   0    0.10 INCH OR MORE:   6
MIN 32 OR BELOW:  14    0.50 INCH OR MORE:   2
MIN  0 OR BELOW:   0    1.00 INCH OR MORE:   0

[HDD (BASE 65) ]
TOTAL THIS MO.   653    CLEAR  (SCALE 0-3)  10
DPTR FM NORMAL     8    PTCLDY (SCALE 4-7)   9
TOTAL FM JUL 1  7253    CLOUDY (SCALE 8-10)  9
DPTR FM NORMAL -1312

[CDD (BASE 65) ]
TOTAL THIS MO.     0
DPTR FM NORMAL     0    [PRESSURE DATA]
TOTAL FM JAN 1     0    HIGHEST SLP M ON M
DPTR FM NORMAL     0    LOWEST  SLP 29.36 ON  9

[REMARKS]
